{"version":"1.0","provider_name":"Paroisse r\u00e9form\u00e9e de La BARC","provider_url":"https:\/\/www.eren.ch\/barc","title":"Culte cantonal en images","type":"rich","width":600,"height":338,"html":"<blockquote class=\"wp-embedded-content\" data-secret=\"Di7B8dX0UU\"><a href=\"https:\/\/www.eren.ch\/barc\/2019\/09\/06\/photos-culte-cantonal-2019\/\">Culte cantonal en images<\/a><\/blockquote><iframe sandbox=\"allow-scripts\" security=\"restricted\" src=\"https:\/\/www.eren.ch\/barc\/2019\/09\/06\/photos-culte-cantonal-2019\/embed\/#?secret=Di7B8dX0UU\" width=\"600\" height=\"338\" title=\"\u00ab\u00a0Culte cantonal en images\u00a0\u00bb &#8212; Paroisse r\u00e9form\u00e9e de La BARC\" data-secret=\"Di7B8dX0UU\" frameborder=\"0\" marginwidth=\"0\" marginheight=\"0\" scrolling=\"no\" class=\"wp-embedded-content\"><\/iframe><script>\n\/*! This file is auto-generated *\/\n!function(d,l){\"use strict\";l.querySelector&&d.addEventListener&&\"undefined\"!=typeof URL&&(d.wp=d.wp||{},d.wp.receiveEmbedMessage||(d.wp.receiveEmbedMessage=function(e){var t=e.data;if((t||t.secret||t.message||t.value)&&!\/[^a-zA-Z0-9]\/.test(t.secret)){for(var s,r,n,a=l.querySelectorAll('iframe[data-secret=\"'+t.secret+'\"]'),o=l.querySelectorAll('blockquote[data-secret=\"'+t.secret+'\"]'),c=new RegExp(\"^https?:$\",\"i\"),i=0;i<o.length;i++)o[i].style.display=\"none\";for(i=0;i<a.length;i++)s=a[i],e.source===s.contentWindow&&(s.removeAttribute(\"style\"),\"height\"===t.message?(1e3<(r=parseInt(t.value,10))?r=1e3:~~r<200&&(r=200),s.height=r):\"link\"===t.message&&(r=new URL(s.getAttribute(\"src\")),n=new URL(t.value),c.test(n.protocol))&&n.host===r.host&&l.activeElement===s&&(d.top.location.href=t.value))}},d.addEventListener(\"message\",d.wp.receiveEmbedMessage,!1),l.addEventListener(\"DOMContentLoaded\",function(){for(var e,t,s=l.querySelectorAll(\"iframe.wp-embedded-content\"),r=0;r<s.length;r++)(t=(e=s[r]).getAttribute(\"data-secret\"))||(t=Math.random().toString(36).substring(2,12),e.src+=\"#?secret=\"+t,e.setAttribute(\"data-secret\",t)),e.contentWindow.postMessage({message:\"ready\",secret:t},\"*\")},!1)))}(window,document);\n\/\/# sourceURL=https:\/\/www.eren.ch\/barc\/wp-includes\/js\/wp-embed.min.js\n<\/script>\n","description":"Retour en images sur le culte cantonal qui a r\u00e9uni la communaut\u00e9 r\u00e9form\u00e9e du canton dimanche dernier \u00e0 Planeyse. C'\u00e9tait un honneur pour la paroisse de La Retour en images sur le culte cantonal de l'Eglise r\u00e9form\u00e9e \u00e9vang\u00e9lique du canton de Neuch\u00e2tel EREN.","thumbnail_url":"https:\/\/www.eren.ch\/barc\/wp-content\/uploads\/sites\/4\/2019\/09\/DSC_0229-150x150.jpg"}

Paroisse réformée de La BARC

<blockquote class="wp-embedded-content" data-secret="Di7B8dX0UU"><a href="https://www.eren.ch/barc/2019/09/06/photos-culte-cantonal-2019/">Culte cantonal en images</a></blockquote><iframe sandbox="allow-scripts" security="restricted" src="https://www.eren.ch/barc/2019/09/06/photos-culte-cantonal-2019/embed/#?secret=Di7B8dX0UU" width="600" height="338" title="« Culte cantonal en images » &#8212; Paroisse réformée de La BARC" data-secret="Di7B8dX0UU" frameborder="0" marginwidth="0" marginheight="0" scrolling="no" class="wp-embedded-content"></iframe><script>
/*! This file is auto-generated */
!function(d,l){"use strict";l.querySelector&&d.addEventListener&&"undefined"!=typeof URL&&(d.wp=d.wp||{},d.wp.receiveEmbedMessage||(d.wp.receiveEmbedMessage=function(e){var t=e.data;if((t||t.secret||t.message||t.value)&&!/[^a-zA-Z0-9]/.test(t.secret)){for(var s,r,n,a=l.querySelectorAll('iframe[data-secret="'+t.secret+'"]'),o=l.querySelectorAll('blockquote[data-secret="'+t.secret+'"]'),c=new RegExp("^https?:$","i"),i=0;i<o.length;i++)o[i].style.display="none";for(i=0;i<a.length;i++)s=a[i],e.source===s.contentWindow&&(s.removeAttribute("style"),"height"===t.message?(1e3<(r=parseInt(t.value,10))?r=1e3:~~r<200&&(r=200),s.height=r):"link"===t.message&&(r=new URL(s.getAttribute("src")),n=new URL(t.value),c.test(n.protocol))&&n.host===r.host&&l.activeElement===s&&(d.top.location.href=t.value))}},d.addEventListener("message",d.wp.receiveEmbedMessage,!1),l.addEventListener("DOMContentLoaded",function(){for(var e,t,s=l.querySelectorAll("iframe.wp-embedded-content"),r=0;r<s.length;r++)(t=(e=s[r]).getAttribute("data-secret"))||(t=Math.random().toString(36).substring(2,12),e.src+="#?secret="+t,e.setAttribute("data-secret",t)),e.contentWindow.postMessage({message:"ready",secret:t},"*")},!1)))}(window,document);
//# sourceURL=https://www.eren.ch/barc/wp-includes/js/wp-embed.min.js
</script>

Retour en images sur le culte cantonal qui a réuni la communauté réformée du canton dimanche dernier à Planeyse. C'était un honneur pour la paroisse de La Retour en images sur le culte cantonal de l'Eglise réformée évangélique du canton de Neuchâtel EREN.
