{"id":41,"date":"2016-05-12T20:28:26","date_gmt":"2016-05-12T18:28:26","guid":{"rendered":"https:\/\/www.eren.ch\/barc\/?page_id=41"},"modified":"2021-10-30T12:05:05","modified_gmt":"2021-10-30T10:05:05","slug":"temple-auvernier","status":"publish","type":"page","link":"https:\/\/www.eren.ch\/barc\/batiments\/temple-auvernier\/","title":{"rendered":"Temple d&rsquo;Auvernier"},"content":{"rendered":"<p>Le village d&rsquo;Auvernier n\u2019avait pas de lieu de culte propre avant la construction d\u2019une chapelle, d\u00e9di\u00e9e \u00e0 Saint-Nicolas en 1478, dans le haut du village. <a href=\"https:\/\/www.eren.ch\/barc\/lieux-de-vie\/auvernier\/\">Auvernier<\/a> \u00e9tait rattach\u00e9 \u00e0 la paroisse de <a href=\"https:\/\/www.eren.ch\/barc\/lieux-de-vie\/colombier\/\">Colombier<\/a> (jusqu\u2019en 1878). En 1598-99, la chapelle est dot\u00e9e d\u2019une tour et \u00e9largie en direction du nord. Puis le temple d&rsquo;Auvernier b\u00e9n\u00e9ficie d&rsquo;un second agrandissement en 1709 en direction du sud.<\/p>\n<p>Entre 1890 et 1899, une importante restauration a lieu sous la direction de l\u2019architecte Henri Chable, suivie d\u2019une compl\u00e8te r\u00e9fection du d\u00e9cor int\u00e9rieur en 1929. Son implantation et les transformations successives donnent au temple d&rsquo;Auvernier une forme tr\u00e8s irr\u00e9guli\u00e8re. Ainsi, sa nef plus large que profonde fait suite \u00e0 un ch\u0153ur \u00e9troit et allong\u00e9.<\/p>\n<p>A l\u2019int\u00e9rieur, la pierre tombale du pasteur <a href=\"https:\/\/fr.wikipedia.org\/wiki\/Henri-David_de_Chaillet\">Henri-David de Chaillet<\/a> se trouve plac\u00e9e entre la chaire de 1709 et une originale armoire d\u2019archives en forme de po\u00eale dat\u00e9e de 1764.<\/p>\n<p>Jules Courvoisier a sign\u00e9 le vitrail du ch\u0153ur (1929), ainsi que les anges peints au-dessus de l\u2019arc d\u2019entr\u00e9e. Par la suite, Ivan Moscatelli a dessin\u00e9 les cinq autres vitraux qui ornent le temple d&rsquo;Auvernier depuis 1995.<\/p>\n<p><strong>Ouvert\/ferm\u00e9\u00a0: <\/strong>ouvert<br \/>\n<strong>Heures d&rsquo;ouverture\u00a0: <\/strong>la journ\u00e9e<br \/>\n<strong>Adresse compl\u00e8te:<\/strong> Temple d&rsquo;Auvernier, chemin des Rochettes 2, 2012 Auvernier, Suisse<br \/>\n<a href=\"https:\/\/goo.gl\/maps\/XYtn3Gd84jxZqgVNA\" target=\"_blank\" rel=\"noopener noreferrer\">Google Maps<\/a><\/p>\n<p><a href=\"https:\/\/www.eren.ch\/barc\/wp-content\/uploads\/sites\/4\/2018\/03\/DSCF3480.jpg\"><img decoding=\"async\" class=\"aligncenter wp-image-290 size-large\" src=\"https:\/\/www.eren.ch\/barc\/wp-content\/uploads\/sites\/4\/2018\/03\/DSCF3480-1024x683.jpg\" alt=\"Temple d'Auvernier (photo: Nicolas Friedli)\" width=\"840\" height=\"560\" srcset=\"https:\/\/www.eren.ch\/barc\/wp-content\/uploads\/sites\/4\/2018\/03\/DSCF3480-1024x683.jpg 1024w, https:\/\/www.eren.ch\/barc\/wp-content\/uploads\/sites\/4\/2018\/03\/DSCF3480-300x200.jpg 300w, https:\/\/www.eren.ch\/barc\/wp-content\/uploads\/sites\/4\/2018\/03\/DSCF3480-768x512.jpg 768w, https:\/\/www.eren.ch\/barc\/wp-content\/uploads\/sites\/4\/2018\/03\/DSCF3480-1200x800.jpg 1200w, https:\/\/www.eren.ch\/barc\/wp-content\/uploads\/sites\/4\/2018\/03\/DSCF3480.jpg 1500w\" sizes=\"(max-width: 709px) 85vw, (max-width: 909px) 67vw, (max-width: 1362px) 62vw, 840px\" \/><\/a><a href=\"https:\/\/www.eren.ch\/barc\/wp-content\/uploads\/sites\/4\/2018\/03\/DSCF3471.jpg\"><img decoding=\"async\" class=\"aligncenter wp-image-286 size-large\" src=\"https:\/\/www.eren.ch\/barc\/wp-content\/uploads\/sites\/4\/2018\/03\/DSCF3471-1024x680.jpg\" alt=\"Temple d'Auvernier (photo: Nicolas Friedli)\" width=\"840\" height=\"558\" srcset=\"https:\/\/www.eren.ch\/barc\/wp-content\/uploads\/sites\/4\/2018\/03\/DSCF3471-1024x680.jpg 1024w, https:\/\/www.eren.ch\/barc\/wp-content\/uploads\/sites\/4\/2018\/03\/DSCF3471-300x199.jpg 300w, https:\/\/www.eren.ch\/barc\/wp-content\/uploads\/sites\/4\/2018\/03\/DSCF3471-768x510.jpg 768w, https:\/\/www.eren.ch\/barc\/wp-content\/uploads\/sites\/4\/2018\/03\/DSCF3471-1200x797.jpg 1200w, https:\/\/www.eren.ch\/barc\/wp-content\/uploads\/sites\/4\/2018\/03\/DSCF3471.jpg 1500w\" sizes=\"(max-width: 709px) 85vw, (max-width: 909px) 67vw, (max-width: 1362px) 62vw, 840px\" \/><\/a> <a href=\"https:\/\/www.eren.ch\/barc\/wp-content\/uploads\/sites\/4\/2018\/03\/DSCF3468.jpg\"><img decoding=\"async\" class=\"aligncenter wp-image-284 size-large\" src=\"https:\/\/www.eren.ch\/barc\/wp-content\/uploads\/sites\/4\/2018\/03\/DSCF3468-681x1024.jpg\" alt=\"Temple d'Auvernier (photo: Nicolas Friedli)\" width=\"681\" height=\"1024\" srcset=\"https:\/\/www.eren.ch\/barc\/wp-content\/uploads\/sites\/4\/2018\/03\/DSCF3468-681x1024.jpg 681w, https:\/\/www.eren.ch\/barc\/wp-content\/uploads\/sites\/4\/2018\/03\/DSCF3468-199x300.jpg 199w, https:\/\/www.eren.ch\/barc\/wp-content\/uploads\/sites\/4\/2018\/03\/DSCF3468-768x1155.jpg 768w, https:\/\/www.eren.ch\/barc\/wp-content\/uploads\/sites\/4\/2018\/03\/DSCF3468.jpg 997w\" sizes=\"(max-width: 681px) 85vw, 681px\" \/><\/a> <a href=\"https:\/\/www.eren.ch\/barc\/wp-content\/uploads\/sites\/4\/2018\/03\/DSCF3466.jpg\"><img decoding=\"async\" class=\"aligncenter wp-image-283 size-large\" src=\"https:\/\/www.eren.ch\/barc\/wp-content\/uploads\/sites\/4\/2018\/03\/DSCF3466-1024x680.jpg\" alt=\"Temple d'Auvernier (photo: Nicolas Friedli)\" width=\"840\" height=\"558\" srcset=\"https:\/\/www.eren.ch\/barc\/wp-content\/uploads\/sites\/4\/2018\/03\/DSCF3466-1024x680.jpg 1024w, https:\/\/www.eren.ch\/barc\/wp-content\/uploads\/sites\/4\/2018\/03\/DSCF3466-300x199.jpg 300w, https:\/\/www.eren.ch\/barc\/wp-content\/uploads\/sites\/4\/2018\/03\/DSCF3466-768x510.jpg 768w, https:\/\/www.eren.ch\/barc\/wp-content\/uploads\/sites\/4\/2018\/03\/DSCF3466-1200x797.jpg 1200w, https:\/\/www.eren.ch\/barc\/wp-content\/uploads\/sites\/4\/2018\/03\/DSCF3466.jpg 1500w\" sizes=\"(max-width: 709px) 85vw, (max-width: 909px) 67vw, (max-width: 1362px) 62vw, 840px\" \/><\/a><\/p>\n<hr \/>\n<p>Voir aussi:<\/p>\n<ul>\n<li><a href=\"https:\/\/www.eren.ch\/barc\/batiments\/temple-de-bole\/\">Temple de B\u00f4le<\/a><\/li>\n<li><a href=\"https:\/\/www.eren.ch\/barc\/batiments\/chapelle-de-brot-dessous\/\">Chapelle de Brot-Dessous<\/a><\/li>\n<li><a href=\"https:\/\/www.eren.ch\/barc\/batiments\/temple-de-colombier\/\">Temple de Colombier<\/a><\/li>\n<li><a href=\"https:\/\/www.eren.ch\/barc\/batiments\/temple-de-rochefort\/\">Temple de Rochefort<\/a><\/li>\n<\/ul>\n","protected":false},"excerpt":{"rendered":"<p>Le village d&rsquo;Auvernier n\u2019avait pas de lieu de culte propre avant la construction d\u2019une chapelle, d\u00e9di\u00e9e \u00e0 Saint-Nicolas en 1478, dans le haut du village. Auvernier \u00e9tait rattach\u00e9 \u00e0 la paroisse de Colombier (jusqu\u2019en 1878). En 1598-99, la chapelle est dot\u00e9e d\u2019une tour et \u00e9largie en direction du nord. Puis le temple d&rsquo;Auvernier b\u00e9n\u00e9ficie d&rsquo;un &hellip; <a href=\"https:\/\/www.eren.ch\/barc\/batiments\/temple-auvernier\/\" class=\"more-link\">Continuer la lecture<span class=\"screen-reader-text\"> de &laquo;&nbsp;Temple d&rsquo;Auvernier&nbsp;&raquo;<\/span><\/a><\/p>\n","protected":false},"author":1,"featured_media":0,"parent":17,"menu_order":10,"comment_status":"closed","ping_status":"closed","template":"","meta":{"footnotes":""},"class_list":["post-41","page","type-page","status-publish","hentry"],"yoast_head":"<!-- This site is optimized with the Yoast SEO Premium plugin v27.6 (Yoast SEO v27.6) - https:\/\/yoast.com\/product\/yoast-seo-premium-wordpress\/ -->\n<title>Temple d&#039;Auvernier - Milvignes &#8226; Paroisse de La BARC<\/title>\n<meta name=\"description\" content=\"Le temple d&#039;Auvernier est situ\u00e9 dans le haut du village. Vitraux de Jules Courvoisier (1929) et Ivan Moscatelli (1995).\" \/>\n<meta name=\"robots\" content=\"index, follow, max-snippet:-1, max-image-preview:large, max-video-preview:-1\" \/>\n<link rel=\"canonical\" href=\"https:\/\/www.eren.ch\/barc\/batiments\/temple-auvernier\/\" \/>\n<meta property=\"og:locale\" content=\"fr_FR\" \/>\n<meta property=\"og:type\" content=\"article\" \/>\n<meta property=\"og:title\" content=\"Temple d&#039;Auvernier\" \/>\n<meta property=\"og:description\" content=\"Le temple d&#039;Auvernier est situ\u00e9 dans le haut du village. Vitraux de Jules Courvoisier (1929) et Ivan Moscatelli (1995).\" \/>\n<meta property=\"og:url\" content=\"https:\/\/www.eren.ch\/barc\/batiments\/temple-auvernier\/\" \/>\n<meta property=\"og:site_name\" content=\"Paroisse r\u00e9form\u00e9e de La BARC\" \/>\n<meta property=\"article:publisher\" content=\"https:\/\/www.facebook.com\/eglise.EREN\" \/>\n<meta property=\"article:modified_time\" content=\"2021-10-30T10:05:05+00:00\" \/>\n<meta property=\"og:image\" content=\"https:\/\/www.eren.ch\/barc\/wp-content\/uploads\/sites\/4\/2018\/03\/DSCF3480-1024x683.jpg\" \/>\n<meta name=\"twitter:card\" content=\"summary_large_image\" \/>\n<meta name=\"twitter:site\" content=\"@egliseeren\" \/>\n<meta name=\"twitter:label1\" content=\"Dur\u00e9e de lecture estim\u00e9e\" \/>\n\t<meta name=\"twitter:data1\" content=\"2 minutes\" \/>\n<script type=\"application\/ld+json\" class=\"yoast-schema-graph\">{\"@context\":\"https:\\\/\\\/schema.org\",\"@graph\":[{\"@type\":[\"WebPage\",\"RealEstateListing\"],\"@id\":\"https:\\\/\\\/www.eren.ch\\\/barc\\\/batiments\\\/temple-auvernier\\\/\",\"url\":\"https:\\\/\\\/www.eren.ch\\\/barc\\\/batiments\\\/temple-auvernier\\\/\",\"name\":\"Temple d'Auvernier - Milvignes &#8226; Paroisse de La BARC\",\"isPartOf\":{\"@id\":\"https:\\\/\\\/www.eren.ch\\\/barc\\\/#website\"},\"primaryImageOfPage\":{\"@id\":\"https:\\\/\\\/www.eren.ch\\\/barc\\\/batiments\\\/temple-auvernier\\\/#primaryimage\"},\"image\":{\"@id\":\"https:\\\/\\\/www.eren.ch\\\/barc\\\/batiments\\\/temple-auvernier\\\/#primaryimage\"},\"thumbnailUrl\":\"https:\\\/\\\/www.eren.ch\\\/barc\\\/wp-content\\\/uploads\\\/sites\\\/4\\\/2018\\\/03\\\/DSCF3480-1024x683.jpg\",\"datePublished\":\"2016-05-12T18:28:26+00:00\",\"dateModified\":\"2021-10-30T10:05:05+00:00\",\"description\":\"Le temple d'Auvernier est situ\u00e9 dans le haut du village. Vitraux de Jules Courvoisier (1929) et Ivan Moscatelli (1995).\",\"breadcrumb\":{\"@id\":\"https:\\\/\\\/www.eren.ch\\\/barc\\\/batiments\\\/temple-auvernier\\\/#breadcrumb\"},\"inLanguage\":\"fr-FR\",\"potentialAction\":[{\"@type\":\"ReadAction\",\"target\":[\"https:\\\/\\\/www.eren.ch\\\/barc\\\/batiments\\\/temple-auvernier\\\/\"]}]},{\"@type\":\"ImageObject\",\"inLanguage\":\"fr-FR\",\"@id\":\"https:\\\/\\\/www.eren.ch\\\/barc\\\/batiments\\\/temple-auvernier\\\/#primaryimage\",\"url\":\"https:\\\/\\\/www.eren.ch\\\/barc\\\/wp-content\\\/uploads\\\/sites\\\/4\\\/2018\\\/03\\\/DSCF3480.jpg\",\"contentUrl\":\"https:\\\/\\\/www.eren.ch\\\/barc\\\/wp-content\\\/uploads\\\/sites\\\/4\\\/2018\\\/03\\\/DSCF3480.jpg\",\"width\":1500,\"height\":1000},{\"@type\":\"BreadcrumbList\",\"@id\":\"https:\\\/\\\/www.eren.ch\\\/barc\\\/batiments\\\/temple-auvernier\\\/#breadcrumb\",\"itemListElement\":[{\"@type\":\"ListItem\",\"position\":1,\"name\":\"Accueil\",\"item\":\"https:\\\/\\\/www.eren.ch\\\/barc\\\/\"},{\"@type\":\"ListItem\",\"position\":2,\"name\":\"B\u00e2timents\",\"item\":\"https:\\\/\\\/www.eren.ch\\\/barc\\\/batiments\\\/\"},{\"@type\":\"ListItem\",\"position\":3,\"name\":\"Temple d&rsquo;Auvernier\"}]},{\"@type\":\"WebSite\",\"@id\":\"https:\\\/\\\/www.eren.ch\\\/barc\\\/#website\",\"url\":\"https:\\\/\\\/www.eren.ch\\\/barc\\\/\",\"name\":\"Paroisse r\u00e9form\u00e9e de La BARC\",\"description\":\"B\u00f4le - Auvernier - Rochefort - Colombier\",\"publisher\":{\"@id\":\"https:\\\/\\\/www.eren.ch\\\/barc\\\/#organization\"},\"potentialAction\":[{\"@type\":\"SearchAction\",\"target\":{\"@type\":\"EntryPoint\",\"urlTemplate\":\"https:\\\/\\\/www.eren.ch\\\/barc\\\/?s={search_term_string}\"},\"query-input\":{\"@type\":\"PropertyValueSpecification\",\"valueRequired\":true,\"valueName\":\"search_term_string\"}}],\"inLanguage\":\"fr-FR\"},{\"@type\":\"Organization\",\"@id\":\"https:\\\/\\\/www.eren.ch\\\/barc\\\/#organization\",\"name\":\"Paroisse de La BARC\",\"url\":\"https:\\\/\\\/www.eren.ch\\\/barc\\\/\",\"logo\":{\"@type\":\"ImageObject\",\"inLanguage\":\"fr-FR\",\"@id\":\"https:\\\/\\\/www.eren.ch\\\/barc\\\/#\\\/schema\\\/logo\\\/image\\\/\",\"url\":\"https:\\\/\\\/www.eren.ch\\\/barc\\\/wp-content\\\/uploads\\\/sites\\\/4\\\/2020\\\/12\\\/logo-barc.png\",\"contentUrl\":\"https:\\\/\\\/www.eren.ch\\\/barc\\\/wp-content\\\/uploads\\\/sites\\\/4\\\/2020\\\/12\\\/logo-barc.png\",\"width\":240,\"height\":117,\"caption\":\"Paroisse de La BARC\"},\"image\":{\"@id\":\"https:\\\/\\\/www.eren.ch\\\/barc\\\/#\\\/schema\\\/logo\\\/image\\\/\"},\"sameAs\":[\"https:\\\/\\\/www.facebook.com\\\/eglise.EREN\",\"https:\\\/\\\/x.com\\\/egliseeren\",\"https:\\\/\\\/fr.wikipedia.org\\\/wiki\\\/\u00c9glise_r\u00e9form\u00e9e_\u00e9vang\u00e9lique_du_canton_de_Neuch\u00e2tel\"]}]}<\/script>\n<!-- \/ Yoast SEO Premium plugin. -->","yoast_head_json":{"title":"Temple d'Auvernier - Milvignes &#8226; Paroisse de La BARC","description":"Le temple d'Auvernier est situ\u00e9 dans le haut du village. Vitraux de Jules Courvoisier (1929) et Ivan Moscatelli (1995).","robots":{"index":"index","follow":"follow","max-snippet":"max-snippet:-1","max-image-preview":"max-image-preview:large","max-video-preview":"max-video-preview:-1"},"canonical":"https:\/\/www.eren.ch\/barc\/batiments\/temple-auvernier\/","og_locale":"fr_FR","og_type":"article","og_title":"Temple d'Auvernier","og_description":"Le temple d'Auvernier est situ\u00e9 dans le haut du village. Vitraux de Jules Courvoisier (1929) et Ivan Moscatelli (1995).","og_url":"https:\/\/www.eren.ch\/barc\/batiments\/temple-auvernier\/","og_site_name":"Paroisse r\u00e9form\u00e9e de La BARC","article_publisher":"https:\/\/www.facebook.com\/eglise.EREN","article_modified_time":"2021-10-30T10:05:05+00:00","og_image":[{"url":"https:\/\/www.eren.ch\/barc\/wp-content\/uploads\/sites\/4\/2018\/03\/DSCF3480-1024x683.jpg","type":"","width":"","height":""}],"twitter_card":"summary_large_image","twitter_site":"@egliseeren","twitter_misc":{"Dur\u00e9e de lecture estim\u00e9e":"2 minutes"},"schema":{"@context":"https:\/\/schema.org","@graph":[{"@type":["WebPage","RealEstateListing"],"@id":"https:\/\/www.eren.ch\/barc\/batiments\/temple-auvernier\/","url":"https:\/\/www.eren.ch\/barc\/batiments\/temple-auvernier\/","name":"Temple d'Auvernier - Milvignes &#8226; Paroisse de La BARC","isPartOf":{"@id":"https:\/\/www.eren.ch\/barc\/#website"},"primaryImageOfPage":{"@id":"https:\/\/www.eren.ch\/barc\/batiments\/temple-auvernier\/#primaryimage"},"image":{"@id":"https:\/\/www.eren.ch\/barc\/batiments\/temple-auvernier\/#primaryimage"},"thumbnailUrl":"https:\/\/www.eren.ch\/barc\/wp-content\/uploads\/sites\/4\/2018\/03\/DSCF3480-1024x683.jpg","datePublished":"2016-05-12T18:28:26+00:00","dateModified":"2021-10-30T10:05:05+00:00","description":"Le temple d'Auvernier est situ\u00e9 dans le haut du village. Vitraux de Jules Courvoisier (1929) et Ivan Moscatelli (1995).","breadcrumb":{"@id":"https:\/\/www.eren.ch\/barc\/batiments\/temple-auvernier\/#breadcrumb"},"inLanguage":"fr-FR","potentialAction":[{"@type":"ReadAction","target":["https:\/\/www.eren.ch\/barc\/batiments\/temple-auvernier\/"]}]},{"@type":"ImageObject","inLanguage":"fr-FR","@id":"https:\/\/www.eren.ch\/barc\/batiments\/temple-auvernier\/#primaryimage","url":"https:\/\/www.eren.ch\/barc\/wp-content\/uploads\/sites\/4\/2018\/03\/DSCF3480.jpg","contentUrl":"https:\/\/www.eren.ch\/barc\/wp-content\/uploads\/sites\/4\/2018\/03\/DSCF3480.jpg","width":1500,"height":1000},{"@type":"BreadcrumbList","@id":"https:\/\/www.eren.ch\/barc\/batiments\/temple-auvernier\/#breadcrumb","itemListElement":[{"@type":"ListItem","position":1,"name":"Accueil","item":"https:\/\/www.eren.ch\/barc\/"},{"@type":"ListItem","position":2,"name":"B\u00e2timents","item":"https:\/\/www.eren.ch\/barc\/batiments\/"},{"@type":"ListItem","position":3,"name":"Temple d&rsquo;Auvernier"}]},{"@type":"WebSite","@id":"https:\/\/www.eren.ch\/barc\/#website","url":"https:\/\/www.eren.ch\/barc\/","name":"Paroisse r\u00e9form\u00e9e de La BARC","description":"B\u00f4le - Auvernier - Rochefort - Colombier","publisher":{"@id":"https:\/\/www.eren.ch\/barc\/#organization"},"potentialAction":[{"@type":"SearchAction","target":{"@type":"EntryPoint","urlTemplate":"https:\/\/www.eren.ch\/barc\/?s={search_term_string}"},"query-input":{"@type":"PropertyValueSpecification","valueRequired":true,"valueName":"search_term_string"}}],"inLanguage":"fr-FR"},{"@type":"Organization","@id":"https:\/\/www.eren.ch\/barc\/#organization","name":"Paroisse de La BARC","url":"https:\/\/www.eren.ch\/barc\/","logo":{"@type":"ImageObject","inLanguage":"fr-FR","@id":"https:\/\/www.eren.ch\/barc\/#\/schema\/logo\/image\/","url":"https:\/\/www.eren.ch\/barc\/wp-content\/uploads\/sites\/4\/2020\/12\/logo-barc.png","contentUrl":"https:\/\/www.eren.ch\/barc\/wp-content\/uploads\/sites\/4\/2020\/12\/logo-barc.png","width":240,"height":117,"caption":"Paroisse de La BARC"},"image":{"@id":"https:\/\/www.eren.ch\/barc\/#\/schema\/logo\/image\/"},"sameAs":["https:\/\/www.facebook.com\/eglise.EREN","https:\/\/x.com\/egliseeren","https:\/\/fr.wikipedia.org\/wiki\/\u00c9glise_r\u00e9form\u00e9e_\u00e9vang\u00e9lique_du_canton_de_Neuch\u00e2tel"]}]}},"_links":{"self":[{"href":"https:\/\/www.eren.ch\/barc\/wp-json\/wp\/v2\/pages\/41","targetHints":{"allow":["GET"]}}],"collection":[{"href":"https:\/\/www.eren.ch\/barc\/wp-json\/wp\/v2\/pages"}],"about":[{"href":"https:\/\/www.eren.ch\/barc\/wp-json\/wp\/v2\/types\/page"}],"author":[{"embeddable":true,"href":"https:\/\/www.eren.ch\/barc\/wp-json\/wp\/v2\/users\/1"}],"replies":[{"embeddable":true,"href":"https:\/\/www.eren.ch\/barc\/wp-json\/wp\/v2\/comments?post=41"}],"version-history":[{"count":5,"href":"https:\/\/www.eren.ch\/barc\/wp-json\/wp\/v2\/pages\/41\/revisions"}],"predecessor-version":[{"id":3179,"href":"https:\/\/www.eren.ch\/barc\/wp-json\/wp\/v2\/pages\/41\/revisions\/3179"}],"up":[{"embeddable":true,"href":"https:\/\/www.eren.ch\/barc\/wp-json\/wp\/v2\/pages\/17"}],"wp:attachment":[{"href":"https:\/\/www.eren.ch\/barc\/wp-json\/wp\/v2\/media?parent=41"}],"curies":[{"name":"wp","href":"https:\/\/api.w.org\/{rel}","templated":true}]}}