{"id":4483,"date":"2023-11-07T07:56:23","date_gmt":"2023-11-07T06:56:23","guid":{"rendered":"https:\/\/www.eren.ch\/barc\/?page_id=4483"},"modified":"2026-03-16T09:00:35","modified_gmt":"2026-03-16T08:00:35","slug":"journal-la-barc","status":"publish","type":"page","link":"https:\/\/www.eren.ch\/barc\/journal-la-barc\/","title":{"rendered":"La BARC (journal paroissial)"},"content":{"rendered":"\n<p><a href=\"https:\/\/www.eren.ch\/barc\/wp-content\/uploads\/sites\/4\/2026\/03\/BARC66DEF.pdf\">N\u00b066 &#8211; Mars 26<\/a><\/p>\n\n\n\n<p><a href=\"https:\/\/www.eren.ch\/barc\/wp-content\/uploads\/sites\/4\/2025\/11\/BARC65-Noel-25def.pdf\">N\u00b065 &#8211; D\u00e9cembre 25<\/a><\/p>\n\n\n\n<p><a href=\"https:\/\/www.eren.ch\/barc\/wp-content\/uploads\/sites\/4\/2025\/08\/BARC64DEF.pdf\">N\u00b064 &#8211; Septembre 25<\/a><\/p>\n\n\n\n<p><a href=\"https:\/\/www.eren.ch\/barc\/wp-content\/uploads\/sites\/4\/2025\/04\/BARC63.pdf\">N\u00b063 &#8211; Mars 25<\/a><\/p>\n\n\n\n<p><a href=\"https:\/\/www.eren.ch\/barc\/wp-content\/uploads\/sites\/4\/2024\/12\/BARC62-Noel-24.pdf\">N\u00b062 &#8211; D\u00e9cembre 24<\/a><\/p>\n\n\n<div class=\"page\" title=\"Page 1\">\n<div class=\"layoutArea\">\n<div class=\"column\">\n<div class=\"page\" title=\"Page 1\">\n<div class=\"layoutArea\">\n<div class=\"column\">\n<div class=\"page\" title=\"Page 1\">\n<div class=\"section\">\n<div class=\"layoutArea\">\n<div class=\"column\">\n<div class=\"page\" title=\"Page 1\">\n<div class=\"section\">\n<div class=\"layoutArea\">\n<div class=\"column\">\n<div class=\"page\" title=\"Page 1\">\n<div class=\"layoutArea\">\n<div class=\"column\">\n<p><a href=\"https:\/\/www.eren.ch\/barc\/wp-content\/uploads\/sites\/4\/2024\/09\/BARC61.pdf\">N\u00b0 61 &#8211; Septembre 2024<\/a><\/p>\n<p><a href=\"https:\/\/www.eren.ch\/barc\/wp-content\/uploads\/sites\/4\/2024\/03\/BARC60.pdf\">N\u00b0 60 &#8211; Mars 2024<\/a><\/p>\n<p><a href=\"https:\/\/www.eren.ch\/barc\/wp-content\/uploads\/sites\/4\/2023\/11\/BARC59-Noel-23.pdf\">N\u00b0 59 &#8211; D\u00e9cembre 2023<\/a><\/p>\n<p><a style=\"font-size: revert\" href=\"https:\/\/www.eren.ch\/barc\/wp-content\/uploads\/sites\/4\/2023\/08\/BARC58definitif1.pdf\">N\u00b0 58 &#8211; Septembre 2023<\/a><\/p>\n<\/div>\n<\/div>\n<\/div>\n<\/div>\n<\/div>\n<\/div>\n<\/div>\n<\/div>\n<\/div>\n<\/div>\n<\/div>\n<\/div>\n<\/div>\n<\/div>\n<p><a href=\"https:\/\/www.eren.ch\/barc\/wp-content\/uploads\/sites\/4\/2023\/11\/BARC57-2.pdf\">N\u00b0 57 &#8211; Mars 2023<\/a><\/p>\n<p><a href=\"https:\/\/www.eren.ch\/barc\/wp-content\/uploads\/sites\/4\/2023\/11\/BARC56.pdf\">N\u00b0 56 &#8211; Novembre 2022<\/a><\/p>\n<p><a href=\"https:\/\/www.eren.ch\/barc\/wp-content\/uploads\/sites\/4\/2023\/11\/BARC55qu.pdf\">N\u00b0 55 &#8211; Hiver 2021-2022<\/a><\/p>\n<p><a href=\"https:\/\/www.eren.ch\/barc\/wp-content\/uploads\/sites\/4\/2023\/11\/BARC54ter.pdf\">N\u00b0 54 &#8211; Automne 2021<\/a><\/p>\n<\/div>\n<\/div>\n<\/div>","protected":false},"excerpt":{"rendered":"<p>N\u00b066 &#8211; Mars 26 N\u00b065 &#8211; D\u00e9cembre 25 N\u00b064 &#8211; Septembre 25 N\u00b063 &#8211; Mars 25 N\u00b062 &#8211; D\u00e9cembre 24 N\u00b0 61 &#8211; Septembre 2024 N\u00b0 60 &#8211; Mars 2024 N\u00b0 59 &#8211; D\u00e9cembre 2023 N\u00b0 58 &#8211; Septembre 2023 N\u00b0 57 &#8211; Mars 2023 N\u00b0 56 &#8211; Novembre 2022 N\u00b0 55 &#8211; Hiver 2021-2022 &hellip; <a href=\"https:\/\/www.eren.ch\/barc\/journal-la-barc\/\" class=\"more-link\">Continuer la lecture<span class=\"screen-reader-text\"> de &laquo;&nbsp;La BARC (journal paroissial)&nbsp;&raquo;<\/span><\/a><\/p>\n","protected":false},"author":19,"featured_media":0,"parent":0,"menu_order":0,"comment_status":"closed","ping_status":"closed","template":"","meta":{"footnotes":""},"class_list":["post-4483","page","type-page","status-publish","hentry"],"yoast_head":"<!-- This site is optimized with the Yoast SEO Premium plugin v27.3 (Yoast SEO v27.3) - https:\/\/yoast.com\/product\/yoast-seo-premium-wordpress\/ -->\n<title>La BARC (journal paroissial) &#8226; Paroisse r\u00e9form\u00e9e de La BARC<\/title>\n<meta name=\"description\" content=\"N\u00b066 - Mars 26 N\u00b065 - D\u00e9cembre 25 N\u00b064 - Septembre 25 N\u00b063 - Mars 25 N\u00b062 - D\u00e9cembre 24 N\u00b0 61 - Septembre 2024 N\u00b0 60 - Mars 2024 N\u00b0 59 - D\u00e9cembre 2023 N\u00b0\" \/>\n<meta name=\"robots\" content=\"index, follow, max-snippet:-1, max-image-preview:large, max-video-preview:-1\" \/>\n<link rel=\"canonical\" href=\"https:\/\/www.eren.ch\/barc\/journal-la-barc\/\" \/>\n<meta property=\"og:locale\" content=\"fr_FR\" \/>\n<meta property=\"og:type\" content=\"article\" \/>\n<meta property=\"og:title\" content=\"La BARC (journal paroissial)\" \/>\n<meta property=\"og:description\" content=\"N\u00b066 - Mars 26 N\u00b065 - D\u00e9cembre 25 N\u00b064 - Septembre 25 N\u00b063 - Mars 25 N\u00b062 - D\u00e9cembre 24 N\u00b0 61 - Septembre 2024 N\u00b0 60 - Mars 2024 N\u00b0 59 - D\u00e9cembre 2023 N\u00b0\" \/>\n<meta property=\"og:url\" content=\"https:\/\/www.eren.ch\/barc\/journal-la-barc\/\" \/>\n<meta property=\"og:site_name\" content=\"Paroisse r\u00e9form\u00e9e de La BARC\" \/>\n<meta property=\"article:publisher\" content=\"https:\/\/www.facebook.com\/eglise.EREN\" \/>\n<meta property=\"article:modified_time\" content=\"2026-03-16T08:00:35+00:00\" \/>\n<meta name=\"twitter:card\" content=\"summary_large_image\" \/>\n<meta name=\"twitter:site\" content=\"@egliseeren\" \/>\n<meta name=\"twitter:label1\" content=\"Dur\u00e9e de lecture estim\u00e9e\" \/>\n\t<meta name=\"twitter:data1\" content=\"1 minute\" \/>\n<script type=\"application\/ld+json\" class=\"yoast-schema-graph\">{\"@context\":\"https:\\\/\\\/schema.org\",\"@graph\":[{\"@type\":\"WebPage\",\"@id\":\"https:\\\/\\\/www.eren.ch\\\/barc\\\/journal-la-barc\\\/\",\"url\":\"https:\\\/\\\/www.eren.ch\\\/barc\\\/journal-la-barc\\\/\",\"name\":\"La BARC (journal paroissial) &#8226; Paroisse r\u00e9form\u00e9e de La BARC\",\"isPartOf\":{\"@id\":\"https:\\\/\\\/www.eren.ch\\\/barc\\\/#website\"},\"datePublished\":\"2023-11-07T06:56:23+00:00\",\"dateModified\":\"2026-03-16T08:00:35+00:00\",\"description\":\"N\u00b066 - Mars 26 N\u00b065 - D\u00e9cembre 25 N\u00b064 - Septembre 25 N\u00b063 - Mars 25 N\u00b062 - D\u00e9cembre 24 N\u00b0 61 - Septembre 2024 N\u00b0 60 - Mars 2024 N\u00b0 59 - D\u00e9cembre 2023 N\u00b0\",\"breadcrumb\":{\"@id\":\"https:\\\/\\\/www.eren.ch\\\/barc\\\/journal-la-barc\\\/#breadcrumb\"},\"inLanguage\":\"fr-FR\",\"potentialAction\":[{\"@type\":\"ReadAction\",\"target\":[\"https:\\\/\\\/www.eren.ch\\\/barc\\\/journal-la-barc\\\/\"]}]},{\"@type\":\"BreadcrumbList\",\"@id\":\"https:\\\/\\\/www.eren.ch\\\/barc\\\/journal-la-barc\\\/#breadcrumb\",\"itemListElement\":[{\"@type\":\"ListItem\",\"position\":1,\"name\":\"Accueil\",\"item\":\"https:\\\/\\\/www.eren.ch\\\/barc\\\/\"},{\"@type\":\"ListItem\",\"position\":2,\"name\":\"La BARC (journal paroissial)\"}]},{\"@type\":\"WebSite\",\"@id\":\"https:\\\/\\\/www.eren.ch\\\/barc\\\/#website\",\"url\":\"https:\\\/\\\/www.eren.ch\\\/barc\\\/\",\"name\":\"Paroisse r\u00e9form\u00e9e de La BARC\",\"description\":\"B\u00f4le - Auvernier - Rochefort - Colombier\",\"publisher\":{\"@id\":\"https:\\\/\\\/www.eren.ch\\\/barc\\\/#organization\"},\"potentialAction\":[{\"@type\":\"SearchAction\",\"target\":{\"@type\":\"EntryPoint\",\"urlTemplate\":\"https:\\\/\\\/www.eren.ch\\\/barc\\\/?s={search_term_string}\"},\"query-input\":{\"@type\":\"PropertyValueSpecification\",\"valueRequired\":true,\"valueName\":\"search_term_string\"}}],\"inLanguage\":\"fr-FR\"},{\"@type\":\"Organization\",\"@id\":\"https:\\\/\\\/www.eren.ch\\\/barc\\\/#organization\",\"name\":\"Paroisse de La BARC\",\"url\":\"https:\\\/\\\/www.eren.ch\\\/barc\\\/\",\"logo\":{\"@type\":\"ImageObject\",\"inLanguage\":\"fr-FR\",\"@id\":\"https:\\\/\\\/www.eren.ch\\\/barc\\\/#\\\/schema\\\/logo\\\/image\\\/\",\"url\":\"https:\\\/\\\/www.eren.ch\\\/barc\\\/wp-content\\\/uploads\\\/sites\\\/4\\\/2020\\\/12\\\/logo-barc.png\",\"contentUrl\":\"https:\\\/\\\/www.eren.ch\\\/barc\\\/wp-content\\\/uploads\\\/sites\\\/4\\\/2020\\\/12\\\/logo-barc.png\",\"width\":240,\"height\":117,\"caption\":\"Paroisse de La BARC\"},\"image\":{\"@id\":\"https:\\\/\\\/www.eren.ch\\\/barc\\\/#\\\/schema\\\/logo\\\/image\\\/\"},\"sameAs\":[\"https:\\\/\\\/www.facebook.com\\\/eglise.EREN\",\"https:\\\/\\\/x.com\\\/egliseeren\",\"https:\\\/\\\/fr.wikipedia.org\\\/wiki\\\/\u00c9glise_r\u00e9form\u00e9e_\u00e9vang\u00e9lique_du_canton_de_Neuch\u00e2tel\"]}]}<\/script>\n<!-- \/ Yoast SEO Premium plugin. -->","yoast_head_json":{"title":"La BARC (journal paroissial) &#8226; Paroisse r\u00e9form\u00e9e de La BARC","description":"N\u00b066 - Mars 26 N\u00b065 - D\u00e9cembre 25 N\u00b064 - Septembre 25 N\u00b063 - Mars 25 N\u00b062 - D\u00e9cembre 24 N\u00b0 61 - Septembre 2024 N\u00b0 60 - Mars 2024 N\u00b0 59 - D\u00e9cembre 2023 N\u00b0","robots":{"index":"index","follow":"follow","max-snippet":"max-snippet:-1","max-image-preview":"max-image-preview:large","max-video-preview":"max-video-preview:-1"},"canonical":"https:\/\/www.eren.ch\/barc\/journal-la-barc\/","og_locale":"fr_FR","og_type":"article","og_title":"La BARC (journal paroissial)","og_description":"N\u00b066 - Mars 26 N\u00b065 - D\u00e9cembre 25 N\u00b064 - Septembre 25 N\u00b063 - Mars 25 N\u00b062 - D\u00e9cembre 24 N\u00b0 61 - Septembre 2024 N\u00b0 60 - Mars 2024 N\u00b0 59 - D\u00e9cembre 2023 N\u00b0","og_url":"https:\/\/www.eren.ch\/barc\/journal-la-barc\/","og_site_name":"Paroisse r\u00e9form\u00e9e de La BARC","article_publisher":"https:\/\/www.facebook.com\/eglise.EREN","article_modified_time":"2026-03-16T08:00:35+00:00","twitter_card":"summary_large_image","twitter_site":"@egliseeren","twitter_misc":{"Dur\u00e9e de lecture estim\u00e9e":"1 minute"},"schema":{"@context":"https:\/\/schema.org","@graph":[{"@type":"WebPage","@id":"https:\/\/www.eren.ch\/barc\/journal-la-barc\/","url":"https:\/\/www.eren.ch\/barc\/journal-la-barc\/","name":"La BARC (journal paroissial) &#8226; Paroisse r\u00e9form\u00e9e de La BARC","isPartOf":{"@id":"https:\/\/www.eren.ch\/barc\/#website"},"datePublished":"2023-11-07T06:56:23+00:00","dateModified":"2026-03-16T08:00:35+00:00","description":"N\u00b066 - Mars 26 N\u00b065 - D\u00e9cembre 25 N\u00b064 - Septembre 25 N\u00b063 - Mars 25 N\u00b062 - D\u00e9cembre 24 N\u00b0 61 - Septembre 2024 N\u00b0 60 - Mars 2024 N\u00b0 59 - D\u00e9cembre 2023 N\u00b0","breadcrumb":{"@id":"https:\/\/www.eren.ch\/barc\/journal-la-barc\/#breadcrumb"},"inLanguage":"fr-FR","potentialAction":[{"@type":"ReadAction","target":["https:\/\/www.eren.ch\/barc\/journal-la-barc\/"]}]},{"@type":"BreadcrumbList","@id":"https:\/\/www.eren.ch\/barc\/journal-la-barc\/#breadcrumb","itemListElement":[{"@type":"ListItem","position":1,"name":"Accueil","item":"https:\/\/www.eren.ch\/barc\/"},{"@type":"ListItem","position":2,"name":"La BARC (journal paroissial)"}]},{"@type":"WebSite","@id":"https:\/\/www.eren.ch\/barc\/#website","url":"https:\/\/www.eren.ch\/barc\/","name":"Paroisse r\u00e9form\u00e9e de La BARC","description":"B\u00f4le - Auvernier - Rochefort - Colombier","publisher":{"@id":"https:\/\/www.eren.ch\/barc\/#organization"},"potentialAction":[{"@type":"SearchAction","target":{"@type":"EntryPoint","urlTemplate":"https:\/\/www.eren.ch\/barc\/?s={search_term_string}"},"query-input":{"@type":"PropertyValueSpecification","valueRequired":true,"valueName":"search_term_string"}}],"inLanguage":"fr-FR"},{"@type":"Organization","@id":"https:\/\/www.eren.ch\/barc\/#organization","name":"Paroisse de La BARC","url":"https:\/\/www.eren.ch\/barc\/","logo":{"@type":"ImageObject","inLanguage":"fr-FR","@id":"https:\/\/www.eren.ch\/barc\/#\/schema\/logo\/image\/","url":"https:\/\/www.eren.ch\/barc\/wp-content\/uploads\/sites\/4\/2020\/12\/logo-barc.png","contentUrl":"https:\/\/www.eren.ch\/barc\/wp-content\/uploads\/sites\/4\/2020\/12\/logo-barc.png","width":240,"height":117,"caption":"Paroisse de La BARC"},"image":{"@id":"https:\/\/www.eren.ch\/barc\/#\/schema\/logo\/image\/"},"sameAs":["https:\/\/www.facebook.com\/eglise.EREN","https:\/\/x.com\/egliseeren","https:\/\/fr.wikipedia.org\/wiki\/\u00c9glise_r\u00e9form\u00e9e_\u00e9vang\u00e9lique_du_canton_de_Neuch\u00e2tel"]}]}},"_links":{"self":[{"href":"https:\/\/www.eren.ch\/barc\/wp-json\/wp\/v2\/pages\/4483","targetHints":{"allow":["GET"]}}],"collection":[{"href":"https:\/\/www.eren.ch\/barc\/wp-json\/wp\/v2\/pages"}],"about":[{"href":"https:\/\/www.eren.ch\/barc\/wp-json\/wp\/v2\/types\/page"}],"author":[{"embeddable":true,"href":"https:\/\/www.eren.ch\/barc\/wp-json\/wp\/v2\/users\/19"}],"replies":[{"embeddable":true,"href":"https:\/\/www.eren.ch\/barc\/wp-json\/wp\/v2\/comments?post=4483"}],"version-history":[{"count":14,"href":"https:\/\/www.eren.ch\/barc\/wp-json\/wp\/v2\/pages\/4483\/revisions"}],"predecessor-version":[{"id":5486,"href":"https:\/\/www.eren.ch\/barc\/wp-json\/wp\/v2\/pages\/4483\/revisions\/5486"}],"wp:attachment":[{"href":"https:\/\/www.eren.ch\/barc\/wp-json\/wp\/v2\/media?parent=4483"}],"curies":[{"name":"wp","href":"https:\/\/api.w.org\/{rel}","templated":true}]}}