{"id":45,"date":"2016-05-12T20:29:15","date_gmt":"2016-05-12T18:29:15","guid":{"rendered":"https:\/\/www.eren.ch\/barc\/?page_id=45"},"modified":"2022-04-13T13:17:07","modified_gmt":"2022-04-13T11:17:07","slug":"chapelle-de-brot-dessous","status":"publish","type":"page","link":"https:\/\/www.eren.ch\/barc\/batiments\/chapelle-de-brot-dessous\/","title":{"rendered":"Chapelle de Brot-Dessous"},"content":{"rendered":"\n<p><strong>Historique&nbsp;: <\/strong>En 1843, les habitants de Brot-Dessous demand\u00e8rent au gouvernement les moyens n\u00e9cessaires \u00e0 la construction d\u2019un local pour le culte, l\u2019\u00e9cole et les assembl\u00e9es communales. Ainsi, la chapelle fut \u00e9difi\u00e9e durant les ann\u00e9es 1844-1845 par Edouard de Sandoz-Rosi\u00e8res, architecte. En 1891, le clocheton de bois fut remplac\u00e9 par une tour dessin\u00e9e par l\u2019architecte Louis-Daniel Perrier. Ext\u00e9rieurement, c\u2019est ce seul \u00e9l\u00e9ment qui distingue la chapelle d\u2019une grande ferme. Vitraux de Bodjol (Walter Grandjean, 1919-2006) inaugur\u00e9s en 1992.<\/p>\n\n\n\n<p><strong>Ouvert\/ferm\u00e9: <\/strong>ferm\u00e9<br><strong>Infos: <\/strong>cl\u00e9 \u00e0 la commune (Rochefort)<br><strong>Adresse compl\u00e8te: <\/strong>Au Village 8, 2149 Brot-Dessous, Suisse<br><a href=\"https:\/\/goo.gl\/maps\/uwCFm9yauWo5aARJ6\">Google Maps<\/a><\/p>\n\n\n\n<figure class=\"wp-block-gallery has-nested-images columns-4 is-cropped wp-block-gallery-1 is-layout-flex wp-block-gallery-is-layout-flex\">\n<figure class=\"wp-block-image size-large\"><a href=\"https:\/\/www.eren.ch\/barc\/wp-content\/uploads\/sites\/4\/2022\/04\/DSC01999.jpg\"><img decoding=\"async\" width=\"1920\" height=\"1280\" data-id=\"3574\" src=\"https:\/\/www.eren.ch\/barc\/wp-content\/uploads\/sites\/4\/2022\/04\/DSC01999.jpg\" alt=\"Chapelle de Brot-Dessous (photo: CC-by Nicolas Friedli)\" class=\"wp-image-3574\" srcset=\"https:\/\/www.eren.ch\/barc\/wp-content\/uploads\/sites\/4\/2022\/04\/DSC01999.jpg 1920w, https:\/\/www.eren.ch\/barc\/wp-content\/uploads\/sites\/4\/2022\/04\/DSC01999-300x200.jpg 300w, https:\/\/www.eren.ch\/barc\/wp-content\/uploads\/sites\/4\/2022\/04\/DSC01999-1024x683.jpg 1024w, https:\/\/www.eren.ch\/barc\/wp-content\/uploads\/sites\/4\/2022\/04\/DSC01999-768x512.jpg 768w, https:\/\/www.eren.ch\/barc\/wp-content\/uploads\/sites\/4\/2022\/04\/DSC01999-1536x1024.jpg 1536w, https:\/\/www.eren.ch\/barc\/wp-content\/uploads\/sites\/4\/2022\/04\/DSC01999-1200x800.jpg 1200w\" sizes=\"(max-width: 709px) 85vw, (max-width: 909px) 67vw, (max-width: 1362px) 62vw, 840px\" \/><\/a><\/figure>\n\n\n\n<figure class=\"wp-block-image size-large\"><a href=\"https:\/\/www.eren.ch\/barc\/wp-content\/uploads\/sites\/4\/2022\/04\/DSC02011.jpg\"><img decoding=\"async\" width=\"1280\" height=\"1280\" data-id=\"3575\" src=\"https:\/\/www.eren.ch\/barc\/wp-content\/uploads\/sites\/4\/2022\/04\/DSC02011.jpg\" alt=\"Chapelle de Brot-Dessous (photo: CC-by Nicolas Friedli)\" class=\"wp-image-3575\" srcset=\"https:\/\/www.eren.ch\/barc\/wp-content\/uploads\/sites\/4\/2022\/04\/DSC02011.jpg 1280w, https:\/\/www.eren.ch\/barc\/wp-content\/uploads\/sites\/4\/2022\/04\/DSC02011-300x300.jpg 300w, https:\/\/www.eren.ch\/barc\/wp-content\/uploads\/sites\/4\/2022\/04\/DSC02011-1024x1024.jpg 1024w, https:\/\/www.eren.ch\/barc\/wp-content\/uploads\/sites\/4\/2022\/04\/DSC02011-150x150.jpg 150w, https:\/\/www.eren.ch\/barc\/wp-content\/uploads\/sites\/4\/2022\/04\/DSC02011-768x768.jpg 768w, https:\/\/www.eren.ch\/barc\/wp-content\/uploads\/sites\/4\/2022\/04\/DSC02011-1200x1200.jpg 1200w\" sizes=\"(max-width: 709px) 85vw, (max-width: 909px) 67vw, (max-width: 1362px) 62vw, 840px\" \/><\/a><\/figure>\n\n\n\n<figure class=\"wp-block-image size-large\"><a href=\"https:\/\/www.eren.ch\/barc\/wp-content\/uploads\/sites\/4\/2022\/04\/DSC02017.jpg\"><img decoding=\"async\" width=\"1920\" height=\"1280\" data-id=\"3576\" src=\"https:\/\/www.eren.ch\/barc\/wp-content\/uploads\/sites\/4\/2022\/04\/DSC02017.jpg\" alt=\"Chapelle de Brot-Dessous (photo: CC-by Nicolas Friedli)\" class=\"wp-image-3576\" srcset=\"https:\/\/www.eren.ch\/barc\/wp-content\/uploads\/sites\/4\/2022\/04\/DSC02017.jpg 1920w, https:\/\/www.eren.ch\/barc\/wp-content\/uploads\/sites\/4\/2022\/04\/DSC02017-300x200.jpg 300w, https:\/\/www.eren.ch\/barc\/wp-content\/uploads\/sites\/4\/2022\/04\/DSC02017-1024x683.jpg 1024w, https:\/\/www.eren.ch\/barc\/wp-content\/uploads\/sites\/4\/2022\/04\/DSC02017-768x512.jpg 768w, https:\/\/www.eren.ch\/barc\/wp-content\/uploads\/sites\/4\/2022\/04\/DSC02017-1536x1024.jpg 1536w, https:\/\/www.eren.ch\/barc\/wp-content\/uploads\/sites\/4\/2022\/04\/DSC02017-1200x800.jpg 1200w\" sizes=\"(max-width: 709px) 85vw, (max-width: 909px) 67vw, (max-width: 1362px) 62vw, 840px\" \/><\/a><\/figure>\n\n\n\n<figure class=\"wp-block-image size-large\"><a href=\"https:\/\/www.eren.ch\/barc\/wp-content\/uploads\/sites\/4\/2022\/04\/DSC02031.jpg\"><img decoding=\"async\" width=\"1280\" height=\"1280\" data-id=\"3577\" src=\"https:\/\/www.eren.ch\/barc\/wp-content\/uploads\/sites\/4\/2022\/04\/DSC02031.jpg\" alt=\"Chapelle de Brot-Dessous (photo: CC-by Nicolas Friedli)\" class=\"wp-image-3577\" srcset=\"https:\/\/www.eren.ch\/barc\/wp-content\/uploads\/sites\/4\/2022\/04\/DSC02031.jpg 1280w, https:\/\/www.eren.ch\/barc\/wp-content\/uploads\/sites\/4\/2022\/04\/DSC02031-300x300.jpg 300w, https:\/\/www.eren.ch\/barc\/wp-content\/uploads\/sites\/4\/2022\/04\/DSC02031-1024x1024.jpg 1024w, https:\/\/www.eren.ch\/barc\/wp-content\/uploads\/sites\/4\/2022\/04\/DSC02031-150x150.jpg 150w, https:\/\/www.eren.ch\/barc\/wp-content\/uploads\/sites\/4\/2022\/04\/DSC02031-768x768.jpg 768w, https:\/\/www.eren.ch\/barc\/wp-content\/uploads\/sites\/4\/2022\/04\/DSC02031-1200x1200.jpg 1200w\" sizes=\"(max-width: 709px) 85vw, (max-width: 909px) 67vw, (max-width: 1362px) 62vw, 840px\" \/><\/a><\/figure>\n\n\n\n<figure class=\"wp-block-image size-large\"><a href=\"https:\/\/www.eren.ch\/barc\/wp-content\/uploads\/sites\/4\/2022\/04\/DSCF8654.jpg\"><img decoding=\"async\" width=\"853\" height=\"1279\" data-id=\"3578\" src=\"https:\/\/www.eren.ch\/barc\/wp-content\/uploads\/sites\/4\/2022\/04\/DSCF8654.jpg\" alt=\"Chapelle de Brot-Dessous (photo: CC-by Nicolas Friedli)\" class=\"wp-image-3578\" srcset=\"https:\/\/www.eren.ch\/barc\/wp-content\/uploads\/sites\/4\/2022\/04\/DSCF8654.jpg 853w, https:\/\/www.eren.ch\/barc\/wp-content\/uploads\/sites\/4\/2022\/04\/DSCF8654-200x300.jpg 200w, https:\/\/www.eren.ch\/barc\/wp-content\/uploads\/sites\/4\/2022\/04\/DSCF8654-683x1024.jpg 683w, https:\/\/www.eren.ch\/barc\/wp-content\/uploads\/sites\/4\/2022\/04\/DSCF8654-768x1152.jpg 768w\" sizes=\"(max-width: 709px) 85vw, (max-width: 909px) 67vw, (max-width: 1362px) 62vw, 840px\" \/><\/a><\/figure>\n\n\n\n<figure class=\"wp-block-image size-large\"><a href=\"https:\/\/www.eren.ch\/barc\/wp-content\/uploads\/sites\/4\/2022\/04\/DSCF8655.jpg\"><img decoding=\"async\" width=\"762\" height=\"1279\" data-id=\"3579\" src=\"https:\/\/www.eren.ch\/barc\/wp-content\/uploads\/sites\/4\/2022\/04\/DSCF8655.jpg\" alt=\"Chapelle de Brot-Dessous (photo: CC-by Nicolas Friedli)\" class=\"wp-image-3579\" srcset=\"https:\/\/www.eren.ch\/barc\/wp-content\/uploads\/sites\/4\/2022\/04\/DSCF8655.jpg 762w, https:\/\/www.eren.ch\/barc\/wp-content\/uploads\/sites\/4\/2022\/04\/DSCF8655-179x300.jpg 179w, https:\/\/www.eren.ch\/barc\/wp-content\/uploads\/sites\/4\/2022\/04\/DSCF8655-610x1024.jpg 610w\" sizes=\"(max-width: 762px) 85vw, 762px\" \/><\/a><\/figure>\n\n\n\n<figure class=\"wp-block-image size-large\"><a href=\"https:\/\/www.eren.ch\/barc\/wp-content\/uploads\/sites\/4\/2022\/04\/DSCF8656.jpg\"><img decoding=\"async\" width=\"853\" height=\"1279\" data-id=\"3580\" src=\"https:\/\/www.eren.ch\/barc\/wp-content\/uploads\/sites\/4\/2022\/04\/DSCF8656.jpg\" alt=\"Chapelle de Brot-Dessous (photo: CC-by Nicolas Friedli)\" class=\"wp-image-3580\" srcset=\"https:\/\/www.eren.ch\/barc\/wp-content\/uploads\/sites\/4\/2022\/04\/DSCF8656.jpg 853w, https:\/\/www.eren.ch\/barc\/wp-content\/uploads\/sites\/4\/2022\/04\/DSCF8656-200x300.jpg 200w, https:\/\/www.eren.ch\/barc\/wp-content\/uploads\/sites\/4\/2022\/04\/DSCF8656-683x1024.jpg 683w, https:\/\/www.eren.ch\/barc\/wp-content\/uploads\/sites\/4\/2022\/04\/DSCF8656-768x1152.jpg 768w\" sizes=\"(max-width: 709px) 85vw, (max-width: 909px) 67vw, (max-width: 1362px) 62vw, 840px\" \/><\/a><\/figure>\n\n\n\n<figure class=\"wp-block-image size-large\"><a href=\"https:\/\/www.eren.ch\/barc\/wp-content\/uploads\/sites\/4\/2022\/04\/DSCF8657.jpg\"><img decoding=\"async\" width=\"853\" height=\"1279\" data-id=\"3581\" src=\"https:\/\/www.eren.ch\/barc\/wp-content\/uploads\/sites\/4\/2022\/04\/DSCF8657.jpg\" alt=\"Chapelle de Brot-Dessous (photo: CC-by Nicolas Friedli)\" class=\"wp-image-3581\" srcset=\"https:\/\/www.eren.ch\/barc\/wp-content\/uploads\/sites\/4\/2022\/04\/DSCF8657.jpg 853w, https:\/\/www.eren.ch\/barc\/wp-content\/uploads\/sites\/4\/2022\/04\/DSCF8657-200x300.jpg 200w, https:\/\/www.eren.ch\/barc\/wp-content\/uploads\/sites\/4\/2022\/04\/DSCF8657-683x1024.jpg 683w, https:\/\/www.eren.ch\/barc\/wp-content\/uploads\/sites\/4\/2022\/04\/DSCF8657-768x1152.jpg 768w\" sizes=\"(max-width: 709px) 85vw, (max-width: 909px) 67vw, (max-width: 1362px) 62vw, 840px\" \/><\/a><\/figure>\n<figcaption class=\"blocks-gallery-caption\">Photos: Nicolas Friedli &#8211; Licence: Creative Commons by (CC-by)<\/figcaption><\/figure>\n\n\n\n<hr class=\"wp-block-separator\"\/>\n\n\n\n<p>Voir aussi:<\/p>\n\n\n\n<ul class=\"wp-block-list\"><li><a href=\"https:\/\/www.eren.ch\/barc\/batiments\/temple-auvernier\/\">Temple d&rsquo;Auvernier<\/a><\/li><li><a href=\"https:\/\/www.eren.ch\/barc\/batiments\/temple-de-bole\/\">Temple de B\u00f4le<\/a><\/li><li><a href=\"https:\/\/www.eren.ch\/barc\/batiments\/temple-de-colombier\/\">Temple de Colombier<\/a><\/li><li><a href=\"https:\/\/www.eren.ch\/barc\/batiments\/temple-de-rochefort\/\">Temple de Rochefort<\/a><\/li><\/ul>\n","protected":false},"excerpt":{"rendered":"<p>Historique&nbsp;: En 1843, les habitants de Brot-Dessous demand\u00e8rent au gouvernement les moyens n\u00e9cessaires \u00e0 la construction d\u2019un local pour le culte, l\u2019\u00e9cole et les assembl\u00e9es communales. Ainsi, la chapelle fut \u00e9difi\u00e9e durant les ann\u00e9es 1844-1845 par Edouard de Sandoz-Rosi\u00e8res, architecte. En 1891, le clocheton de bois fut remplac\u00e9 par une tour dessin\u00e9e par l\u2019architecte Louis-Daniel &hellip; <a href=\"https:\/\/www.eren.ch\/barc\/batiments\/chapelle-de-brot-dessous\/\" class=\"more-link\">Continuer la lecture<span class=\"screen-reader-text\"> de &laquo;&nbsp;Chapelle de Brot-Dessous&nbsp;&raquo;<\/span><\/a><\/p>\n","protected":false},"author":1,"featured_media":0,"parent":17,"menu_order":30,"comment_status":"closed","ping_status":"closed","template":"","meta":{"footnotes":""},"class_list":["post-45","page","type-page","status-publish","hentry"],"yoast_head":"<!-- This site is optimized with the Yoast SEO Premium plugin v27.6 (Yoast SEO v27.6) - https:\/\/yoast.com\/product\/yoast-seo-premium-wordpress\/ -->\n<title>Chapelle de Brot-Dessous - Rochefort<\/title>\n<meta name=\"description\" content=\"Historique&nbsp;: En 1843, les habitants de Brot-Dessous demand\u00e8rent au gouvernement les moyens n\u00e9cessaires \u00e0 la construction d\u2019un local pour le culte,\" \/>\n<meta name=\"robots\" content=\"index, follow, max-snippet:-1, max-image-preview:large, max-video-preview:-1\" \/>\n<link rel=\"canonical\" href=\"https:\/\/www.eren.ch\/barc\/batiments\/chapelle-de-brot-dessous\/\" \/>\n<meta property=\"og:locale\" content=\"fr_FR\" \/>\n<meta property=\"og:type\" content=\"article\" \/>\n<meta property=\"og:title\" content=\"Chapelle de Brot-Dessous\" \/>\n<meta property=\"og:description\" content=\"Historique&nbsp;: En 1843, les habitants de Brot-Dessous demand\u00e8rent au gouvernement les moyens n\u00e9cessaires \u00e0 la construction d\u2019un local pour le culte,\" \/>\n<meta property=\"og:url\" content=\"https:\/\/www.eren.ch\/barc\/batiments\/chapelle-de-brot-dessous\/\" \/>\n<meta property=\"og:site_name\" content=\"Paroisse r\u00e9form\u00e9e de La BARC\" \/>\n<meta property=\"article:publisher\" content=\"https:\/\/www.facebook.com\/eglise.EREN\" \/>\n<meta property=\"article:modified_time\" content=\"2022-04-13T11:17:07+00:00\" \/>\n<meta property=\"og:image\" content=\"https:\/\/www.eren.ch\/barc\/wp-content\/uploads\/sites\/4\/2022\/04\/DSC02017.jpg\" \/>\n\t<meta property=\"og:image:width\" content=\"1920\" \/>\n\t<meta property=\"og:image:height\" content=\"1280\" \/>\n\t<meta property=\"og:image:type\" content=\"image\/jpeg\" \/>\n<meta name=\"twitter:card\" content=\"summary_large_image\" \/>\n<meta name=\"twitter:image\" content=\"https:\/\/www.eren.ch\/barc\/wp-content\/uploads\/sites\/4\/2022\/04\/DSC02017.jpg\" \/>\n<meta name=\"twitter:site\" content=\"@egliseeren\" \/>\n<meta name=\"twitter:label1\" content=\"Dur\u00e9e de lecture estim\u00e9e\" \/>\n\t<meta name=\"twitter:data1\" content=\"3 minutes\" \/>\n<script type=\"application\/ld+json\" class=\"yoast-schema-graph\">{\"@context\":\"https:\\\/\\\/schema.org\",\"@graph\":[{\"@type\":\"WebPage\",\"@id\":\"https:\\\/\\\/www.eren.ch\\\/barc\\\/batiments\\\/chapelle-de-brot-dessous\\\/\",\"url\":\"https:\\\/\\\/www.eren.ch\\\/barc\\\/batiments\\\/chapelle-de-brot-dessous\\\/\",\"name\":\"Chapelle de Brot-Dessous - Rochefort\",\"isPartOf\":{\"@id\":\"https:\\\/\\\/www.eren.ch\\\/barc\\\/#website\"},\"primaryImageOfPage\":{\"@id\":\"https:\\\/\\\/www.eren.ch\\\/barc\\\/batiments\\\/chapelle-de-brot-dessous\\\/#primaryimage\"},\"image\":{\"@id\":\"https:\\\/\\\/www.eren.ch\\\/barc\\\/batiments\\\/chapelle-de-brot-dessous\\\/#primaryimage\"},\"thumbnailUrl\":\"https:\\\/\\\/www.eren.ch\\\/barc\\\/wp-content\\\/uploads\\\/sites\\\/4\\\/2022\\\/04\\\/DSC01999.jpg\",\"datePublished\":\"2016-05-12T18:29:15+00:00\",\"dateModified\":\"2022-04-13T11:17:07+00:00\",\"description\":\"Historique&nbsp;: En 1843, les habitants de Brot-Dessous demand\u00e8rent au gouvernement les moyens n\u00e9cessaires \u00e0 la construction d\u2019un local pour le culte,\",\"breadcrumb\":{\"@id\":\"https:\\\/\\\/www.eren.ch\\\/barc\\\/batiments\\\/chapelle-de-brot-dessous\\\/#breadcrumb\"},\"inLanguage\":\"fr-FR\",\"potentialAction\":[{\"@type\":\"ReadAction\",\"target\":[\"https:\\\/\\\/www.eren.ch\\\/barc\\\/batiments\\\/chapelle-de-brot-dessous\\\/\"]}]},{\"@type\":\"ImageObject\",\"inLanguage\":\"fr-FR\",\"@id\":\"https:\\\/\\\/www.eren.ch\\\/barc\\\/batiments\\\/chapelle-de-brot-dessous\\\/#primaryimage\",\"url\":\"https:\\\/\\\/www.eren.ch\\\/barc\\\/wp-content\\\/uploads\\\/sites\\\/4\\\/2022\\\/04\\\/DSC01999.jpg\",\"contentUrl\":\"https:\\\/\\\/www.eren.ch\\\/barc\\\/wp-content\\\/uploads\\\/sites\\\/4\\\/2022\\\/04\\\/DSC01999.jpg\",\"width\":1920,\"height\":1280,\"caption\":\"Temple de Brot-Dessous (photo:Nicolas Friedli)\"},{\"@type\":\"BreadcrumbList\",\"@id\":\"https:\\\/\\\/www.eren.ch\\\/barc\\\/batiments\\\/chapelle-de-brot-dessous\\\/#breadcrumb\",\"itemListElement\":[{\"@type\":\"ListItem\",\"position\":1,\"name\":\"Accueil\",\"item\":\"https:\\\/\\\/www.eren.ch\\\/barc\\\/\"},{\"@type\":\"ListItem\",\"position\":2,\"name\":\"B\u00e2timents\",\"item\":\"https:\\\/\\\/www.eren.ch\\\/barc\\\/batiments\\\/\"},{\"@type\":\"ListItem\",\"position\":3,\"name\":\"Chapelle de Brot-Dessous\"}]},{\"@type\":\"WebSite\",\"@id\":\"https:\\\/\\\/www.eren.ch\\\/barc\\\/#website\",\"url\":\"https:\\\/\\\/www.eren.ch\\\/barc\\\/\",\"name\":\"Paroisse r\u00e9form\u00e9e de La BARC\",\"description\":\"B\u00f4le - Auvernier - Rochefort - Colombier\",\"publisher\":{\"@id\":\"https:\\\/\\\/www.eren.ch\\\/barc\\\/#organization\"},\"potentialAction\":[{\"@type\":\"SearchAction\",\"target\":{\"@type\":\"EntryPoint\",\"urlTemplate\":\"https:\\\/\\\/www.eren.ch\\\/barc\\\/?s={search_term_string}\"},\"query-input\":{\"@type\":\"PropertyValueSpecification\",\"valueRequired\":true,\"valueName\":\"search_term_string\"}}],\"inLanguage\":\"fr-FR\"},{\"@type\":\"Organization\",\"@id\":\"https:\\\/\\\/www.eren.ch\\\/barc\\\/#organization\",\"name\":\"Paroisse de La BARC\",\"url\":\"https:\\\/\\\/www.eren.ch\\\/barc\\\/\",\"logo\":{\"@type\":\"ImageObject\",\"inLanguage\":\"fr-FR\",\"@id\":\"https:\\\/\\\/www.eren.ch\\\/barc\\\/#\\\/schema\\\/logo\\\/image\\\/\",\"url\":\"https:\\\/\\\/www.eren.ch\\\/barc\\\/wp-content\\\/uploads\\\/sites\\\/4\\\/2020\\\/12\\\/logo-barc.png\",\"contentUrl\":\"https:\\\/\\\/www.eren.ch\\\/barc\\\/wp-content\\\/uploads\\\/sites\\\/4\\\/2020\\\/12\\\/logo-barc.png\",\"width\":240,\"height\":117,\"caption\":\"Paroisse de La BARC\"},\"image\":{\"@id\":\"https:\\\/\\\/www.eren.ch\\\/barc\\\/#\\\/schema\\\/logo\\\/image\\\/\"},\"sameAs\":[\"https:\\\/\\\/www.facebook.com\\\/eglise.EREN\",\"https:\\\/\\\/x.com\\\/egliseeren\",\"https:\\\/\\\/fr.wikipedia.org\\\/wiki\\\/\u00c9glise_r\u00e9form\u00e9e_\u00e9vang\u00e9lique_du_canton_de_Neuch\u00e2tel\"]}]}<\/script>\n<!-- \/ Yoast SEO Premium plugin. -->","yoast_head_json":{"title":"Chapelle de Brot-Dessous - Rochefort","description":"Historique&nbsp;: En 1843, les habitants de Brot-Dessous demand\u00e8rent au gouvernement les moyens n\u00e9cessaires \u00e0 la construction d\u2019un local pour le culte,","robots":{"index":"index","follow":"follow","max-snippet":"max-snippet:-1","max-image-preview":"max-image-preview:large","max-video-preview":"max-video-preview:-1"},"canonical":"https:\/\/www.eren.ch\/barc\/batiments\/chapelle-de-brot-dessous\/","og_locale":"fr_FR","og_type":"article","og_title":"Chapelle de Brot-Dessous","og_description":"Historique&nbsp;: En 1843, les habitants de Brot-Dessous demand\u00e8rent au gouvernement les moyens n\u00e9cessaires \u00e0 la construction d\u2019un local pour le culte,","og_url":"https:\/\/www.eren.ch\/barc\/batiments\/chapelle-de-brot-dessous\/","og_site_name":"Paroisse r\u00e9form\u00e9e de La BARC","article_publisher":"https:\/\/www.facebook.com\/eglise.EREN","article_modified_time":"2022-04-13T11:17:07+00:00","og_image":[{"width":1920,"height":1280,"url":"https:\/\/www.eren.ch\/barc\/wp-content\/uploads\/sites\/4\/2022\/04\/DSC02017.jpg","type":"image\/jpeg"}],"twitter_card":"summary_large_image","twitter_image":"https:\/\/www.eren.ch\/barc\/wp-content\/uploads\/sites\/4\/2022\/04\/DSC02017.jpg","twitter_site":"@egliseeren","twitter_misc":{"Dur\u00e9e de lecture estim\u00e9e":"3 minutes"},"schema":{"@context":"https:\/\/schema.org","@graph":[{"@type":"WebPage","@id":"https:\/\/www.eren.ch\/barc\/batiments\/chapelle-de-brot-dessous\/","url":"https:\/\/www.eren.ch\/barc\/batiments\/chapelle-de-brot-dessous\/","name":"Chapelle de Brot-Dessous - Rochefort","isPartOf":{"@id":"https:\/\/www.eren.ch\/barc\/#website"},"primaryImageOfPage":{"@id":"https:\/\/www.eren.ch\/barc\/batiments\/chapelle-de-brot-dessous\/#primaryimage"},"image":{"@id":"https:\/\/www.eren.ch\/barc\/batiments\/chapelle-de-brot-dessous\/#primaryimage"},"thumbnailUrl":"https:\/\/www.eren.ch\/barc\/wp-content\/uploads\/sites\/4\/2022\/04\/DSC01999.jpg","datePublished":"2016-05-12T18:29:15+00:00","dateModified":"2022-04-13T11:17:07+00:00","description":"Historique&nbsp;: En 1843, les habitants de Brot-Dessous demand\u00e8rent au gouvernement les moyens n\u00e9cessaires \u00e0 la construction d\u2019un local pour le culte,","breadcrumb":{"@id":"https:\/\/www.eren.ch\/barc\/batiments\/chapelle-de-brot-dessous\/#breadcrumb"},"inLanguage":"fr-FR","potentialAction":[{"@type":"ReadAction","target":["https:\/\/www.eren.ch\/barc\/batiments\/chapelle-de-brot-dessous\/"]}]},{"@type":"ImageObject","inLanguage":"fr-FR","@id":"https:\/\/www.eren.ch\/barc\/batiments\/chapelle-de-brot-dessous\/#primaryimage","url":"https:\/\/www.eren.ch\/barc\/wp-content\/uploads\/sites\/4\/2022\/04\/DSC01999.jpg","contentUrl":"https:\/\/www.eren.ch\/barc\/wp-content\/uploads\/sites\/4\/2022\/04\/DSC01999.jpg","width":1920,"height":1280,"caption":"Temple de Brot-Dessous (photo:Nicolas Friedli)"},{"@type":"BreadcrumbList","@id":"https:\/\/www.eren.ch\/barc\/batiments\/chapelle-de-brot-dessous\/#breadcrumb","itemListElement":[{"@type":"ListItem","position":1,"name":"Accueil","item":"https:\/\/www.eren.ch\/barc\/"},{"@type":"ListItem","position":2,"name":"B\u00e2timents","item":"https:\/\/www.eren.ch\/barc\/batiments\/"},{"@type":"ListItem","position":3,"name":"Chapelle de Brot-Dessous"}]},{"@type":"WebSite","@id":"https:\/\/www.eren.ch\/barc\/#website","url":"https:\/\/www.eren.ch\/barc\/","name":"Paroisse r\u00e9form\u00e9e de La BARC","description":"B\u00f4le - Auvernier - Rochefort - Colombier","publisher":{"@id":"https:\/\/www.eren.ch\/barc\/#organization"},"potentialAction":[{"@type":"SearchAction","target":{"@type":"EntryPoint","urlTemplate":"https:\/\/www.eren.ch\/barc\/?s={search_term_string}"},"query-input":{"@type":"PropertyValueSpecification","valueRequired":true,"valueName":"search_term_string"}}],"inLanguage":"fr-FR"},{"@type":"Organization","@id":"https:\/\/www.eren.ch\/barc\/#organization","name":"Paroisse de La BARC","url":"https:\/\/www.eren.ch\/barc\/","logo":{"@type":"ImageObject","inLanguage":"fr-FR","@id":"https:\/\/www.eren.ch\/barc\/#\/schema\/logo\/image\/","url":"https:\/\/www.eren.ch\/barc\/wp-content\/uploads\/sites\/4\/2020\/12\/logo-barc.png","contentUrl":"https:\/\/www.eren.ch\/barc\/wp-content\/uploads\/sites\/4\/2020\/12\/logo-barc.png","width":240,"height":117,"caption":"Paroisse de La BARC"},"image":{"@id":"https:\/\/www.eren.ch\/barc\/#\/schema\/logo\/image\/"},"sameAs":["https:\/\/www.facebook.com\/eglise.EREN","https:\/\/x.com\/egliseeren","https:\/\/fr.wikipedia.org\/wiki\/\u00c9glise_r\u00e9form\u00e9e_\u00e9vang\u00e9lique_du_canton_de_Neuch\u00e2tel"]}]}},"_links":{"self":[{"href":"https:\/\/www.eren.ch\/barc\/wp-json\/wp\/v2\/pages\/45","targetHints":{"allow":["GET"]}}],"collection":[{"href":"https:\/\/www.eren.ch\/barc\/wp-json\/wp\/v2\/pages"}],"about":[{"href":"https:\/\/www.eren.ch\/barc\/wp-json\/wp\/v2\/types\/page"}],"author":[{"embeddable":true,"href":"https:\/\/www.eren.ch\/barc\/wp-json\/wp\/v2\/users\/1"}],"replies":[{"embeddable":true,"href":"https:\/\/www.eren.ch\/barc\/wp-json\/wp\/v2\/comments?post=45"}],"version-history":[{"count":5,"href":"https:\/\/www.eren.ch\/barc\/wp-json\/wp\/v2\/pages\/45\/revisions"}],"predecessor-version":[{"id":3586,"href":"https:\/\/www.eren.ch\/barc\/wp-json\/wp\/v2\/pages\/45\/revisions\/3586"}],"up":[{"embeddable":true,"href":"https:\/\/www.eren.ch\/barc\/wp-json\/wp\/v2\/pages\/17"}],"wp:attachment":[{"href":"https:\/\/www.eren.ch\/barc\/wp-json\/wp\/v2\/media?parent=45"}],"curies":[{"name":"wp","href":"https:\/\/api.w.org\/{rel}","templated":true}]}}