{"id":37,"date":"2016-04-16T00:22:38","date_gmt":"2016-04-15T22:22:38","guid":{"rendered":"https:\/\/www.eren.ch\/cote\/?page_id=37"},"modified":"2024-08-12T17:02:42","modified_gmt":"2024-08-12T15:02:42","slug":"contacts","status":"publish","type":"page","link":"https:\/\/www.eren.ch\/cote\/tous-les-contacts\/contacts\/","title":{"rendered":"Contacts et liens"},"content":{"rendered":"<h6 style=\"text-align: left\">Pour plus d&rsquo;informations, n&rsquo;h\u00e9sitez pas \u00e0 contacter :<\/h6>\n<ul>\n<li style=\"text-align: left\"><a href=\"https:\/\/www.eren.ch\/cote\/contacter-e-responsable-de-paroisse\/\">Un-e responsable d&rsquo;un groupe ou d&rsquo;une activit\u00e9 de la paroisse<\/a><\/li>\n<li style=\"text-align: left\"><a href=\"https:\/\/www.eren.ch\/cote\/contacter-un-pasteur\/\">Un-e de nos pasteurs<\/a><\/li>\n<li style=\"text-align: left\"><a href=\"https:\/\/www.eren.ch\/cote\/louer-salle-temple\/\">Une des responsables pour les r\u00e9servations de nos locaux (temples et salles)<\/a><\/li>\n<\/ul>\n<h6>Pour aller plus loin, voici une liste de sites web protestant de Suisse romande<\/h6>\n<p>Source:\u00a0<a href=\"https:\/\/reseau-protestant.ch\/liste\/\" target=\"_blank\" rel=\"noopener\">https:\/\/reseau-protestant.ch\/liste\/<\/a><br \/>\nAu 17 avril 2024<\/p>\n<h2 id=\"lieux-deglise\">Lieux d\u2019\u00c9glise<\/h2>\n<ul>\n<li><a href=\"https:\/\/paref2520.ch\/\">Paroisse de la Neuveville<\/a><\/li>\n<li><a href=\"https:\/\/ollonvillars.eerv.ch\/\">Paroisse r\u00e9form\u00e9e d\u2019Ollon-Villars<\/a><\/li>\n<li><a href=\"https:\/\/jecherchedieu.ch\/\">Paroisse en ligne (je cherche Dieu.ch)<\/a><\/li>\n<li><a href=\"https:\/\/www.referguel.ch\/\">Paroisses du syndicat de l\u2019Ergu\u00ebl<\/a><\/li>\n<li><a href=\"https:\/\/chablaisvaudois.eerv.ch\/\">R\u00e9gion du Chablais vaudois<\/a><\/li>\n<li><a href=\"https:\/\/m.lac-en-ciel.ch\/\">R\u00e9gion \u00ab\u00a0Lac-en-Ciel\u00a0\u00bb (Diesse, Nods, Neuveville)<\/a><\/li>\n<li><a href=\"http:\/\/sansleseuil.ch\/\">Sans le seuil<\/a><\/li>\n<\/ul>\n<h2 id=\"reflexion--theologie\">R\u00e9flexion &amp; th\u00e9ologie<\/h2>\n<ul>\n<li><a href=\"http:\/\/aventenvers.blogspot.com\/\">Avent en vers<\/a><\/li>\n<li><a href=\"https:\/\/celebrer.ch\/\">C\u00e9l\u00e9brer.ch<\/a><\/li>\n<li><a href=\"https:\/\/www.contactgps.ch\/\">ContactGPS<\/a><\/li>\n<li><a href=\"https:\/\/labokhi.ch\/\">Labo khi<\/a><\/li>\n<li><a href=\"https:\/\/miettesdecareme.blogspot.com\/\">Miettes de Car\u00eame<\/a><\/li>\n<li><a href=\"https:\/\/www.open-source.church\/\">Open Source Church<\/a><\/li>\n<li><a href=\"http:\/\/perspectivesprotestantes.ch\/\">Perspectives protestantes<\/a><\/li>\n<li><a href=\"https:\/\/theologus.ch\/\">Theologus<\/a><\/li>\n<\/ul>\n<h2 id=\"blogs-et-sites-personnels\">Blogs et sites personnels<\/h2>\n<ul>\n<li><a href=\"https:\/\/lesensdelamarche.net\/\">Alexandre Winter<\/a><\/li>\n<li><a href=\"https:\/\/carnetderoutedunpasteurpassionne.blogspot.com\/\">Benjamin Corbaz<\/a><\/li>\n<li><a href=\"https:\/\/carolina-costa.com\/\">Carolina Costa<\/a><\/li>\n<li><a href=\"http:\/\/www.claude-ecritures.ch\/\">Claude Demissy<\/a><\/li>\n<li><a href=\"https:\/\/dianefriedli.ch\/\">Diane Friedli<\/a><\/li>\n<li><a href=\"https:\/\/eliojaillet.ch\/\">Elio Jaillet<\/a><\/li>\n<li><a href=\"https:\/\/moser-felix.ch\/\">F\u00e9lix Moser<\/a><\/li>\n<li><a href=\"http:\/\/gillesbourquin.ch\/\">Gilles Bourquin<\/a><\/li>\n<li><a href=\"https:\/\/heros-bibliques.ch\/\">H\u00e9ros Bibliques<\/a><\/li>\n<li><a href=\"https:\/\/potinsdivins.wordpress.com\/\">Hyonou Paik<\/a><\/li>\n<li><a href=\"http:\/\/textesdejjcorbaz.blogspot.com\/\">Jean-Jacques Corbaz<\/a><\/li>\n<li><a href=\"https:\/\/jeanmarcleresche.ch\/\">Jean-Marc Leresche<\/a><\/li>\n<li><a href=\"https:\/\/lauredevaux.ch\/\">Laure Devaux<\/a><\/li>\n<li><a href=\"https:\/\/www.reformes.ch\/blogs\">les blogs de R\u00e9form\u00e9s<\/a><\/li>\n<li><a href=\"http:\/\/marcpernot.net\/\">Marc Pernot<\/a><\/li>\n<li><a href=\"https:\/\/coeuretmonde.wordpress.com\/\">Martin Burkhard<\/a><\/li>\n<li><a href=\"https:\/\/martin.hoegger.org\/\">Martin Hoegger<\/a><\/li>\n<li><a href=\"http:\/\/www.gardiol.net\/\">Maurice Gardiol<\/a><\/li>\n<li><a href=\"https:\/\/meditheoblog.wordpress.com\/\">Meditheoblog<\/a><\/li>\n<li><a href=\"https:\/\/nicolerochat.ch\/\">Nicole Rochat<\/a><\/li>\n<li><a href=\"http:\/\/pelerine-au-chocolat.blogspot.com\/\">No\u00e9mie Emery<\/a><\/li>\n<li><a href=\"https:\/\/www.theologeek.ch\/\">Olivier Keshavjee<\/a><\/li>\n<li><a href=\"https:\/\/philippegolaz.ch\/\">Philippe Golaz<\/a><\/li>\n<li><a href=\"https:\/\/www.predic.ch\/\">Ren\u00e9 Blanchet<\/a><\/li>\n<li><a href=\"https:\/\/richardfalo.com\/\">Richard Falo<\/a><\/li>\n<li><a href=\"http:\/\/www.roadtripspirituel.ch\/\">Road Trip Spirituel<\/a><\/li>\n<li><a href=\"https:\/\/skblog.ch\/\">Shafique Keshavjee<\/a><\/li>\n<li><a href=\"https:\/\/leblogduneveilleuse.blogspot.com\/\">Stella Pastoris<\/a><\/li>\n<\/ul>\n<h2 id=\"culture\">Culture<\/h2>\n<ul>\n<li><a href=\"http:\/\/www.mafemmeestpasteure.ch\/\">Ma femme est pasteure<\/a><\/li>\n<li><a href=\"https:\/\/www.musee-reforme.ch\/\">Mus\u00e9e international de la R\u00e9forme<\/a><\/li>\n<li><a href=\"https:\/\/www.templozarts.ch\/\">TemPL\u2019Oz Arts<\/a><\/li>\n<\/ul>\n<h2 id=\"formation\">Formation<\/h2>\n<ul>\n<li><a href=\"https:\/\/cedresformation.ch\/\">C\u00e8dres Formation<\/a><\/li>\n<li><a href=\"http:\/\/cate.ch\/\">Comcat-\u00a0<\/a><a href=\"http:\/\/cate.ch\/\">cat\u00e9ch\u00e8se francophone des Eglises r\u00e9form\u00e9es Berne-Jura-Soleure<\/a><\/li>\n<li><a href=\"https:\/\/www.unige.ch\/theologie\/\">Facult\u00e9 de th\u00e9ologie de Gen\u00e8ve<\/a><\/li>\n<li><a href=\"https:\/\/www.unil.ch\/ftsr\/\">Facult\u00e9 de th\u00e9ologie et de sciences des religions de Lausanne<\/a><\/li>\n<li><a href=\"https:\/\/www.protestant-formation.ch\/\">Office Protestant de la Formation (OPF)<\/a><\/li>\n<li><a href=\"https:\/\/svth.ch\/\">Soci\u00e9t\u00e9 Vaudoise de Th\u00e9ologie<\/a><\/li>\n<\/ul>\n<h2 id=\"livre--bibliotheques\">Livres &amp; biblioth\u00e8ques<\/h2>\n<ul>\n<li><a href=\"https:\/\/www.mediatheque-cip.ch\/mediatheque\/Partenaires\/CREDOC\">Centre de recherche et de documentation cat\u00e9ch\u00e9tique (CREDOC)<\/a><\/li>\n<li><a href=\"https:\/\/www.cod-ne.ch\/\">Centre \u0153cum\u00e9nique de documentation (COD)<\/a>\u00a0(La Chaux-de-Fonds &amp; Peseux)<\/li>\n<li><a href=\"https:\/\/www.cidoc.ch\/\">Centre pour l\u2019information et la documentation chr\u00e9tiennes (CIDOC)<\/a>\u00a0(Lausanne)<\/li>\n<li><a href=\"https:\/\/editions-atalahalta.com\/\">\u00c9ditions Atalahalta<\/a><\/li>\n<li><a href=\"https:\/\/www.laboretfides.com\/\">\u00c9ditions Labor et Fides<\/a><\/li>\n<li><a href=\"https:\/\/editionsouverture.ch\/\">\u00c9ditions Ouverture<\/a><\/li>\n<li><a href=\"https:\/\/www.protestant-edition.ch\/\">Office protestant d\u2019\u00e9ditions chr\u00e9tiennes (OPEC)<\/a><\/li>\n<li><a href=\"http:\/\/www.lire-et-dire.ch\/\">Revue Lire &amp; Dire<\/a><\/li>\n<\/ul>\n<h2 id=\"ressources-professionnelles\">Ressources professionnelles<\/h2>\n<ul>\n<li><a href=\"https:\/\/celebrations.refbejuso.ch\/\">Commission Jurassienne de Liturgie<\/a><\/li>\n<li><a href=\"https:\/\/cultebox.ch\/\">CulteBox<\/a><\/li>\n<li><a href=\"http:\/\/www.emploi-eglise.ch\/\">Emploi-\u00c9glise<\/a><\/li>\n<li><a href=\"https:\/\/www.pfarrverein.ch\/\">Pfarrverein<\/a><\/li>\n<\/ul>\n<h2 id=\"eglises\">\u00c9glises<\/h2>\n<ul>\n<li><a href=\"http:\/\/www.refbejuso.ch\/\">Berne-Jura-Soleure<\/a><\/li>\n<li><a href=\"https:\/\/www.ref-fr.ch\/\">Fribourg (EERF)<\/a><\/li>\n<li><a href=\"https:\/\/epg.ch\/\">Gen\u00e8ve (EPG)<\/a><\/li>\n<li><a href=\"https:\/\/www.egliserefju.ch\/\">Jura<\/a><\/li>\n<li><a href=\"https:\/\/www.evref.ch\/\">Suisse (EERS)<\/a><\/li>\n<li><a href=\"http:\/\/cerfsa.ch\/\">Suisse al\u00e9manique (CERFSA)<\/a><\/li>\n<li><a href=\"https:\/\/eerv.ch\/\">Vaud (EERV)<\/a><\/li>\n<li><a href=\"https:\/\/erev.ch\/\">Valais (EREV)<\/a><\/li>\n<\/ul>\n<h2 id=\"medias\">M\u00e9dias<\/h2>\n<ul>\n<li><a href=\"https:\/\/www.mediaspro.ch\/\">M\u00e9dias-pro<\/a><\/li>\n<li><a href=\"https:\/\/www.reformes.ch\/\">R\u00e9form\u00e9s<\/a><\/li>\n<\/ul>\n<h2 id=\"solidarite\">Solidarit\u00e9<\/h2>\n<ul>\n<li><a href=\"https:\/\/agora-asile.ch\/\">Aum\u00f4nerie Genevoise Oecum\u00e9nique aupr\u00e8s des Requ\u00e9rants d\u2019Asile et des R\u00e9fugi\u00e9s (AGORA)<\/a><\/li>\n<li><a href=\"https:\/\/diaconat.ch\/\">Association diaconale romande<\/a><\/li>\n<li><a href=\"https:\/\/chretiensautravail.ch\/\">Chr\u00e9tiens au travail<\/a><\/li>\n<li><a href=\"https:\/\/www.diaconie.ch\/\">Diaconie.ch<\/a><\/li>\n<li><a href=\"https:\/\/www.dmr.ch\/\">DM-\u00e9change et mission<\/a><\/li>\n<li><a href=\"https:\/\/egliseenroute.ch\/\">Eglise en route<\/a><\/li>\n<li><a href=\"https:\/\/www.eper.ch\/\">EPER<\/a><\/li>\n<li><a href=\"https:\/\/la-margelle.ch\/\">La Margelle<\/a><\/li>\n<li><a href=\"https:\/\/www.eren.ch\/lanterne\">La Lanterne<\/a><\/li>\n<li><a href=\"http:\/\/www.interreligieux.ch\/\">Plateforme interreligieuse de Gen\u00e8ve<\/a><\/li>\n<\/ul>\n","protected":false},"excerpt":{"rendered":"<p>Pour plus d&rsquo;informations, n&rsquo;h\u00e9sitez pas \u00e0 contacter : Un-e responsable d&rsquo;un groupe ou d&rsquo;une activit\u00e9 de la paroisse Un-e de nos pasteurs Une des responsables pour les r\u00e9servations de nos locaux (temples et salles) Pour aller plus loin, voici une liste de sites web protestant de Suisse romande Source:\u00a0https:\/\/reseau-protestant.ch\/liste\/ Au 17 avril 2024 Lieux d\u2019\u00c9glise &hellip; <a href=\"https:\/\/www.eren.ch\/cote\/tous-les-contacts\/contacts\/\" class=\"more-link\">Continuer la lecture<span class=\"screen-reader-text\"> de &laquo;&nbsp;Contacts et liens&nbsp;&raquo;<\/span><\/a><\/p>\n","protected":false},"author":6,"featured_media":0,"parent":90,"menu_order":0,"comment_status":"closed","ping_status":"closed","template":"","meta":{"footnotes":""},"class_list":["post-37","page","type-page","status-publish","hentry"],"yoast_head":"<!-- This site is optimized with the Yoast SEO Premium plugin v27.5 (Yoast SEO v27.5) - https:\/\/yoast.com\/product\/yoast-seo-premium-wordpress\/ -->\n<title>Contacts et liens - Paroisse de la C\u00f4te<\/title>\n<meta name=\"description\" content=\"Pour plus d&#039;informations, n&#039;h\u00e9sitez pas \u00e0 contacter : Un-e responsable d&#039;un groupe ou d&#039;une activit\u00e9 de la paroisse Un-e de nos pasteurs Une des\" \/>\n<meta name=\"robots\" content=\"index, follow, max-snippet:-1, max-image-preview:large, max-video-preview:-1\" \/>\n<link rel=\"canonical\" href=\"https:\/\/www.eren.ch\/cote\/tous-les-contacts\/contacts\/\" \/>\n<meta property=\"og:locale\" content=\"fr_FR\" \/>\n<meta property=\"og:type\" content=\"article\" \/>\n<meta property=\"og:title\" content=\"Contacts et liens\" \/>\n<meta property=\"og:description\" content=\"Pour plus d&#039;informations, n&#039;h\u00e9sitez pas \u00e0 contacter : Un-e responsable d&#039;un groupe ou d&#039;une activit\u00e9 de la paroisse Un-e de nos pasteurs Une des\" \/>\n<meta property=\"og:url\" content=\"https:\/\/www.eren.ch\/cote\/tous-les-contacts\/contacts\/\" \/>\n<meta property=\"og:site_name\" content=\"Paroisse de la C\u00f4te\" \/>\n<meta property=\"article:publisher\" content=\"https:\/\/www.facebook.com\/eglise.EREN\" \/>\n<meta property=\"article:modified_time\" content=\"2024-08-12T15:02:42+00:00\" \/>\n<meta name=\"twitter:card\" content=\"summary_large_image\" \/>\n<meta name=\"twitter:site\" content=\"@EgliseEREN\" \/>\n<meta name=\"twitter:label1\" content=\"Dur\u00e9e de lecture estim\u00e9e\" \/>\n\t<meta name=\"twitter:data1\" content=\"2 minutes\" \/>\n<script type=\"application\/ld+json\" class=\"yoast-schema-graph\">{\"@context\":\"https:\\\/\\\/schema.org\",\"@graph\":[{\"@type\":\"WebPage\",\"@id\":\"https:\\\/\\\/www.eren.ch\\\/cote\\\/tous-les-contacts\\\/contacts\\\/\",\"url\":\"https:\\\/\\\/www.eren.ch\\\/cote\\\/tous-les-contacts\\\/contacts\\\/\",\"name\":\"Contacts et liens - Paroisse de la C\u00f4te\",\"isPartOf\":{\"@id\":\"https:\\\/\\\/www.eren.ch\\\/cote\\\/#website\"},\"datePublished\":\"2016-04-15T22:22:38+00:00\",\"dateModified\":\"2024-08-12T15:02:42+00:00\",\"description\":\"Pour plus d'informations, n'h\u00e9sitez pas \u00e0 contacter : Un-e responsable d'un groupe ou d'une activit\u00e9 de la paroisse Un-e de nos pasteurs Une des\",\"breadcrumb\":{\"@id\":\"https:\\\/\\\/www.eren.ch\\\/cote\\\/tous-les-contacts\\\/contacts\\\/#breadcrumb\"},\"inLanguage\":\"fr-FR\",\"potentialAction\":[{\"@type\":\"ReadAction\",\"target\":[\"https:\\\/\\\/www.eren.ch\\\/cote\\\/tous-les-contacts\\\/contacts\\\/\"]}]},{\"@type\":\"BreadcrumbList\",\"@id\":\"https:\\\/\\\/www.eren.ch\\\/cote\\\/tous-les-contacts\\\/contacts\\\/#breadcrumb\",\"itemListElement\":[{\"@type\":\"ListItem\",\"position\":1,\"name\":\"Accueil\",\"item\":\"https:\\\/\\\/www.eren.ch\\\/cote\\\/\"},{\"@type\":\"ListItem\",\"position\":2,\"name\":\"Tous les contacts\",\"item\":\"https:\\\/\\\/www.eren.ch\\\/cote\\\/tous-les-contacts\\\/\"},{\"@type\":\"ListItem\",\"position\":3,\"name\":\"Contacts et liens\"}]},{\"@type\":\"WebSite\",\"@id\":\"https:\\\/\\\/www.eren.ch\\\/cote\\\/#website\",\"url\":\"https:\\\/\\\/www.eren.ch\\\/cote\\\/\",\"name\":\"Paroisse de la C\u00f4te\",\"description\":\"La pr\u00e9sence protestante reconnue \u00e0 Peseux et Corcelles-Cormondr\u00e8che\",\"publisher\":{\"@id\":\"https:\\\/\\\/www.eren.ch\\\/cote\\\/#organization\"},\"potentialAction\":[{\"@type\":\"SearchAction\",\"target\":{\"@type\":\"EntryPoint\",\"urlTemplate\":\"https:\\\/\\\/www.eren.ch\\\/cote\\\/?s={search_term_string}\"},\"query-input\":{\"@type\":\"PropertyValueSpecification\",\"valueRequired\":true,\"valueName\":\"search_term_string\"}}],\"inLanguage\":\"fr-FR\"},{\"@type\":\"Organization\",\"@id\":\"https:\\\/\\\/www.eren.ch\\\/cote\\\/#organization\",\"name\":\"Paroisse de La C\u00f4te\",\"url\":\"https:\\\/\\\/www.eren.ch\\\/cote\\\/\",\"logo\":{\"@type\":\"ImageObject\",\"inLanguage\":\"fr-FR\",\"@id\":\"https:\\\/\\\/www.eren.ch\\\/cote\\\/#\\\/schema\\\/logo\\\/image\\\/\",\"url\":\"https:\\\/\\\/www.eren.ch\\\/cote\\\/wp-content\\\/uploads\\\/sites\\\/5\\\/2019\\\/10\\\/logo-eren-carre.jpg\",\"contentUrl\":\"https:\\\/\\\/www.eren.ch\\\/cote\\\/wp-content\\\/uploads\\\/sites\\\/5\\\/2019\\\/10\\\/logo-eren-carre.jpg\",\"width\":512,\"height\":512,\"caption\":\"Paroisse de La C\u00f4te\"},\"image\":{\"@id\":\"https:\\\/\\\/www.eren.ch\\\/cote\\\/#\\\/schema\\\/logo\\\/image\\\/\"},\"sameAs\":[\"https:\\\/\\\/www.facebook.com\\\/eglise.EREN\",\"https:\\\/\\\/x.com\\\/EgliseEREN\",\"https:\\\/\\\/fr.wikipedia.org\\\/wiki\\\/\u00c9glise_r\u00e9form\u00e9e_\u00e9vang\u00e9lique_du_canton_de_Neuch\u00e2tel\"]}]}<\/script>\n<!-- \/ Yoast SEO Premium plugin. -->","yoast_head_json":{"title":"Contacts et liens - Paroisse de la C\u00f4te","description":"Pour plus d'informations, n'h\u00e9sitez pas \u00e0 contacter : Un-e responsable d'un groupe ou d'une activit\u00e9 de la paroisse Un-e de nos pasteurs Une des","robots":{"index":"index","follow":"follow","max-snippet":"max-snippet:-1","max-image-preview":"max-image-preview:large","max-video-preview":"max-video-preview:-1"},"canonical":"https:\/\/www.eren.ch\/cote\/tous-les-contacts\/contacts\/","og_locale":"fr_FR","og_type":"article","og_title":"Contacts et liens","og_description":"Pour plus d'informations, n'h\u00e9sitez pas \u00e0 contacter : Un-e responsable d'un groupe ou d'une activit\u00e9 de la paroisse Un-e de nos pasteurs Une des","og_url":"https:\/\/www.eren.ch\/cote\/tous-les-contacts\/contacts\/","og_site_name":"Paroisse de la C\u00f4te","article_publisher":"https:\/\/www.facebook.com\/eglise.EREN","article_modified_time":"2024-08-12T15:02:42+00:00","twitter_card":"summary_large_image","twitter_site":"@EgliseEREN","twitter_misc":{"Dur\u00e9e de lecture estim\u00e9e":"2 minutes"},"schema":{"@context":"https:\/\/schema.org","@graph":[{"@type":"WebPage","@id":"https:\/\/www.eren.ch\/cote\/tous-les-contacts\/contacts\/","url":"https:\/\/www.eren.ch\/cote\/tous-les-contacts\/contacts\/","name":"Contacts et liens - Paroisse de la C\u00f4te","isPartOf":{"@id":"https:\/\/www.eren.ch\/cote\/#website"},"datePublished":"2016-04-15T22:22:38+00:00","dateModified":"2024-08-12T15:02:42+00:00","description":"Pour plus d'informations, n'h\u00e9sitez pas \u00e0 contacter : Un-e responsable d'un groupe ou d'une activit\u00e9 de la paroisse Un-e de nos pasteurs Une des","breadcrumb":{"@id":"https:\/\/www.eren.ch\/cote\/tous-les-contacts\/contacts\/#breadcrumb"},"inLanguage":"fr-FR","potentialAction":[{"@type":"ReadAction","target":["https:\/\/www.eren.ch\/cote\/tous-les-contacts\/contacts\/"]}]},{"@type":"BreadcrumbList","@id":"https:\/\/www.eren.ch\/cote\/tous-les-contacts\/contacts\/#breadcrumb","itemListElement":[{"@type":"ListItem","position":1,"name":"Accueil","item":"https:\/\/www.eren.ch\/cote\/"},{"@type":"ListItem","position":2,"name":"Tous les contacts","item":"https:\/\/www.eren.ch\/cote\/tous-les-contacts\/"},{"@type":"ListItem","position":3,"name":"Contacts et liens"}]},{"@type":"WebSite","@id":"https:\/\/www.eren.ch\/cote\/#website","url":"https:\/\/www.eren.ch\/cote\/","name":"Paroisse de la C\u00f4te","description":"La pr\u00e9sence protestante reconnue \u00e0 Peseux et Corcelles-Cormondr\u00e8che","publisher":{"@id":"https:\/\/www.eren.ch\/cote\/#organization"},"potentialAction":[{"@type":"SearchAction","target":{"@type":"EntryPoint","urlTemplate":"https:\/\/www.eren.ch\/cote\/?s={search_term_string}"},"query-input":{"@type":"PropertyValueSpecification","valueRequired":true,"valueName":"search_term_string"}}],"inLanguage":"fr-FR"},{"@type":"Organization","@id":"https:\/\/www.eren.ch\/cote\/#organization","name":"Paroisse de La C\u00f4te","url":"https:\/\/www.eren.ch\/cote\/","logo":{"@type":"ImageObject","inLanguage":"fr-FR","@id":"https:\/\/www.eren.ch\/cote\/#\/schema\/logo\/image\/","url":"https:\/\/www.eren.ch\/cote\/wp-content\/uploads\/sites\/5\/2019\/10\/logo-eren-carre.jpg","contentUrl":"https:\/\/www.eren.ch\/cote\/wp-content\/uploads\/sites\/5\/2019\/10\/logo-eren-carre.jpg","width":512,"height":512,"caption":"Paroisse de La C\u00f4te"},"image":{"@id":"https:\/\/www.eren.ch\/cote\/#\/schema\/logo\/image\/"},"sameAs":["https:\/\/www.facebook.com\/eglise.EREN","https:\/\/x.com\/EgliseEREN","https:\/\/fr.wikipedia.org\/wiki\/\u00c9glise_r\u00e9form\u00e9e_\u00e9vang\u00e9lique_du_canton_de_Neuch\u00e2tel"]}]}},"_links":{"self":[{"href":"https:\/\/www.eren.ch\/cote\/wp-json\/wp\/v2\/pages\/37","targetHints":{"allow":["GET"]}}],"collection":[{"href":"https:\/\/www.eren.ch\/cote\/wp-json\/wp\/v2\/pages"}],"about":[{"href":"https:\/\/www.eren.ch\/cote\/wp-json\/wp\/v2\/types\/page"}],"author":[{"embeddable":true,"href":"https:\/\/www.eren.ch\/cote\/wp-json\/wp\/v2\/users\/6"}],"replies":[{"embeddable":true,"href":"https:\/\/www.eren.ch\/cote\/wp-json\/wp\/v2\/comments?post=37"}],"version-history":[{"count":0,"href":"https:\/\/www.eren.ch\/cote\/wp-json\/wp\/v2\/pages\/37\/revisions"}],"up":[{"embeddable":true,"href":"https:\/\/www.eren.ch\/cote\/wp-json\/wp\/v2\/pages\/90"}],"wp:attachment":[{"href":"https:\/\/www.eren.ch\/cote\/wp-json\/wp\/v2\/media?parent=37"}],"curies":[{"name":"wp","href":"https:\/\/api.w.org\/{rel}","templated":true}]}}