{"id":17,"date":"2024-04-24T09:01:24","date_gmt":"2024-04-24T07:01:24","guid":{"rendered":"https:\/\/www.eren.ch\/evref\/?page_id=17"},"modified":"2024-05-24T09:12:51","modified_gmt":"2024-05-24T07:12:51","slug":"program-d","status":"publish","type":"page","link":"https:\/\/www.eren.ch\/evref\/program-d\/","title":{"rendered":"Program (d)"},"content":{"rendered":"\n<h2 class=\"wp-block-heading\" id=\"h-sonntag-9-juni-2024\">Sonntag, 9. Juni 2024<\/h2>\n\n\n\n<p><strong>15:00\u201316:15 Uhr <br><\/strong>Gep\u00e4ckabholung am Bahnhof und Gang zu Fuss zumBegr\u00fcssungskaffee im \u00abClo\u00eetre de la <a href=\"https:\/\/maps.app.goo.gl\/nhuSPxEPLpEGUEiJ6\">Coll\u00e9giale<\/a>\u00bb<\/p>\n\n\n\n<ul class=\"wp-block-list\">\n<li>Ausgang Bahnhof Nebeneingang zu den Hotels <a href=\"https:\/\/maps.app.goo.gl\/zd3xLneiBp9jxpj56\">Beaulac<\/a> und <a href=\"https:\/\/maps.app.goo.gl\/uT7WJWLiWpHPLpr78\">Arts<\/a> \/ Links am oberen Ende der Bahnhofstreppe \/ Kofferabgabe \/ Abfahrt zu Fu\u00df vom Bahnhof um 14.45 Uhr \/ 15.00 Uhr \/ 15.15 Uhr.<\/li>\n<\/ul>\n\n\n\n<p><strong>15:00\u201316:00 Uhr <br><\/strong>Check-In f\u00fcr die G\u00e4ste des Hotels <a href=\"https:\/\/maps.app.goo.gl\/nn7Frx59BnovqxVPA\">Alpes et Lac<\/a><\/p>\n\n\n\n<ul class=\"wp-block-list\">\n<li>Ausgang Bahnhof Haupteingang f\u00fcr Hotel Alpes et Lac \/ Gehen Sie rechts die Bahnhofstreppe hinauf \/ Check-in Hotel \/ Abfahrten zu Fu\u00df vor dem Hotel um 15:15 \/ 15:30 \/ 15:45 \/ Abholung von Personen mit eingeschr\u00e4nkter Mobilit\u00e4t vor dem Hotel.<\/li>\n<\/ul>\n\n\n\n<p><strong>16:15\u201317:15 Uhr <br><\/strong>Versammlung im \u00abSalle du Grand Conseil du <a href=\"https:\/\/maps.app.goo.gl\/kJesSRkBovKiq91t5\">Ch\u00e2teau<\/a>\u00bb &nbsp;Traktanden 1\u20132; 4\u20136; 19<\/p>\n\n\n\n<p><strong>17:15\u201317:30 Uhr <br><\/strong>Grusswort des Nationalratspr\u00e4sidenten Eric Nussbaumer<\/p>\n\n\n\n<p><strong>17:30\u201317:45 Uhr <br><\/strong>Pause und Gang zu Fuss zur Kirche \u00ab\u00e0 la Coll\u00e9giale\u00bb<\/p>\n\n\n\n<p><strong>17:45\u201319:00 Uhr <br><\/strong>Gottesdienst (mit Einsetzung)<\/p>\n\n\n\n<p><strong>19:00\u201320:30 Uhr <br><\/strong>Ap\u00e9ro im \u00abClo\u00eetre de la Coll\u00e9giale\u00bb<\/p>\n\n\n\n<ul class=\"wp-block-list\">\n<li>Abfahrt zu Fu\u00df vom Kreuzgang um 20:30 Uhr f\u00fcr Hotels \/ Betreuung von Personen mit eingeschr\u00e4nkter Mobilit\u00e4t.<\/li>\n<\/ul>\n\n\n\n<p><strong>19:00\u201320:30 Uhr<br><\/strong>Check-In f\u00fcr die G\u00e4ste des Hotels Beaulac und des Hotels des Arts<\/p>\n\n\n\n<p><strong>Ab 20:30 Uhr <br><\/strong>Abend zur freien Verf\u00fcgung<\/p>\n\n\n\n<h2 class=\"wp-block-heading\">Montag, 10. Juni 2024<\/h2>\n\n\n\n<p><strong>07:15\u201308:00 Uhr <br><\/strong>Fahrt mit dem \u00abTrain touristique\u00bb zum \u00abClo\u00eetre\u00bb oder Gang zu Fuss<\/p>\n\n\n\n<ul class=\"wp-block-list\">\n<li>Treffpunkt um 07:15 Uhr vor den Hotels Beaulac und Arts \/ Begleitung zum Touristenzug auf dem Place de Poste f\u00fcr eine Abfahrt 07:30 Uhr zur Stiftskirche.<\/li>\n\n\n\n<li>RV um 07:15 Uhr vor dem Hotel Alpes et Lac f\u00fcr eine Begleitung zu Fu\u00df. Abholung von Personen mit eingeschr\u00e4nkter Mobilit\u00e4t vor dem Hotel.<\/li>\n<\/ul>\n\n\n\n<p><strong>08:00\u201308:30 Uhr<br><\/strong>Begr\u00fcssungskaffee<\/p>\n\n\n\n<p><strong>08:30\u201310:00 Uhr <br><\/strong>Versammlung, Traktanden 3; 7\u20139<\/p>\n\n\n\n<p><strong>10:00\u201310:30 Uhr <br><\/strong>Kaffeepause im \u00abClo\u00eetre\u00bb<\/p>\n\n\n\n<p><strong>10:30\u201312:00 Uhr <br><\/strong>Versammlung, Traktanden 10\u201312<\/p>\n\n\n\n<p><strong>12:00\u201312.30 Uhr <br><\/strong>Information und Gesangsstunde 1. Teil<\/p>\n\n\n\n<p><strong>12:30\u201314:00 Uhr <br><\/strong>Mittagessen im \u00abSalle des Chevaliers\u00bb im Schloss<\/p>\n\n\n\n<p><strong>14:00\u201314.30 Uhr <br><\/strong>Gesangsstunde 2. Teil<\/p>\n\n\n\n<p><strong>14:30\u201315:30 Uhr <br><\/strong>Versammlung, Traktandum 13<\/p>\n\n\n\n<p><strong>15:30\u201316:00 Uhr <br><\/strong>Kaffeepause<\/p>\n\n\n\n<p><strong>16:00\u201317:30 Uhr <br><\/strong>Versammlung Traktandum 14<\/p>\n\n\n\n<p><strong>17:30\u201318:00 Uhr <br><\/strong>Transfer zu den Hotels zu Fuss oder mit \u00d6V<\/p>\n\n\n\n<ul class=\"wp-block-list\">\n<li>Abfahrt zu Fu\u00df vom Schloss um 17:45 Uhr zu den Hotels \/ Abholung von Personen mit eingeschr\u00e4nkter Mobilit\u00e4t.<\/li>\n<\/ul>\n\n\n\n<p><strong>18:00 Uhr <br><\/strong>Frei verf\u00fcgbare Zeit<\/p>\n\n\n\n<p><strong>19:00\u201319:15 Uhr <br><\/strong>Gang zu Fuss zum <a href=\"https:\/\/maps.app.goo.gl\/mRgki7iXt8Hwvjnj8\">Hafen von Neuenburg<\/a><\/p>\n\n\n\n<ul class=\"wp-block-list\">\n<li>Treffpunkt um 19.15 Uhr vor dem Hotel Alpes et Lac f\u00fcr eine Begleitung zu Fu\u00df \/ Abholung von Personen mit eingeschr\u00e4nkter Mobilit\u00e4t \/ Empfang am Hafen.<\/li>\n\n\n\n<li>Die Hotels Beaulac und Arts gehen alleine zum Hafen, der 2-5 Minuten zu Fu\u00df von ihren Hotels entfernt ist \/ Empfang am Hafen.<\/li>\n<\/ul>\n\n\n\n<p><strong>19:15\u201319:30 Uhr <br><\/strong>Begr\u00fcssung durch die gastgebende Kirche im Hafen von Neuenburg<\/p>\n\n\n\n<p><strong>19:30\u201322:00 Uhr <br><\/strong>Ap\u00e9ro, Abendessen und Animation w\u00e4hrend der Schifffahrt<br>Thema des Abends: \u00abLes ann\u00e9es folles de 1920 \u00e0 1929\u00bb<\/p>\n\n\n\n<ul class=\"wp-block-list\">\n<li>Das Schiff legt p\u00fcnktlich um 20.00 Uhr zur Kreuzfahrt ab! Begr\u00fc\u00dfung und Willkommensdrink, gefolgt von Reden \/ Aperitif und R\u00fcckkehr zum Hafen um 22:00 Uhr.<\/li>\n<\/ul>\n\n\n\n<p><strong>Ab 22:00 Uhr <br><\/strong>R\u00fcckkehr in den Hafen und Ausklang<\/p>\n\n\n\n<ul class=\"wp-block-list\">\n<li>Das Schiff bleibt am Kai, um den Abend noch von 22.00 bis 23.00 Uhr zu genie\u00dfen \/ Infostand und Taxibestellungen von 22.00 bis Mitternacht am Ausgang des Kais.<\/li>\n<\/ul>\n\n\n\n<h2 class=\"wp-block-heading\">Dienstag, 11. Juni 2024<\/h2>\n\n\n\n<p><strong>07:15\u201308:00 Uhr <br><\/strong>Fahrt mit dem \u00abTrain touristique\u00bb zum \u00abClo\u00eetre\u00bb oder Gang zu Fuss<\/p>\n\n\n\n<ul class=\"wp-block-list\">\n<li>Treffpunkt um 07.15 Uhr vor den Hotels Beaulac und Arts \/ Begleitung zum Touristenzug auf dem Place de Poste f\u00fcr eine Abfahrt um 07.30 Uhr zur Stiftskirche.<\/li>\n\n\n\n<li>RV um 07:15 Uhr vor dem Hotel Alpes et Lac f\u00fcr eine Begleitung zu Fu\u00df. Abholung von Personen mit eingeschr\u00e4nkter Mobilit\u00e4t vor dem Hotel.<\/li>\n<\/ul>\n\n\n\n<p><strong>08:00\u201308:30 Uhr <br><\/strong>Begr\u00fcssungskaffee<\/p>\n\n\n\n<p><strong>08:30\u201310:30 Uhr <br><\/strong>Versammlung im Schloss, Traktandum 15\u201318<\/p>\n\n\n\n<p><strong>10:30\u201311:00 Uhr <br><\/strong>Kaffeepause im \u00abClo\u00eetre\u00bb<\/p>\n\n\n\n<p><strong>11:00\u201312:45 Uhr <br><\/strong>Versammlung, Traktanden 20\u201321<\/p>\n\n\n\n<p><strong>12:45\u201314:00 Uhr <br><\/strong>Schluss der Synode \u2013 Stehlunch im \u00abClo\u00eetre\u00bb oder \u00abLunch to go\u00bb<\/p>\n\n\n\n<ul class=\"wp-block-list\">\n<li>Info- und Taxibestellung von 13.30 bis 15.30 Uhr vor dem Kreuzgang.<\/li>\n<\/ul>\n\n\n\n<p><strong>Ab 14:00 Uhr <br><\/strong>Transfer zu Fuss zum <a href=\"https:\/\/maps.app.goo.gl\/s3BHinYmNFNjVpam9\">Bahnhof<\/a><br>Das Gep\u00e4ck wird am Bahnhof von 12.45\u201315.00 Uhr ausgeh\u00e4ndigt<\/p>\n\n\n\n<ul class=\"wp-block-list\">\n<li>Das Gep\u00e4ck ist (f\u00fcr die Hotels Beaulac und Arts) von 12:45 bis 15:00 Uhr \u00f6stlich des Bahnhofs auf der Bieler Seite vor dem <a href=\"https:\/\/maps.app.goo.gl\/X8o6hMnxfo8cDypC7\">King Food<\/a> (rechnen Sie mit 5 Minuten mehr Zeit, bevor Sie den Zug nehmen) in Empfang zu nehmen. Bitte geben Sie beim Auschecken an der Hotelrezeption an, ob Ihr Koffer zum Bahnhof gehen soll oder nicht.<\/li>\n\n\n\n<li>F\u00fcr das Hotel Alpes et Lac sind die Koffer nach der R\u00fcckkehr von der Synode im Kofferraum des Hotels abzuholen.<\/li>\n<\/ul>\n","protected":false},"excerpt":{"rendered":"<p>Sonntag, 9. Juni 2024 15:00\u201316:15 Uhr Gep\u00e4ckabholung am Bahnhof und Gang zu Fuss zumBegr\u00fcssungskaffee im \u00abClo\u00eetre de la Coll\u00e9giale\u00bb 15:00\u201316:00 Uhr Check-In f\u00fcr die G\u00e4ste des Hotels Alpes et Lac 16:15\u201317:15 Uhr Versammlung im \u00abSalle du Grand Conseil du Ch\u00e2teau\u00bb &nbsp;Traktanden 1\u20132; 4\u20136; 19 17:15\u201317:30 Uhr Grusswort des Nationalratspr\u00e4sidenten Eric Nussbaumer 17:30\u201317:45 Uhr Pause und &#8230; <a title=\"Program (d)\" class=\"read-more\" href=\"https:\/\/www.eren.ch\/evref\/program-d\/\" aria-label=\"En savoir plus sur Program (d)\">Lire la suite<\/a><\/p>\n","protected":false},"author":1,"featured_media":0,"parent":0,"menu_order":0,"comment_status":"closed","ping_status":"closed","template":"","meta":{"footnotes":""},"class_list":["post-17","page","type-page","status-publish"],"yoast_head":"<!-- This site is optimized with the Yoast SEO Premium plugin v27.6 (Yoast SEO v27.6) - https:\/\/yoast.com\/product\/yoast-seo-premium-wordpress\/ -->\n<title>Program (d) - Synode de l&#039;EERS 2024<\/title>\n<meta name=\"robots\" content=\"index, follow, max-snippet:-1, max-image-preview:large, max-video-preview:-1\" \/>\n<link rel=\"canonical\" href=\"https:\/\/www.eren.ch\/evref\/program-d\/\" \/>\n<meta property=\"og:locale\" content=\"fr_FR\" \/>\n<meta property=\"og:type\" content=\"article\" \/>\n<meta property=\"og:title\" content=\"Program (d)\" \/>\n<meta property=\"og:description\" content=\"Sonntag, 9. Juni 2024 15:00\u201316:15 Uhr Gep\u00e4ckabholung am Bahnhof und Gang zu Fuss zumBegr\u00fcssungskaffee im \u00abClo\u00eetre de la Coll\u00e9giale\u00bb 15:00\u201316:00 Uhr Check-In f\u00fcr die G\u00e4ste des Hotels Alpes et Lac 16:15\u201317:15 Uhr Versammlung im \u00abSalle du Grand Conseil du Ch\u00e2teau\u00bb &nbsp;Traktanden 1\u20132; 4\u20136; 19 17:15\u201317:30 Uhr Grusswort des Nationalratspr\u00e4sidenten Eric Nussbaumer 17:30\u201317:45 Uhr Pause und ... Lire la suite\" \/>\n<meta property=\"og:url\" content=\"https:\/\/www.eren.ch\/evref\/program-d\/\" \/>\n<meta property=\"og:site_name\" content=\"Synode de l&#039;EERS 2024\" \/>\n<meta property=\"article:modified_time\" content=\"2024-05-24T07:12:51+00:00\" \/>\n<meta property=\"og:image\" content=\"https:\/\/www.eren.ch\/evref\/wp-content\/uploads\/sites\/23\/2024\/05\/eren.jpg\" \/>\n\t<meta property=\"og:image:width\" content=\"740\" \/>\n\t<meta property=\"og:image:height\" content=\"416\" \/>\n\t<meta property=\"og:image:type\" content=\"image\/jpeg\" \/>\n<meta name=\"twitter:card\" content=\"summary_large_image\" \/>\n<meta name=\"twitter:label1\" content=\"Dur\u00e9e de lecture estim\u00e9e\" \/>\n\t<meta name=\"twitter:data1\" content=\"4 minutes\" \/>\n<script type=\"application\/ld+json\" class=\"yoast-schema-graph\">{\"@context\":\"https:\\\/\\\/schema.org\",\"@graph\":[{\"@type\":\"WebPage\",\"@id\":\"https:\\\/\\\/www.eren.ch\\\/evref\\\/program-d\\\/\",\"url\":\"https:\\\/\\\/www.eren.ch\\\/evref\\\/program-d\\\/\",\"name\":\"Program (d) - Synode de l&#039;EERS 2024\",\"isPartOf\":{\"@id\":\"https:\\\/\\\/www.eren.ch\\\/evref\\\/#website\"},\"datePublished\":\"2024-04-24T07:01:24+00:00\",\"dateModified\":\"2024-05-24T07:12:51+00:00\",\"breadcrumb\":{\"@id\":\"https:\\\/\\\/www.eren.ch\\\/evref\\\/program-d\\\/#breadcrumb\"},\"inLanguage\":\"fr-FR\",\"potentialAction\":[{\"@type\":\"ReadAction\",\"target\":[\"https:\\\/\\\/www.eren.ch\\\/evref\\\/program-d\\\/\"]}]},{\"@type\":\"BreadcrumbList\",\"@id\":\"https:\\\/\\\/www.eren.ch\\\/evref\\\/program-d\\\/#breadcrumb\",\"itemListElement\":[{\"@type\":\"ListItem\",\"position\":1,\"name\":\"Accueil\",\"item\":\"https:\\\/\\\/www.eren.ch\\\/evref\\\/\"},{\"@type\":\"ListItem\",\"position\":2,\"name\":\"Program (d)\"}]},{\"@type\":\"WebSite\",\"@id\":\"https:\\\/\\\/www.eren.ch\\\/evref\\\/#website\",\"url\":\"https:\\\/\\\/www.eren.ch\\\/evref\\\/\",\"name\":\"Synode de l&#039;EERS 2024\",\"description\":\"\",\"publisher\":{\"@id\":\"https:\\\/\\\/www.eren.ch\\\/evref\\\/#organization\"},\"potentialAction\":[{\"@type\":\"SearchAction\",\"target\":{\"@type\":\"EntryPoint\",\"urlTemplate\":\"https:\\\/\\\/www.eren.ch\\\/evref\\\/?s={search_term_string}\"},\"query-input\":{\"@type\":\"PropertyValueSpecification\",\"valueRequired\":true,\"valueName\":\"search_term_string\"}}],\"inLanguage\":\"fr-FR\"},{\"@type\":\"Organization\",\"@id\":\"https:\\\/\\\/www.eren.ch\\\/evref\\\/#organization\",\"name\":\"Synode de l&#039;EERS 2024\",\"url\":\"https:\\\/\\\/www.eren.ch\\\/evref\\\/\",\"logo\":{\"@type\":\"ImageObject\",\"inLanguage\":\"fr-FR\",\"@id\":\"https:\\\/\\\/www.eren.ch\\\/evref\\\/#\\\/schema\\\/logo\\\/image\\\/\",\"url\":\"https:\\\/\\\/www.eren.ch\\\/evref\\\/wp-content\\\/uploads\\\/sites\\\/23\\\/2024\\\/05\\\/cropped-eren-seul-carre-512.png\",\"contentUrl\":\"https:\\\/\\\/www.eren.ch\\\/evref\\\/wp-content\\\/uploads\\\/sites\\\/23\\\/2024\\\/05\\\/cropped-eren-seul-carre-512.png\",\"width\":512,\"height\":512,\"caption\":\"Synode de l&#039;EERS 2024\"},\"image\":{\"@id\":\"https:\\\/\\\/www.eren.ch\\\/evref\\\/#\\\/schema\\\/logo\\\/image\\\/\"}}]}<\/script>\n<!-- \/ Yoast SEO Premium plugin. -->","yoast_head_json":{"title":"Program (d) - Synode de l&#039;EERS 2024","robots":{"index":"index","follow":"follow","max-snippet":"max-snippet:-1","max-image-preview":"max-image-preview:large","max-video-preview":"max-video-preview:-1"},"canonical":"https:\/\/www.eren.ch\/evref\/program-d\/","og_locale":"fr_FR","og_type":"article","og_title":"Program (d)","og_description":"Sonntag, 9. Juni 2024 15:00\u201316:15 Uhr Gep\u00e4ckabholung am Bahnhof und Gang zu Fuss zumBegr\u00fcssungskaffee im \u00abClo\u00eetre de la Coll\u00e9giale\u00bb 15:00\u201316:00 Uhr Check-In f\u00fcr die G\u00e4ste des Hotels Alpes et Lac 16:15\u201317:15 Uhr Versammlung im \u00abSalle du Grand Conseil du Ch\u00e2teau\u00bb &nbsp;Traktanden 1\u20132; 4\u20136; 19 17:15\u201317:30 Uhr Grusswort des Nationalratspr\u00e4sidenten Eric Nussbaumer 17:30\u201317:45 Uhr Pause und ... Lire la suite","og_url":"https:\/\/www.eren.ch\/evref\/program-d\/","og_site_name":"Synode de l&#039;EERS 2024","article_modified_time":"2024-05-24T07:12:51+00:00","og_image":[{"width":740,"height":416,"url":"https:\/\/www.eren.ch\/evref\/wp-content\/uploads\/sites\/23\/2024\/05\/eren.jpg","type":"image\/jpeg"}],"twitter_card":"summary_large_image","twitter_misc":{"Dur\u00e9e de lecture estim\u00e9e":"4 minutes"},"schema":{"@context":"https:\/\/schema.org","@graph":[{"@type":"WebPage","@id":"https:\/\/www.eren.ch\/evref\/program-d\/","url":"https:\/\/www.eren.ch\/evref\/program-d\/","name":"Program (d) - Synode de l&#039;EERS 2024","isPartOf":{"@id":"https:\/\/www.eren.ch\/evref\/#website"},"datePublished":"2024-04-24T07:01:24+00:00","dateModified":"2024-05-24T07:12:51+00:00","breadcrumb":{"@id":"https:\/\/www.eren.ch\/evref\/program-d\/#breadcrumb"},"inLanguage":"fr-FR","potentialAction":[{"@type":"ReadAction","target":["https:\/\/www.eren.ch\/evref\/program-d\/"]}]},{"@type":"BreadcrumbList","@id":"https:\/\/www.eren.ch\/evref\/program-d\/#breadcrumb","itemListElement":[{"@type":"ListItem","position":1,"name":"Accueil","item":"https:\/\/www.eren.ch\/evref\/"},{"@type":"ListItem","position":2,"name":"Program (d)"}]},{"@type":"WebSite","@id":"https:\/\/www.eren.ch\/evref\/#website","url":"https:\/\/www.eren.ch\/evref\/","name":"Synode de l&#039;EERS 2024","description":"","publisher":{"@id":"https:\/\/www.eren.ch\/evref\/#organization"},"potentialAction":[{"@type":"SearchAction","target":{"@type":"EntryPoint","urlTemplate":"https:\/\/www.eren.ch\/evref\/?s={search_term_string}"},"query-input":{"@type":"PropertyValueSpecification","valueRequired":true,"valueName":"search_term_string"}}],"inLanguage":"fr-FR"},{"@type":"Organization","@id":"https:\/\/www.eren.ch\/evref\/#organization","name":"Synode de l&#039;EERS 2024","url":"https:\/\/www.eren.ch\/evref\/","logo":{"@type":"ImageObject","inLanguage":"fr-FR","@id":"https:\/\/www.eren.ch\/evref\/#\/schema\/logo\/image\/","url":"https:\/\/www.eren.ch\/evref\/wp-content\/uploads\/sites\/23\/2024\/05\/cropped-eren-seul-carre-512.png","contentUrl":"https:\/\/www.eren.ch\/evref\/wp-content\/uploads\/sites\/23\/2024\/05\/cropped-eren-seul-carre-512.png","width":512,"height":512,"caption":"Synode de l&#039;EERS 2024"},"image":{"@id":"https:\/\/www.eren.ch\/evref\/#\/schema\/logo\/image\/"}}]}},"_links":{"self":[{"href":"https:\/\/www.eren.ch\/evref\/wp-json\/wp\/v2\/pages\/17","targetHints":{"allow":["GET"]}}],"collection":[{"href":"https:\/\/www.eren.ch\/evref\/wp-json\/wp\/v2\/pages"}],"about":[{"href":"https:\/\/www.eren.ch\/evref\/wp-json\/wp\/v2\/types\/page"}],"author":[{"embeddable":true,"href":"https:\/\/www.eren.ch\/evref\/wp-json\/wp\/v2\/users\/1"}],"replies":[{"embeddable":true,"href":"https:\/\/www.eren.ch\/evref\/wp-json\/wp\/v2\/comments?post=17"}],"version-history":[{"count":7,"href":"https:\/\/www.eren.ch\/evref\/wp-json\/wp\/v2\/pages\/17\/revisions"}],"predecessor-version":[{"id":68,"href":"https:\/\/www.eren.ch\/evref\/wp-json\/wp\/v2\/pages\/17\/revisions\/68"}],"wp:attachment":[{"href":"https:\/\/www.eren.ch\/evref\/wp-json\/wp\/v2\/media?parent=17"}],"curies":[{"name":"wp","href":"https:\/\/api.w.org\/{rel}","templated":true}]}}