{"id":696,"date":"2021-12-11T10:34:49","date_gmt":"2021-12-11T09:34:49","guid":{"rendered":"https:\/\/www.eren.ch\/hautesjoux\/?page_id=696"},"modified":"2025-12-03T08:49:18","modified_gmt":"2025-12-03T07:49:18","slug":"noel","status":"publish","type":"page","link":"https:\/\/www.eren.ch\/hautesjoux\/noel\/","title":{"rendered":"No\u00ebl 2025"},"content":{"rendered":"\n<p style=\"font-size:28px\"><strong>C\u00e9l\u00e9bration de No\u00ebl au Ponts-de-Martel<\/strong><\/p>\n\n\n\n<figure class=\"wp-block-image size-full\"><img loading=\"lazy\" decoding=\"async\" width=\"529\" height=\"745\" src=\"https:\/\/www.eren.ch\/hautesjoux\/wp-content\/uploads\/sites\/12\/2025\/12\/Noel-les-Ponts-A4-pdf.jpg\" alt=\"\" class=\"wp-image-1456\"\/><\/figure>\n\n\n\n<h2 class=\"wp-block-heading\" id=\"h-celebration-de-noel-aux-locle\" style=\"font-size:28px\">C\u00e9l\u00e9bration de No\u00ebl aux Locle<\/h2>\n\n\n\n<figure class=\"wp-block-gallery has-nested-images columns-default is-cropped wp-block-gallery-1 is-layout-flex wp-block-gallery-is-layout-flex\">\n<figure class=\"wp-block-image size-large\"><img loading=\"lazy\" decoding=\"async\" width=\"312\" height=\"473\" data-id=\"1462\" src=\"https:\/\/www.eren.ch\/hautesjoux\/wp-content\/uploads\/sites\/12\/2025\/12\/Image3.png\" alt=\"\" class=\"wp-image-1462\" srcset=\"https:\/\/www.eren.ch\/hautesjoux\/wp-content\/uploads\/sites\/12\/2025\/12\/Image3.png 312w, https:\/\/www.eren.ch\/hautesjoux\/wp-content\/uploads\/sites\/12\/2025\/12\/Image3-198x300.png 198w\" sizes=\"auto, (max-width: 312px) 85vw, 312px\" \/><\/figure>\n<\/figure>\n\n\n\n<p><\/p>\n\n\n\n<h2 class=\"wp-block-heading\" id=\"h-celebration-de-noel-a-la-brevine\">C\u00e9l\u00e9bration de No\u00ebl \u00e0 la Br\u00e9vine<\/h2>\n\n\n\n<p>dimanche 21 d\u00e9cembre \u00e0 20h00 au Temple de la Br\u00e9vine, Christine Hahn<\/p>\n\n\n\n<p style=\"font-size:28px\"><strong>C\u00e9l\u00e9bration de No\u00ebl au Brenets<\/strong><\/p>\n\n\n\n<p>Dimanche 21 d\u00e9cembre \u00e0 17h00 \u00e0 la chapelle des Brenets, C\u00e9l\u00e9bration \u0153cum\u00e9nique \u00ab\u00a0Raconter No\u00ebl avec des marionnettes\u00a0faites par les enfants\u00bb<br><em>Quentin Beck, R\u00e9mi Steinmyller, Vanessa Lucena et une \u00e9quipe de b\u00e9n\u00e9voles<\/em><\/p>\n\n\n\n<p><\/p>\n","protected":false},"excerpt":{"rendered":"<p>C\u00e9l\u00e9bration de No\u00ebl au Ponts-de-Martel C\u00e9l\u00e9bration de No\u00ebl aux Locle C\u00e9l\u00e9bration de No\u00ebl \u00e0 la Br\u00e9vine dimanche 21 d\u00e9cembre \u00e0 20h00 au Temple de la Br\u00e9vine, Christine Hahn C\u00e9l\u00e9bration de No\u00ebl au Brenets Dimanche 21 d\u00e9cembre \u00e0 17h00 \u00e0 la chapelle des Brenets, C\u00e9l\u00e9bration \u0153cum\u00e9nique \u00ab\u00a0Raconter No\u00ebl avec des marionnettes\u00a0faites par les enfants\u00bbQuentin Beck, R\u00e9mi &hellip; <a href=\"https:\/\/www.eren.ch\/hautesjoux\/noel\/\" class=\"more-link\">Continuer la lecture<span class=\"screen-reader-text\"> de &laquo;&nbsp;No\u00ebl 2025&nbsp;&raquo;<\/span><\/a><\/p>\n","protected":false},"author":22,"featured_media":0,"parent":0,"menu_order":2,"comment_status":"closed","ping_status":"closed","template":"","meta":{"footnotes":""},"class_list":["post-696","page","type-page","status-publish","hentry"],"yoast_head":"<!-- This site is optimized with the Yoast SEO Premium plugin v27.6 (Yoast SEO v27.6) - https:\/\/yoast.com\/product\/yoast-seo-premium-wordpress\/ -->\n<title>No\u00ebl 2025 &#8226; Paroisse des Hautes Joux<\/title>\n<meta name=\"robots\" content=\"index, follow, max-snippet:-1, max-image-preview:large, max-video-preview:-1\" \/>\n<link rel=\"canonical\" href=\"https:\/\/www.eren.ch\/hautesjoux\/noel\/\" \/>\n<meta property=\"og:locale\" content=\"fr_FR\" \/>\n<meta property=\"og:type\" content=\"article\" \/>\n<meta property=\"og:title\" content=\"No\u00ebl 2025\" \/>\n<meta property=\"og:description\" content=\"C\u00e9l\u00e9bration de No\u00ebl au Ponts-de-Martel C\u00e9l\u00e9bration de No\u00ebl aux Locle C\u00e9l\u00e9bration de No\u00ebl \u00e0 la Br\u00e9vine dimanche 21 d\u00e9cembre \u00e0 20h00 au Temple de la Br\u00e9vine, Christine Hahn C\u00e9l\u00e9bration de No\u00ebl au Brenets Dimanche 21 d\u00e9cembre \u00e0 17h00 \u00e0 la chapelle des Brenets, C\u00e9l\u00e9bration \u0153cum\u00e9nique \u00ab\u00a0Raconter No\u00ebl avec des marionnettes\u00a0faites par les enfants\u00bbQuentin Beck, R\u00e9mi &hellip; Continuer la lecture de &laquo;&nbsp;No\u00ebl 2025&nbsp;&raquo;\" \/>\n<meta property=\"og:url\" content=\"https:\/\/www.eren.ch\/hautesjoux\/noel\/\" \/>\n<meta property=\"og:site_name\" content=\"Paroisse des Hautes Joux\" \/>\n<meta property=\"article:publisher\" content=\"https:\/\/www.facebook.com\/HautesJoux\" \/>\n<meta property=\"article:modified_time\" content=\"2025-12-03T07:49:18+00:00\" \/>\n<meta name=\"twitter:card\" content=\"summary_large_image\" \/>\n<meta name=\"twitter:label1\" content=\"Dur\u00e9e de lecture estim\u00e9e\" \/>\n\t<meta name=\"twitter:data1\" content=\"1 minute\" \/>\n<script type=\"application\/ld+json\" class=\"yoast-schema-graph\">{\"@context\":\"https:\\\/\\\/schema.org\",\"@graph\":[{\"@type\":\"WebPage\",\"@id\":\"https:\\\/\\\/www.eren.ch\\\/hautesjoux\\\/noel\\\/\",\"url\":\"https:\\\/\\\/www.eren.ch\\\/hautesjoux\\\/noel\\\/\",\"name\":\"No\u00ebl 2025 &#8226; Paroisse des Hautes Joux\",\"isPartOf\":{\"@id\":\"https:\\\/\\\/www.eren.ch\\\/hautesjoux\\\/#website\"},\"primaryImageOfPage\":{\"@id\":\"https:\\\/\\\/www.eren.ch\\\/hautesjoux\\\/noel\\\/#primaryimage\"},\"image\":{\"@id\":\"https:\\\/\\\/www.eren.ch\\\/hautesjoux\\\/noel\\\/#primaryimage\"},\"thumbnailUrl\":\"https:\\\/\\\/www.eren.ch\\\/hautesjoux\\\/wp-content\\\/uploads\\\/sites\\\/12\\\/2025\\\/12\\\/Noel-les-Ponts-A4-pdf.jpg\",\"datePublished\":\"2021-12-11T09:34:49+00:00\",\"dateModified\":\"2025-12-03T07:49:18+00:00\",\"breadcrumb\":{\"@id\":\"https:\\\/\\\/www.eren.ch\\\/hautesjoux\\\/noel\\\/#breadcrumb\"},\"inLanguage\":\"fr-FR\",\"potentialAction\":[{\"@type\":\"ReadAction\",\"target\":[\"https:\\\/\\\/www.eren.ch\\\/hautesjoux\\\/noel\\\/\"]}]},{\"@type\":\"ImageObject\",\"inLanguage\":\"fr-FR\",\"@id\":\"https:\\\/\\\/www.eren.ch\\\/hautesjoux\\\/noel\\\/#primaryimage\",\"url\":\"https:\\\/\\\/www.eren.ch\\\/hautesjoux\\\/wp-content\\\/uploads\\\/sites\\\/12\\\/2025\\\/12\\\/Noel-les-Ponts-A4-pdf.jpg\",\"contentUrl\":\"https:\\\/\\\/www.eren.ch\\\/hautesjoux\\\/wp-content\\\/uploads\\\/sites\\\/12\\\/2025\\\/12\\\/Noel-les-Ponts-A4-pdf.jpg\"},{\"@type\":\"BreadcrumbList\",\"@id\":\"https:\\\/\\\/www.eren.ch\\\/hautesjoux\\\/noel\\\/#breadcrumb\",\"itemListElement\":[{\"@type\":\"ListItem\",\"position\":1,\"name\":\"Accueil\",\"item\":\"https:\\\/\\\/www.eren.ch\\\/hautesjoux\\\/\"},{\"@type\":\"ListItem\",\"position\":2,\"name\":\"No\u00ebl 2025\"}]},{\"@type\":\"WebSite\",\"@id\":\"https:\\\/\\\/www.eren.ch\\\/hautesjoux\\\/#website\",\"url\":\"https:\\\/\\\/www.eren.ch\\\/hautesjoux\\\/\",\"name\":\"Paroisse des Hautes Joux\",\"description\":\"Paroisse r\u00e9form\u00e9e du district du Locle\",\"publisher\":{\"@id\":\"https:\\\/\\\/www.eren.ch\\\/hautesjoux\\\/#organization\"},\"potentialAction\":[{\"@type\":\"SearchAction\",\"target\":{\"@type\":\"EntryPoint\",\"urlTemplate\":\"https:\\\/\\\/www.eren.ch\\\/hautesjoux\\\/?s={search_term_string}\"},\"query-input\":{\"@type\":\"PropertyValueSpecification\",\"valueRequired\":true,\"valueName\":\"search_term_string\"}}],\"inLanguage\":\"fr-FR\"},{\"@type\":\"Organization\",\"@id\":\"https:\\\/\\\/www.eren.ch\\\/hautesjoux\\\/#organization\",\"name\":\"Paroisse des Hautes Joux\",\"url\":\"https:\\\/\\\/www.eren.ch\\\/hautesjoux\\\/\",\"logo\":{\"@type\":\"ImageObject\",\"inLanguage\":\"fr-FR\",\"@id\":\"https:\\\/\\\/www.eren.ch\\\/hautesjoux\\\/#\\\/schema\\\/logo\\\/image\\\/\",\"url\":\"https:\\\/\\\/www.eren.ch\\\/hautesjoux\\\/wp-content\\\/uploads\\\/sites\\\/12\\\/2019\\\/12\\\/logo-eren-carre.jpg\",\"contentUrl\":\"https:\\\/\\\/www.eren.ch\\\/hautesjoux\\\/wp-content\\\/uploads\\\/sites\\\/12\\\/2019\\\/12\\\/logo-eren-carre.jpg\",\"width\":512,\"height\":512,\"caption\":\"Paroisse des Hautes Joux\"},\"image\":{\"@id\":\"https:\\\/\\\/www.eren.ch\\\/hautesjoux\\\/#\\\/schema\\\/logo\\\/image\\\/\"},\"sameAs\":[\"https:\\\/\\\/www.facebook.com\\\/HautesJoux\"]}]}<\/script>\n<!-- \/ Yoast SEO Premium plugin. -->","yoast_head_json":{"title":"No\u00ebl 2025 &#8226; Paroisse des Hautes Joux","robots":{"index":"index","follow":"follow","max-snippet":"max-snippet:-1","max-image-preview":"max-image-preview:large","max-video-preview":"max-video-preview:-1"},"canonical":"https:\/\/www.eren.ch\/hautesjoux\/noel\/","og_locale":"fr_FR","og_type":"article","og_title":"No\u00ebl 2025","og_description":"C\u00e9l\u00e9bration de No\u00ebl au Ponts-de-Martel C\u00e9l\u00e9bration de No\u00ebl aux Locle C\u00e9l\u00e9bration de No\u00ebl \u00e0 la Br\u00e9vine dimanche 21 d\u00e9cembre \u00e0 20h00 au Temple de la Br\u00e9vine, Christine Hahn C\u00e9l\u00e9bration de No\u00ebl au Brenets Dimanche 21 d\u00e9cembre \u00e0 17h00 \u00e0 la chapelle des Brenets, C\u00e9l\u00e9bration \u0153cum\u00e9nique \u00ab\u00a0Raconter No\u00ebl avec des marionnettes\u00a0faites par les enfants\u00bbQuentin Beck, R\u00e9mi &hellip; Continuer la lecture de &laquo;&nbsp;No\u00ebl 2025&nbsp;&raquo;","og_url":"https:\/\/www.eren.ch\/hautesjoux\/noel\/","og_site_name":"Paroisse des Hautes Joux","article_publisher":"https:\/\/www.facebook.com\/HautesJoux","article_modified_time":"2025-12-03T07:49:18+00:00","twitter_card":"summary_large_image","twitter_misc":{"Dur\u00e9e de lecture estim\u00e9e":"1 minute"},"schema":{"@context":"https:\/\/schema.org","@graph":[{"@type":"WebPage","@id":"https:\/\/www.eren.ch\/hautesjoux\/noel\/","url":"https:\/\/www.eren.ch\/hautesjoux\/noel\/","name":"No\u00ebl 2025 &#8226; Paroisse des Hautes Joux","isPartOf":{"@id":"https:\/\/www.eren.ch\/hautesjoux\/#website"},"primaryImageOfPage":{"@id":"https:\/\/www.eren.ch\/hautesjoux\/noel\/#primaryimage"},"image":{"@id":"https:\/\/www.eren.ch\/hautesjoux\/noel\/#primaryimage"},"thumbnailUrl":"https:\/\/www.eren.ch\/hautesjoux\/wp-content\/uploads\/sites\/12\/2025\/12\/Noel-les-Ponts-A4-pdf.jpg","datePublished":"2021-12-11T09:34:49+00:00","dateModified":"2025-12-03T07:49:18+00:00","breadcrumb":{"@id":"https:\/\/www.eren.ch\/hautesjoux\/noel\/#breadcrumb"},"inLanguage":"fr-FR","potentialAction":[{"@type":"ReadAction","target":["https:\/\/www.eren.ch\/hautesjoux\/noel\/"]}]},{"@type":"ImageObject","inLanguage":"fr-FR","@id":"https:\/\/www.eren.ch\/hautesjoux\/noel\/#primaryimage","url":"https:\/\/www.eren.ch\/hautesjoux\/wp-content\/uploads\/sites\/12\/2025\/12\/Noel-les-Ponts-A4-pdf.jpg","contentUrl":"https:\/\/www.eren.ch\/hautesjoux\/wp-content\/uploads\/sites\/12\/2025\/12\/Noel-les-Ponts-A4-pdf.jpg"},{"@type":"BreadcrumbList","@id":"https:\/\/www.eren.ch\/hautesjoux\/noel\/#breadcrumb","itemListElement":[{"@type":"ListItem","position":1,"name":"Accueil","item":"https:\/\/www.eren.ch\/hautesjoux\/"},{"@type":"ListItem","position":2,"name":"No\u00ebl 2025"}]},{"@type":"WebSite","@id":"https:\/\/www.eren.ch\/hautesjoux\/#website","url":"https:\/\/www.eren.ch\/hautesjoux\/","name":"Paroisse des Hautes Joux","description":"Paroisse r\u00e9form\u00e9e du district du Locle","publisher":{"@id":"https:\/\/www.eren.ch\/hautesjoux\/#organization"},"potentialAction":[{"@type":"SearchAction","target":{"@type":"EntryPoint","urlTemplate":"https:\/\/www.eren.ch\/hautesjoux\/?s={search_term_string}"},"query-input":{"@type":"PropertyValueSpecification","valueRequired":true,"valueName":"search_term_string"}}],"inLanguage":"fr-FR"},{"@type":"Organization","@id":"https:\/\/www.eren.ch\/hautesjoux\/#organization","name":"Paroisse des Hautes Joux","url":"https:\/\/www.eren.ch\/hautesjoux\/","logo":{"@type":"ImageObject","inLanguage":"fr-FR","@id":"https:\/\/www.eren.ch\/hautesjoux\/#\/schema\/logo\/image\/","url":"https:\/\/www.eren.ch\/hautesjoux\/wp-content\/uploads\/sites\/12\/2019\/12\/logo-eren-carre.jpg","contentUrl":"https:\/\/www.eren.ch\/hautesjoux\/wp-content\/uploads\/sites\/12\/2019\/12\/logo-eren-carre.jpg","width":512,"height":512,"caption":"Paroisse des Hautes Joux"},"image":{"@id":"https:\/\/www.eren.ch\/hautesjoux\/#\/schema\/logo\/image\/"},"sameAs":["https:\/\/www.facebook.com\/HautesJoux"]}]}},"_links":{"self":[{"href":"https:\/\/www.eren.ch\/hautesjoux\/wp-json\/wp\/v2\/pages\/696","targetHints":{"allow":["GET"]}}],"collection":[{"href":"https:\/\/www.eren.ch\/hautesjoux\/wp-json\/wp\/v2\/pages"}],"about":[{"href":"https:\/\/www.eren.ch\/hautesjoux\/wp-json\/wp\/v2\/types\/page"}],"author":[{"embeddable":true,"href":"https:\/\/www.eren.ch\/hautesjoux\/wp-json\/wp\/v2\/users\/22"}],"replies":[{"embeddable":true,"href":"https:\/\/www.eren.ch\/hautesjoux\/wp-json\/wp\/v2\/comments?post=696"}],"version-history":[{"count":14,"href":"https:\/\/www.eren.ch\/hautesjoux\/wp-json\/wp\/v2\/pages\/696\/revisions"}],"predecessor-version":[{"id":1465,"href":"https:\/\/www.eren.ch\/hautesjoux\/wp-json\/wp\/v2\/pages\/696\/revisions\/1465"}],"wp:attachment":[{"href":"https:\/\/www.eren.ch\/hautesjoux\/wp-json\/wp\/v2\/media?parent=696"}],"curies":[{"name":"wp","href":"https:\/\/api.w.org\/{rel}","templated":true}]}}