{"id":34,"date":"2022-03-24T10:46:30","date_gmt":"2022-03-24T09:46:30","guid":{"rendered":"https:\/\/www.eren.ch\/joran\/batiments\/salles-a-louer\/boudry\/"},"modified":"2023-10-19T17:21:59","modified_gmt":"2023-10-19T15:21:59","slug":"boudry","status":"publish","type":"page","link":"https:\/\/www.eren.ch\/joran\/salles-a-louer\/boudry\/","title":{"rendered":"Cure des Vermondins \u00e0 Boudry"},"content":{"rendered":"\n<p>Cure des Vermondins<br>Rue des Vermondins 18<br>2017 Boudry<\/p>\n\n\n\n<p>R\u00e9servations: +41 32 841 58 24 (aux <a href=\"https:\/\/www.eren.ch\/joran\/contacts\/\" target=\"_blank\" rel=\"noreferrer noopener\">heures d&rsquo;ouverture<\/a> du secr\u00e9tariat) ou\u00a0<a href=\"mailto:joran@eren.ch\">joran@eren.ch<\/a> OU <a href=\"https:\/\/gelore.ne.ch\/app\/gelore2_145\/DBP_GEWEB_FORM.affFormHome?myPiSocId=58&amp;myPiCheck=2175112307&amp;myPiMode=52420&amp;myPiLang=FR\">Acc\u00e8s aux r\u00e9servations de salles<\/a><\/p>\n\n\n\n<h3 class=\"wp-block-heading\" id=\"h-grande-salle\">Grande salle<\/h3>\n\n\n\n<ul class=\"wp-block-list\">\n<li>Max. 30 pl. (Tables &amp; chaises)<\/li>\n\n\n\n<li>Rez-de-chauss\u00e9e<\/li>\n\n\n\n<li>Piano<\/li>\n\n\n\n<li>Verres \u00e0 dispo<\/li>\n\n\n\n<li>Acc\u00e8s \u00e9vier<\/li>\n<\/ul>\n\n\n\n<figure class=\"wp-block-image size-large\"><img loading=\"lazy\" decoding=\"async\" width=\"1024\" height=\"768\" src=\"https:\/\/www.eren.ch\/joran\/wp-content\/uploads\/sites\/17\/2022\/12\/boudry-1-1-1024x768.jpg\" alt=\"\" class=\"wp-image-405\" srcset=\"https:\/\/www.eren.ch\/joran\/wp-content\/uploads\/sites\/17\/2022\/12\/boudry-1-1-1024x768.jpg 1024w, https:\/\/www.eren.ch\/joran\/wp-content\/uploads\/sites\/17\/2022\/12\/boudry-1-1-300x225.jpg 300w, https:\/\/www.eren.ch\/joran\/wp-content\/uploads\/sites\/17\/2022\/12\/boudry-1-1-768x576.jpg 768w, https:\/\/www.eren.ch\/joran\/wp-content\/uploads\/sites\/17\/2022\/12\/boudry-1-1-1200x900.jpg 1200w, https:\/\/www.eren.ch\/joran\/wp-content\/uploads\/sites\/17\/2022\/12\/boudry-1-1.jpg 1500w\" sizes=\"auto, (max-width: 709px) 85vw, (max-width: 909px) 67vw, (max-width: 1362px) 62vw, 840px\" \/><\/figure>\n\n\n\n<h3 class=\"wp-block-heading\" id=\"h-salle-la-chapelle-reservee-a-des-temps-de-spiritualite\">Salle \u00abLa Chapelle\u00bb (r\u00e9serv\u00e9e \u00e0 des temps de spiritualit\u00e9)<\/h3>\n\n\n\n<ul class=\"wp-block-list\">\n<li>Max. 20 pl. (Bancs ou coussins)<\/li>\n\n\n\n<li>Rez-de-chauss\u00e9e<\/li>\n\n\n\n<li>Chaises et tables, \u00e9ventuellement \u00e0 disposition dans la grande salle (sur demande)<\/li>\n<\/ul>\n\n\n\n<figure class=\"wp-block-image size-large\"><img loading=\"lazy\" decoding=\"async\" width=\"1024\" height=\"768\" src=\"https:\/\/www.eren.ch\/joran\/wp-content\/uploads\/sites\/17\/2022\/12\/boudry-2-1-1024x768.jpg\" alt=\"\" class=\"wp-image-406\" srcset=\"https:\/\/www.eren.ch\/joran\/wp-content\/uploads\/sites\/17\/2022\/12\/boudry-2-1-1024x768.jpg 1024w, https:\/\/www.eren.ch\/joran\/wp-content\/uploads\/sites\/17\/2022\/12\/boudry-2-1-300x225.jpg 300w, https:\/\/www.eren.ch\/joran\/wp-content\/uploads\/sites\/17\/2022\/12\/boudry-2-1-768x576.jpg 768w, https:\/\/www.eren.ch\/joran\/wp-content\/uploads\/sites\/17\/2022\/12\/boudry-2-1-1200x900.jpg 1200w, https:\/\/www.eren.ch\/joran\/wp-content\/uploads\/sites\/17\/2022\/12\/boudry-2-1.jpg 1500w\" sizes=\"auto, (max-width: 709px) 85vw, (max-width: 909px) 67vw, (max-width: 1362px) 62vw, 840px\" \/><\/figure>\n","protected":false},"excerpt":{"rendered":"<p>Cure des VermondinsRue des Vermondins 182017 Boudry R\u00e9servations: +41 32 841 58 24 (aux heures d&rsquo;ouverture du secr\u00e9tariat) ou\u00a0joran@eren.ch OU Acc\u00e8s aux r\u00e9servations de salles Grande salle Salle \u00abLa Chapelle\u00bb (r\u00e9serv\u00e9e \u00e0 des temps de spiritualit\u00e9)<\/p>\n","protected":false},"author":1,"featured_media":0,"parent":31,"menu_order":25,"comment_status":"closed","ping_status":"closed","template":"","meta":{"footnotes":""},"class_list":["post-34","page","type-page","status-publish","hentry"],"yoast_head":"<!-- This site is optimized with the Yoast SEO Premium plugin v27.3 (Yoast SEO v27.3) - https:\/\/yoast.com\/product\/yoast-seo-premium-wordpress\/ -->\n<title>Cure des Vermondins \u00e0 Boudry - Paroisse du Joran<\/title>\n<meta name=\"robots\" content=\"index, follow, max-snippet:-1, max-image-preview:large, max-video-preview:-1\" \/>\n<link rel=\"canonical\" href=\"https:\/\/www.eren.ch\/joran\/salles-a-louer\/boudry\/\" \/>\n<meta property=\"og:locale\" content=\"fr_FR\" \/>\n<meta property=\"og:type\" content=\"article\" \/>\n<meta property=\"og:title\" content=\"Cure des Vermondins \u00e0 Boudry\" \/>\n<meta property=\"og:description\" content=\"Cure des VermondinsRue des Vermondins 182017 Boudry R\u00e9servations: +41 32 841 58 24 (aux heures d&rsquo;ouverture du secr\u00e9tariat) ou\u00a0joran@eren.ch OU Acc\u00e8s aux r\u00e9servations de salles Grande salle Salle \u00abLa Chapelle\u00bb (r\u00e9serv\u00e9e \u00e0 des temps de spiritualit\u00e9)\" \/>\n<meta property=\"og:url\" content=\"https:\/\/www.eren.ch\/joran\/salles-a-louer\/boudry\/\" \/>\n<meta property=\"og:site_name\" content=\"Paroisse du Joran\" \/>\n<meta property=\"article:modified_time\" content=\"2023-10-19T15:21:59+00:00\" \/>\n<meta property=\"og:image\" content=\"https:\/\/www.eren.ch\/joran\/wp-content\/uploads\/sites\/17\/2022\/12\/boudry-1-1-1024x768.jpg\" \/>\n<meta name=\"twitter:card\" content=\"summary_large_image\" \/>\n<meta name=\"twitter:label1\" content=\"Dur\u00e9e de lecture estim\u00e9e\" \/>\n\t<meta name=\"twitter:data1\" content=\"1 minute\" \/>\n<script type=\"application\/ld+json\" class=\"yoast-schema-graph\">{\"@context\":\"https:\\\/\\\/schema.org\",\"@graph\":[{\"@type\":\"WebPage\",\"@id\":\"https:\\\/\\\/www.eren.ch\\\/joran\\\/salles-a-louer\\\/boudry\\\/\",\"url\":\"https:\\\/\\\/www.eren.ch\\\/joran\\\/salles-a-louer\\\/boudry\\\/\",\"name\":\"Cure des Vermondins \u00e0 Boudry - Paroisse du Joran\",\"isPartOf\":{\"@id\":\"https:\\\/\\\/www.eren.ch\\\/joran\\\/#website\"},\"primaryImageOfPage\":{\"@id\":\"https:\\\/\\\/www.eren.ch\\\/joran\\\/salles-a-louer\\\/boudry\\\/#primaryimage\"},\"image\":{\"@id\":\"https:\\\/\\\/www.eren.ch\\\/joran\\\/salles-a-louer\\\/boudry\\\/#primaryimage\"},\"thumbnailUrl\":\"https:\\\/\\\/www.eren.ch\\\/joran\\\/wp-content\\\/uploads\\\/sites\\\/17\\\/2022\\\/12\\\/boudry-1-1-1024x768.jpg\",\"datePublished\":\"2022-03-24T09:46:30+00:00\",\"dateModified\":\"2023-10-19T15:21:59+00:00\",\"breadcrumb\":{\"@id\":\"https:\\\/\\\/www.eren.ch\\\/joran\\\/salles-a-louer\\\/boudry\\\/#breadcrumb\"},\"inLanguage\":\"fr-FR\",\"potentialAction\":[{\"@type\":\"ReadAction\",\"target\":[\"https:\\\/\\\/www.eren.ch\\\/joran\\\/salles-a-louer\\\/boudry\\\/\"]}]},{\"@type\":\"ImageObject\",\"inLanguage\":\"fr-FR\",\"@id\":\"https:\\\/\\\/www.eren.ch\\\/joran\\\/salles-a-louer\\\/boudry\\\/#primaryimage\",\"url\":\"https:\\\/\\\/www.eren.ch\\\/joran\\\/wp-content\\\/uploads\\\/sites\\\/17\\\/2022\\\/12\\\/boudry-1-1.jpg\",\"contentUrl\":\"https:\\\/\\\/www.eren.ch\\\/joran\\\/wp-content\\\/uploads\\\/sites\\\/17\\\/2022\\\/12\\\/boudry-1-1.jpg\",\"width\":1500,\"height\":1125},{\"@type\":\"BreadcrumbList\",\"@id\":\"https:\\\/\\\/www.eren.ch\\\/joran\\\/salles-a-louer\\\/boudry\\\/#breadcrumb\",\"itemListElement\":[{\"@type\":\"ListItem\",\"position\":1,\"name\":\"Accueil\",\"item\":\"https:\\\/\\\/www.eren.ch\\\/joran\\\/\"},{\"@type\":\"ListItem\",\"position\":2,\"name\":\"Salles \u00e0 louer\",\"item\":\"https:\\\/\\\/www.eren.ch\\\/joran\\\/salles-a-louer\\\/\"},{\"@type\":\"ListItem\",\"position\":3,\"name\":\"Cure des Vermondins \u00e0 Boudry\"}]},{\"@type\":\"WebSite\",\"@id\":\"https:\\\/\\\/www.eren.ch\\\/joran\\\/#website\",\"url\":\"https:\\\/\\\/www.eren.ch\\\/joran\\\/\",\"name\":\"Paroisse du Joran\",\"description\":\"Boudry, Cortaillod et La Grande B\u00e9roche\",\"publisher\":{\"@id\":\"https:\\\/\\\/www.eren.ch\\\/joran\\\/#organization\"},\"potentialAction\":[{\"@type\":\"SearchAction\",\"target\":{\"@type\":\"EntryPoint\",\"urlTemplate\":\"https:\\\/\\\/www.eren.ch\\\/joran\\\/?s={search_term_string}\"},\"query-input\":{\"@type\":\"PropertyValueSpecification\",\"valueRequired\":true,\"valueName\":\"search_term_string\"}}],\"inLanguage\":\"fr-FR\"},{\"@type\":\"Organization\",\"@id\":\"https:\\\/\\\/www.eren.ch\\\/joran\\\/#organization\",\"name\":\"Paroisse du Joran\",\"url\":\"https:\\\/\\\/www.eren.ch\\\/joran\\\/\",\"logo\":{\"@type\":\"ImageObject\",\"inLanguage\":\"fr-FR\",\"@id\":\"https:\\\/\\\/www.eren.ch\\\/joran\\\/#\\\/schema\\\/logo\\\/image\\\/\",\"url\":\"https:\\\/\\\/www.eren.ch\\\/joran\\\/wp-content\\\/uploads\\\/sites\\\/17\\\/2022\\\/11\\\/logo-joran.png\",\"contentUrl\":\"https:\\\/\\\/www.eren.ch\\\/joran\\\/wp-content\\\/uploads\\\/sites\\\/17\\\/2022\\\/11\\\/logo-joran.png\",\"width\":240,\"height\":117,\"caption\":\"Paroisse du Joran\"},\"image\":{\"@id\":\"https:\\\/\\\/www.eren.ch\\\/joran\\\/#\\\/schema\\\/logo\\\/image\\\/\"}}]}<\/script>\n<!-- \/ Yoast SEO Premium plugin. -->","yoast_head_json":{"title":"Cure des Vermondins \u00e0 Boudry - Paroisse du Joran","robots":{"index":"index","follow":"follow","max-snippet":"max-snippet:-1","max-image-preview":"max-image-preview:large","max-video-preview":"max-video-preview:-1"},"canonical":"https:\/\/www.eren.ch\/joran\/salles-a-louer\/boudry\/","og_locale":"fr_FR","og_type":"article","og_title":"Cure des Vermondins \u00e0 Boudry","og_description":"Cure des VermondinsRue des Vermondins 182017 Boudry R\u00e9servations: +41 32 841 58 24 (aux heures d&rsquo;ouverture du secr\u00e9tariat) ou\u00a0joran@eren.ch OU Acc\u00e8s aux r\u00e9servations de salles Grande salle Salle \u00abLa Chapelle\u00bb (r\u00e9serv\u00e9e \u00e0 des temps de spiritualit\u00e9)","og_url":"https:\/\/www.eren.ch\/joran\/salles-a-louer\/boudry\/","og_site_name":"Paroisse du Joran","article_modified_time":"2023-10-19T15:21:59+00:00","og_image":[{"url":"https:\/\/www.eren.ch\/joran\/wp-content\/uploads\/sites\/17\/2022\/12\/boudry-1-1-1024x768.jpg","type":"","width":"","height":""}],"twitter_card":"summary_large_image","twitter_misc":{"Dur\u00e9e de lecture estim\u00e9e":"1 minute"},"schema":{"@context":"https:\/\/schema.org","@graph":[{"@type":"WebPage","@id":"https:\/\/www.eren.ch\/joran\/salles-a-louer\/boudry\/","url":"https:\/\/www.eren.ch\/joran\/salles-a-louer\/boudry\/","name":"Cure des Vermondins \u00e0 Boudry - Paroisse du Joran","isPartOf":{"@id":"https:\/\/www.eren.ch\/joran\/#website"},"primaryImageOfPage":{"@id":"https:\/\/www.eren.ch\/joran\/salles-a-louer\/boudry\/#primaryimage"},"image":{"@id":"https:\/\/www.eren.ch\/joran\/salles-a-louer\/boudry\/#primaryimage"},"thumbnailUrl":"https:\/\/www.eren.ch\/joran\/wp-content\/uploads\/sites\/17\/2022\/12\/boudry-1-1-1024x768.jpg","datePublished":"2022-03-24T09:46:30+00:00","dateModified":"2023-10-19T15:21:59+00:00","breadcrumb":{"@id":"https:\/\/www.eren.ch\/joran\/salles-a-louer\/boudry\/#breadcrumb"},"inLanguage":"fr-FR","potentialAction":[{"@type":"ReadAction","target":["https:\/\/www.eren.ch\/joran\/salles-a-louer\/boudry\/"]}]},{"@type":"ImageObject","inLanguage":"fr-FR","@id":"https:\/\/www.eren.ch\/joran\/salles-a-louer\/boudry\/#primaryimage","url":"https:\/\/www.eren.ch\/joran\/wp-content\/uploads\/sites\/17\/2022\/12\/boudry-1-1.jpg","contentUrl":"https:\/\/www.eren.ch\/joran\/wp-content\/uploads\/sites\/17\/2022\/12\/boudry-1-1.jpg","width":1500,"height":1125},{"@type":"BreadcrumbList","@id":"https:\/\/www.eren.ch\/joran\/salles-a-louer\/boudry\/#breadcrumb","itemListElement":[{"@type":"ListItem","position":1,"name":"Accueil","item":"https:\/\/www.eren.ch\/joran\/"},{"@type":"ListItem","position":2,"name":"Salles \u00e0 louer","item":"https:\/\/www.eren.ch\/joran\/salles-a-louer\/"},{"@type":"ListItem","position":3,"name":"Cure des Vermondins \u00e0 Boudry"}]},{"@type":"WebSite","@id":"https:\/\/www.eren.ch\/joran\/#website","url":"https:\/\/www.eren.ch\/joran\/","name":"Paroisse du Joran","description":"Boudry, Cortaillod et La Grande B\u00e9roche","publisher":{"@id":"https:\/\/www.eren.ch\/joran\/#organization"},"potentialAction":[{"@type":"SearchAction","target":{"@type":"EntryPoint","urlTemplate":"https:\/\/www.eren.ch\/joran\/?s={search_term_string}"},"query-input":{"@type":"PropertyValueSpecification","valueRequired":true,"valueName":"search_term_string"}}],"inLanguage":"fr-FR"},{"@type":"Organization","@id":"https:\/\/www.eren.ch\/joran\/#organization","name":"Paroisse du Joran","url":"https:\/\/www.eren.ch\/joran\/","logo":{"@type":"ImageObject","inLanguage":"fr-FR","@id":"https:\/\/www.eren.ch\/joran\/#\/schema\/logo\/image\/","url":"https:\/\/www.eren.ch\/joran\/wp-content\/uploads\/sites\/17\/2022\/11\/logo-joran.png","contentUrl":"https:\/\/www.eren.ch\/joran\/wp-content\/uploads\/sites\/17\/2022\/11\/logo-joran.png","width":240,"height":117,"caption":"Paroisse du Joran"},"image":{"@id":"https:\/\/www.eren.ch\/joran\/#\/schema\/logo\/image\/"}}]}},"_links":{"self":[{"href":"https:\/\/www.eren.ch\/joran\/wp-json\/wp\/v2\/pages\/34","targetHints":{"allow":["GET"]}}],"collection":[{"href":"https:\/\/www.eren.ch\/joran\/wp-json\/wp\/v2\/pages"}],"about":[{"href":"https:\/\/www.eren.ch\/joran\/wp-json\/wp\/v2\/types\/page"}],"author":[{"embeddable":true,"href":"https:\/\/www.eren.ch\/joran\/wp-json\/wp\/v2\/users\/1"}],"replies":[{"embeddable":true,"href":"https:\/\/www.eren.ch\/joran\/wp-json\/wp\/v2\/comments?post=34"}],"version-history":[{"count":0,"href":"https:\/\/www.eren.ch\/joran\/wp-json\/wp\/v2\/pages\/34\/revisions"}],"up":[{"embeddable":true,"href":"https:\/\/www.eren.ch\/joran\/wp-json\/wp\/v2\/pages\/31"}],"wp:attachment":[{"href":"https:\/\/www.eren.ch\/joran\/wp-json\/wp\/v2\/media?parent=34"}],"curies":[{"name":"wp","href":"https:\/\/api.w.org\/{rel}","templated":true}]}}