{"id":81,"date":"2022-03-24T10:53:25","date_gmt":"2022-03-24T09:53:25","guid":{"rendered":"https:\/\/www.eren.ch\/joran\/solidarite\/terre-nouvelle\/"},"modified":"2026-03-22T14:57:30","modified_gmt":"2026-03-22T13:57:30","slug":"terre-nouvelle","status":"publish","type":"page","link":"https:\/\/www.eren.ch\/joran\/solidarite\/terre-nouvelle\/","title":{"rendered":"Terre Nouvelle"},"content":{"rendered":"\n<p class=\"has-bright-blue-color has-text-color has-link-color wp-elements-ce07153ddfeaa6edaaf09d1701403eda\" style=\"font-size:18px\"><strong>C&rsquo;est le nom sous lequel on d\u00e9signe, dans les \u00c9glises r\u00e9form\u00e9es romandes, l\u2019action des deux grandes \u0152uvres d\u2019entraide protestantes de Suisse:<\/strong><\/p>\n\n\n\n<ul class=\"wp-block-list\">\n<li><a href=\"http:\/\/www.heks.ch\/fr\/\">EPER (Entraide protestante Suisse) et&nbsp;<\/a><a href=\"https:\/\/painpourleprochain.ch\/\">PPP (Pain Pour le Prochain)&nbsp;<\/a>ont fusionn\u00e9 EPS (entraide protestante suisse)<\/li>\n\n\n\n<li><a href=\"http:\/\/dmr.ch\/\">DM -Dynamique dans l\u2019\u00e9change (D\u00e9partement missionnaire)<\/a><\/li>\n\n\n\n<li>La Conf\u00e9rence des Eglises romandes a publi\u00e9 un document rappelant les objectifs de Terre Nouvelle <a href=\"https:\/\/www.eren.ch\/joran\/wp-content\/uploads\/sites\/17\/2023\/10\/CER_Terre_nouvelle.pdf\">CER_Terre_nouvelle<\/a> \/ <a href=\"https:\/\/www.eren.ch\/joran\/wp-content\/uploads\/sites\/17\/2024\/03\/Vision-TN-JANVIER-2021-.pdf\">Vision-TN-JANVIER-2021<\/a><\/li>\n<\/ul>\n\n\n\n<p>Dans les paroisses, des \u00e9quipes locales \u0153uvrent en faveur de Terre Nouvelle. <\/p>\n\n\n\n<p>Au Joran, le groupe Terre Nouvelle est particuli\u00e8rement actif. Conscient de l\u2019imp\u00e9ratif de solidarit\u00e9 que nous avons envers les plus d\u00e9munis, le Conseil paroissial m\u00e8ne une politique responsable engag\u00e9e.<\/p>\n\n\n\n<p>Si un tel engagement vous int\u00e9resse, approchez-vous de Sylvie de Montmollin.<\/p>\n\n\n\n<p><strong>Contacts :<\/strong><br>Sylvie de Montmollin,&nbsp;<a href=\"mailto:sylviedemontmollin@bluewin.ch\">sylviedemontmollin@bluewin.ch<\/a>, +41 79 810 69 13<br>Christine Ph\u00e9bade Yana Bekima, <a href=\"mailto:christine.phebade@eren.ch\">christine.phebade@eren.ch<\/a>, +41 79 248 34 79<\/p>\n\n\n\n<h2 class=\"wp-block-heading\" id=\"h-actuel\">Actuel <\/h2>\n\n\n\n<h6 class=\"wp-block-heading has-bright-blue-color has-yellow-background-color has-text-color has-background has-link-color wp-elements-5b4d615ef39447a7c8de4df10812f309\" id=\"h-repas-solidaire-en-faveur-de-l-eper-samedi-25-avril-a-18h-a-la-cure-de-bevaix-avec-la-participation-de-pierre-andre-perriard-semencier-bio-a-cortaillod-et-boulanger-inscription-aupres-de-sylvie-de-montmollin\"><strong><a href=\"https:\/\/www.eren.ch\/joran\/wp-content\/uploads\/sites\/17\/2026\/03\/Repas-solidaire-avril-1.pdf\" id=\"https:\/\/www.eren.ch\/joran\/wp-content\/uploads\/sites\/17\/2026\/03\/Repas-solidaire-avril-1.pdf\">Repas solidaire en faveur de l&rsquo;EPER<\/a> samedi 25 avril \u00e0 18h \u00e0 la cure de Bevaix. Avec la participation de Pierre-Andr\u00e9 Perriard, semencier bio \u00e0 Cortaillod et boulanger. Inscription aupr\u00e8s de Sylvie de Montmollin.<\/strong><br><\/h6>\n\n\n\n<p style=\"font-size:13px\">Galerie photos 2025 Balade d&rsquo;automne<\/p>\n\n\n\n<figure class=\"wp-block-gallery has-nested-images columns-default is-cropped wp-block-gallery-1 is-layout-flex wp-block-gallery-is-layout-flex\">\n<figure class=\"wp-block-image size-large\"><img loading=\"lazy\" decoding=\"async\" width=\"768\" height=\"1024\" data-id=\"8768\" src=\"https:\/\/www.eren.ch\/joran\/wp-content\/uploads\/sites\/17\/2025\/11\/93461f20-7ae7-4e7f-bee4-c2752e077ccc-768x1024.jpg\" alt=\"\" class=\"wp-image-8768\" srcset=\"https:\/\/www.eren.ch\/joran\/wp-content\/uploads\/sites\/17\/2025\/11\/93461f20-7ae7-4e7f-bee4-c2752e077ccc-768x1024.jpg 768w, https:\/\/www.eren.ch\/joran\/wp-content\/uploads\/sites\/17\/2025\/11\/93461f20-7ae7-4e7f-bee4-c2752e077ccc-225x300.jpg 225w, https:\/\/www.eren.ch\/joran\/wp-content\/uploads\/sites\/17\/2025\/11\/93461f20-7ae7-4e7f-bee4-c2752e077ccc-1152x1536.jpg 1152w, https:\/\/www.eren.ch\/joran\/wp-content\/uploads\/sites\/17\/2025\/11\/93461f20-7ae7-4e7f-bee4-c2752e077ccc.jpg 1200w\" sizes=\"auto, (max-width: 768px) 85vw, 768px\" \/><\/figure>\n\n\n\n<figure class=\"wp-block-image size-large\"><img loading=\"lazy\" decoding=\"async\" width=\"768\" height=\"1024\" data-id=\"8757\" src=\"https:\/\/www.eren.ch\/joran\/wp-content\/uploads\/sites\/17\/2025\/11\/8cfebfe9-0a38-4eaf-ae72-49030395b81f-768x1024.jpg\" alt=\"\" class=\"wp-image-8757\" srcset=\"https:\/\/www.eren.ch\/joran\/wp-content\/uploads\/sites\/17\/2025\/11\/8cfebfe9-0a38-4eaf-ae72-49030395b81f-768x1024.jpg 768w, https:\/\/www.eren.ch\/joran\/wp-content\/uploads\/sites\/17\/2025\/11\/8cfebfe9-0a38-4eaf-ae72-49030395b81f-225x300.jpg 225w, https:\/\/www.eren.ch\/joran\/wp-content\/uploads\/sites\/17\/2025\/11\/8cfebfe9-0a38-4eaf-ae72-49030395b81f-1152x1536.jpg 1152w, https:\/\/www.eren.ch\/joran\/wp-content\/uploads\/sites\/17\/2025\/11\/8cfebfe9-0a38-4eaf-ae72-49030395b81f.jpg 1200w\" sizes=\"auto, (max-width: 768px) 85vw, 768px\" \/><\/figure>\n\n\n\n<figure class=\"wp-block-image size-large\"><img loading=\"lazy\" decoding=\"async\" width=\"768\" height=\"1024\" data-id=\"8760\" src=\"https:\/\/www.eren.ch\/joran\/wp-content\/uploads\/sites\/17\/2025\/11\/1d180677-034a-4833-ade2-969c5824b530-768x1024.jpg\" alt=\"\" class=\"wp-image-8760\" srcset=\"https:\/\/www.eren.ch\/joran\/wp-content\/uploads\/sites\/17\/2025\/11\/1d180677-034a-4833-ade2-969c5824b530-768x1024.jpg 768w, https:\/\/www.eren.ch\/joran\/wp-content\/uploads\/sites\/17\/2025\/11\/1d180677-034a-4833-ade2-969c5824b530-225x300.jpg 225w, https:\/\/www.eren.ch\/joran\/wp-content\/uploads\/sites\/17\/2025\/11\/1d180677-034a-4833-ade2-969c5824b530-1152x1536.jpg 1152w, https:\/\/www.eren.ch\/joran\/wp-content\/uploads\/sites\/17\/2025\/11\/1d180677-034a-4833-ade2-969c5824b530.jpg 1200w\" sizes=\"auto, (max-width: 768px) 85vw, 768px\" \/><\/figure>\n\n\n\n<figure class=\"wp-block-image size-large\"><img loading=\"lazy\" decoding=\"async\" width=\"768\" height=\"1024\" data-id=\"8762\" src=\"https:\/\/www.eren.ch\/joran\/wp-content\/uploads\/sites\/17\/2025\/11\/0ef4e9f2-ff98-4a69-9003-2a31df72439e-768x1024.jpg\" alt=\"\" class=\"wp-image-8762\" srcset=\"https:\/\/www.eren.ch\/joran\/wp-content\/uploads\/sites\/17\/2025\/11\/0ef4e9f2-ff98-4a69-9003-2a31df72439e-768x1024.jpg 768w, https:\/\/www.eren.ch\/joran\/wp-content\/uploads\/sites\/17\/2025\/11\/0ef4e9f2-ff98-4a69-9003-2a31df72439e-225x300.jpg 225w, https:\/\/www.eren.ch\/joran\/wp-content\/uploads\/sites\/17\/2025\/11\/0ef4e9f2-ff98-4a69-9003-2a31df72439e-1152x1536.jpg 1152w, https:\/\/www.eren.ch\/joran\/wp-content\/uploads\/sites\/17\/2025\/11\/0ef4e9f2-ff98-4a69-9003-2a31df72439e.jpg 1200w\" sizes=\"auto, (max-width: 768px) 85vw, 768px\" \/><\/figure>\n\n\n\n<figure class=\"wp-block-image size-large\"><img loading=\"lazy\" decoding=\"async\" width=\"768\" height=\"1024\" data-id=\"8766\" src=\"https:\/\/www.eren.ch\/joran\/wp-content\/uploads\/sites\/17\/2025\/11\/f8c8060e-42ee-4b76-aa7c-6f6cbb263dca-768x1024.jpg\" alt=\"\" class=\"wp-image-8766\" srcset=\"https:\/\/www.eren.ch\/joran\/wp-content\/uploads\/sites\/17\/2025\/11\/f8c8060e-42ee-4b76-aa7c-6f6cbb263dca-768x1024.jpg 768w, https:\/\/www.eren.ch\/joran\/wp-content\/uploads\/sites\/17\/2025\/11\/f8c8060e-42ee-4b76-aa7c-6f6cbb263dca-225x300.jpg 225w, https:\/\/www.eren.ch\/joran\/wp-content\/uploads\/sites\/17\/2025\/11\/f8c8060e-42ee-4b76-aa7c-6f6cbb263dca-1152x1536.jpg 1152w, https:\/\/www.eren.ch\/joran\/wp-content\/uploads\/sites\/17\/2025\/11\/f8c8060e-42ee-4b76-aa7c-6f6cbb263dca.jpg 1200w\" sizes=\"auto, (max-width: 768px) 85vw, 768px\" \/><\/figure>\n\n\n\n<figure class=\"wp-block-image size-large\"><img loading=\"lazy\" decoding=\"async\" width=\"768\" height=\"1024\" data-id=\"8770\" src=\"https:\/\/www.eren.ch\/joran\/wp-content\/uploads\/sites\/17\/2025\/11\/f8b6c5bb-1e62-4a31-8146-ed93bcaed34b-768x1024.jpg\" alt=\"\" class=\"wp-image-8770\" srcset=\"https:\/\/www.eren.ch\/joran\/wp-content\/uploads\/sites\/17\/2025\/11\/f8b6c5bb-1e62-4a31-8146-ed93bcaed34b-768x1024.jpg 768w, https:\/\/www.eren.ch\/joran\/wp-content\/uploads\/sites\/17\/2025\/11\/f8b6c5bb-1e62-4a31-8146-ed93bcaed34b-225x300.jpg 225w, https:\/\/www.eren.ch\/joran\/wp-content\/uploads\/sites\/17\/2025\/11\/f8b6c5bb-1e62-4a31-8146-ed93bcaed34b-1152x1536.jpg 1152w, https:\/\/www.eren.ch\/joran\/wp-content\/uploads\/sites\/17\/2025\/11\/f8b6c5bb-1e62-4a31-8146-ed93bcaed34b.jpg 1200w\" sizes=\"auto, (max-width: 768px) 85vw, 768px\" \/><\/figure>\n\n\n\n<figure class=\"wp-block-image size-large\"><img loading=\"lazy\" decoding=\"async\" width=\"768\" height=\"1024\" data-id=\"8771\" src=\"https:\/\/www.eren.ch\/joran\/wp-content\/uploads\/sites\/17\/2025\/11\/dbf4fa40-d1d2-4faf-b597-4d3ee96fb874-768x1024.jpg\" alt=\"\" class=\"wp-image-8771\" srcset=\"https:\/\/www.eren.ch\/joran\/wp-content\/uploads\/sites\/17\/2025\/11\/dbf4fa40-d1d2-4faf-b597-4d3ee96fb874-768x1024.jpg 768w, https:\/\/www.eren.ch\/joran\/wp-content\/uploads\/sites\/17\/2025\/11\/dbf4fa40-d1d2-4faf-b597-4d3ee96fb874-225x300.jpg 225w, https:\/\/www.eren.ch\/joran\/wp-content\/uploads\/sites\/17\/2025\/11\/dbf4fa40-d1d2-4faf-b597-4d3ee96fb874-1152x1536.jpg 1152w, https:\/\/www.eren.ch\/joran\/wp-content\/uploads\/sites\/17\/2025\/11\/dbf4fa40-d1d2-4faf-b597-4d3ee96fb874.jpg 1200w\" sizes=\"auto, (max-width: 768px) 85vw, 768px\" \/><\/figure>\n\n\n\n<figure class=\"wp-block-image size-large\"><img loading=\"lazy\" decoding=\"async\" width=\"576\" height=\"1024\" data-id=\"8773\" src=\"https:\/\/www.eren.ch\/joran\/wp-content\/uploads\/sites\/17\/2025\/11\/WhatsApp-Image-2025-11-03-at-09.58.40-576x1024.jpeg\" alt=\"\" class=\"wp-image-8773\" srcset=\"https:\/\/www.eren.ch\/joran\/wp-content\/uploads\/sites\/17\/2025\/11\/WhatsApp-Image-2025-11-03-at-09.58.40-576x1024.jpeg 576w, https:\/\/www.eren.ch\/joran\/wp-content\/uploads\/sites\/17\/2025\/11\/WhatsApp-Image-2025-11-03-at-09.58.40-169x300.jpeg 169w, https:\/\/www.eren.ch\/joran\/wp-content\/uploads\/sites\/17\/2025\/11\/WhatsApp-Image-2025-11-03-at-09.58.40-768x1365.jpeg 768w, https:\/\/www.eren.ch\/joran\/wp-content\/uploads\/sites\/17\/2025\/11\/WhatsApp-Image-2025-11-03-at-09.58.40-864x1536.jpeg 864w, https:\/\/www.eren.ch\/joran\/wp-content\/uploads\/sites\/17\/2025\/11\/WhatsApp-Image-2025-11-03-at-09.58.40.jpeg 900w\" sizes=\"auto, (max-width: 576px) 85vw, 576px\" \/><\/figure>\n<\/figure>\n\n\n\n<p><\/p>\n","protected":false},"excerpt":{"rendered":"<p>C&rsquo;est le nom sous lequel on d\u00e9signe, dans les \u00c9glises r\u00e9form\u00e9es romandes, l\u2019action des deux grandes \u0152uvres d\u2019entraide protestantes de Suisse: Dans les paroisses, des \u00e9quipes locales \u0153uvrent en faveur de Terre Nouvelle. Au Joran, le groupe Terre Nouvelle est particuli\u00e8rement actif. Conscient de l\u2019imp\u00e9ratif de solidarit\u00e9 que nous avons envers les plus d\u00e9munis, le &hellip; <a href=\"https:\/\/www.eren.ch\/joran\/solidarite\/terre-nouvelle\/\" class=\"more-link\">Continuer la lecture<span class=\"screen-reader-text\"> de &laquo;&nbsp;Terre Nouvelle&nbsp;&raquo;<\/span><\/a><\/p>\n","protected":false},"author":32,"featured_media":0,"parent":15,"menu_order":41,"comment_status":"closed","ping_status":"closed","template":"","meta":{"footnotes":""},"class_list":["post-81","page","type-page","status-publish","hentry"],"yoast_head":"<!-- This site is optimized with the Yoast SEO Premium plugin v27.4 (Yoast SEO v27.4) - https:\/\/yoast.com\/product\/yoast-seo-premium-wordpress\/ -->\n<title>Terre Nouvelle - Paroisse du Joran<\/title>\n<meta name=\"robots\" content=\"index, follow, max-snippet:-1, max-image-preview:large, max-video-preview:-1\" \/>\n<link rel=\"canonical\" href=\"https:\/\/www.eren.ch\/joran\/solidarite\/terre-nouvelle\/\" \/>\n<meta property=\"og:locale\" content=\"fr_FR\" \/>\n<meta property=\"og:type\" content=\"article\" \/>\n<meta property=\"og:title\" content=\"Terre Nouvelle\" \/>\n<meta property=\"og:description\" content=\"C&rsquo;est le nom sous lequel on d\u00e9signe, dans les \u00c9glises r\u00e9form\u00e9es romandes, l\u2019action des deux grandes \u0152uvres d\u2019entraide protestantes de Suisse: Dans les paroisses, des \u00e9quipes locales \u0153uvrent en faveur de Terre Nouvelle. Au Joran, le groupe Terre Nouvelle est particuli\u00e8rement actif. Conscient de l\u2019imp\u00e9ratif de solidarit\u00e9 que nous avons envers les plus d\u00e9munis, le &hellip; Continuer la lecture de &laquo;&nbsp;Terre Nouvelle&nbsp;&raquo;\" \/>\n<meta property=\"og:url\" content=\"https:\/\/www.eren.ch\/joran\/solidarite\/terre-nouvelle\/\" \/>\n<meta property=\"og:site_name\" content=\"Paroisse du Joran\" \/>\n<meta property=\"article:modified_time\" content=\"2026-03-22T13:57:30+00:00\" \/>\n<meta property=\"og:image\" content=\"https:\/\/www.eren.ch\/joran\/wp-content\/uploads\/sites\/17\/2025\/11\/93461f20-7ae7-4e7f-bee4-c2752e077ccc.jpg\" \/>\n\t<meta property=\"og:image:width\" content=\"1200\" \/>\n\t<meta property=\"og:image:height\" content=\"1600\" \/>\n\t<meta property=\"og:image:type\" content=\"image\/jpeg\" \/>\n<meta name=\"twitter:card\" content=\"summary_large_image\" \/>\n<meta name=\"twitter:label1\" content=\"Dur\u00e9e de lecture estim\u00e9e\" \/>\n\t<meta name=\"twitter:data1\" content=\"3 minutes\" \/>\n<script type=\"application\/ld+json\" class=\"yoast-schema-graph\">{\"@context\":\"https:\\\/\\\/schema.org\",\"@graph\":[{\"@type\":\"WebPage\",\"@id\":\"https:\\\/\\\/www.eren.ch\\\/joran\\\/solidarite\\\/terre-nouvelle\\\/\",\"url\":\"https:\\\/\\\/www.eren.ch\\\/joran\\\/solidarite\\\/terre-nouvelle\\\/\",\"name\":\"Terre Nouvelle - Paroisse du Joran\",\"isPartOf\":{\"@id\":\"https:\\\/\\\/www.eren.ch\\\/joran\\\/#website\"},\"primaryImageOfPage\":{\"@id\":\"https:\\\/\\\/www.eren.ch\\\/joran\\\/solidarite\\\/terre-nouvelle\\\/#primaryimage\"},\"image\":{\"@id\":\"https:\\\/\\\/www.eren.ch\\\/joran\\\/solidarite\\\/terre-nouvelle\\\/#primaryimage\"},\"thumbnailUrl\":\"https:\\\/\\\/www.eren.ch\\\/joran\\\/wp-content\\\/uploads\\\/sites\\\/17\\\/2025\\\/11\\\/93461f20-7ae7-4e7f-bee4-c2752e077ccc-768x1024.jpg\",\"datePublished\":\"2022-03-24T09:53:25+00:00\",\"dateModified\":\"2026-03-22T13:57:30+00:00\",\"breadcrumb\":{\"@id\":\"https:\\\/\\\/www.eren.ch\\\/joran\\\/solidarite\\\/terre-nouvelle\\\/#breadcrumb\"},\"inLanguage\":\"fr-FR\",\"potentialAction\":[{\"@type\":\"ReadAction\",\"target\":[\"https:\\\/\\\/www.eren.ch\\\/joran\\\/solidarite\\\/terre-nouvelle\\\/\"]}]},{\"@type\":\"ImageObject\",\"inLanguage\":\"fr-FR\",\"@id\":\"https:\\\/\\\/www.eren.ch\\\/joran\\\/solidarite\\\/terre-nouvelle\\\/#primaryimage\",\"url\":\"https:\\\/\\\/www.eren.ch\\\/joran\\\/wp-content\\\/uploads\\\/sites\\\/17\\\/2025\\\/11\\\/93461f20-7ae7-4e7f-bee4-c2752e077ccc.jpg\",\"contentUrl\":\"https:\\\/\\\/www.eren.ch\\\/joran\\\/wp-content\\\/uploads\\\/sites\\\/17\\\/2025\\\/11\\\/93461f20-7ae7-4e7f-bee4-c2752e077ccc.jpg\",\"width\":1200,\"height\":1600},{\"@type\":\"BreadcrumbList\",\"@id\":\"https:\\\/\\\/www.eren.ch\\\/joran\\\/solidarite\\\/terre-nouvelle\\\/#breadcrumb\",\"itemListElement\":[{\"@type\":\"ListItem\",\"position\":1,\"name\":\"Accueil\",\"item\":\"https:\\\/\\\/www.eren.ch\\\/joran\\\/\"},{\"@type\":\"ListItem\",\"position\":2,\"name\":\"Solidarit\u00e9\",\"item\":\"https:\\\/\\\/www.eren.ch\\\/joran\\\/solidarite\\\/\"},{\"@type\":\"ListItem\",\"position\":3,\"name\":\"Terre Nouvelle\"}]},{\"@type\":\"WebSite\",\"@id\":\"https:\\\/\\\/www.eren.ch\\\/joran\\\/#website\",\"url\":\"https:\\\/\\\/www.eren.ch\\\/joran\\\/\",\"name\":\"Paroisse du Joran\",\"description\":\"Boudry, Cortaillod et La Grande B\u00e9roche\",\"publisher\":{\"@id\":\"https:\\\/\\\/www.eren.ch\\\/joran\\\/#organization\"},\"potentialAction\":[{\"@type\":\"SearchAction\",\"target\":{\"@type\":\"EntryPoint\",\"urlTemplate\":\"https:\\\/\\\/www.eren.ch\\\/joran\\\/?s={search_term_string}\"},\"query-input\":{\"@type\":\"PropertyValueSpecification\",\"valueRequired\":true,\"valueName\":\"search_term_string\"}}],\"inLanguage\":\"fr-FR\"},{\"@type\":\"Organization\",\"@id\":\"https:\\\/\\\/www.eren.ch\\\/joran\\\/#organization\",\"name\":\"Paroisse du Joran\",\"url\":\"https:\\\/\\\/www.eren.ch\\\/joran\\\/\",\"logo\":{\"@type\":\"ImageObject\",\"inLanguage\":\"fr-FR\",\"@id\":\"https:\\\/\\\/www.eren.ch\\\/joran\\\/#\\\/schema\\\/logo\\\/image\\\/\",\"url\":\"https:\\\/\\\/www.eren.ch\\\/joran\\\/wp-content\\\/uploads\\\/sites\\\/17\\\/2022\\\/11\\\/logo-joran.png\",\"contentUrl\":\"https:\\\/\\\/www.eren.ch\\\/joran\\\/wp-content\\\/uploads\\\/sites\\\/17\\\/2022\\\/11\\\/logo-joran.png\",\"width\":240,\"height\":117,\"caption\":\"Paroisse du Joran\"},\"image\":{\"@id\":\"https:\\\/\\\/www.eren.ch\\\/joran\\\/#\\\/schema\\\/logo\\\/image\\\/\"}}]}<\/script>\n<!-- \/ Yoast SEO Premium plugin. -->","yoast_head_json":{"title":"Terre Nouvelle - Paroisse du Joran","robots":{"index":"index","follow":"follow","max-snippet":"max-snippet:-1","max-image-preview":"max-image-preview:large","max-video-preview":"max-video-preview:-1"},"canonical":"https:\/\/www.eren.ch\/joran\/solidarite\/terre-nouvelle\/","og_locale":"fr_FR","og_type":"article","og_title":"Terre Nouvelle","og_description":"C&rsquo;est le nom sous lequel on d\u00e9signe, dans les \u00c9glises r\u00e9form\u00e9es romandes, l\u2019action des deux grandes \u0152uvres d\u2019entraide protestantes de Suisse: Dans les paroisses, des \u00e9quipes locales \u0153uvrent en faveur de Terre Nouvelle. Au Joran, le groupe Terre Nouvelle est particuli\u00e8rement actif. Conscient de l\u2019imp\u00e9ratif de solidarit\u00e9 que nous avons envers les plus d\u00e9munis, le &hellip; Continuer la lecture de &laquo;&nbsp;Terre Nouvelle&nbsp;&raquo;","og_url":"https:\/\/www.eren.ch\/joran\/solidarite\/terre-nouvelle\/","og_site_name":"Paroisse du Joran","article_modified_time":"2026-03-22T13:57:30+00:00","og_image":[{"width":1200,"height":1600,"url":"https:\/\/www.eren.ch\/joran\/wp-content\/uploads\/sites\/17\/2025\/11\/93461f20-7ae7-4e7f-bee4-c2752e077ccc.jpg","type":"image\/jpeg"}],"twitter_card":"summary_large_image","twitter_misc":{"Dur\u00e9e de lecture estim\u00e9e":"3 minutes"},"schema":{"@context":"https:\/\/schema.org","@graph":[{"@type":"WebPage","@id":"https:\/\/www.eren.ch\/joran\/solidarite\/terre-nouvelle\/","url":"https:\/\/www.eren.ch\/joran\/solidarite\/terre-nouvelle\/","name":"Terre Nouvelle - Paroisse du Joran","isPartOf":{"@id":"https:\/\/www.eren.ch\/joran\/#website"},"primaryImageOfPage":{"@id":"https:\/\/www.eren.ch\/joran\/solidarite\/terre-nouvelle\/#primaryimage"},"image":{"@id":"https:\/\/www.eren.ch\/joran\/solidarite\/terre-nouvelle\/#primaryimage"},"thumbnailUrl":"https:\/\/www.eren.ch\/joran\/wp-content\/uploads\/sites\/17\/2025\/11\/93461f20-7ae7-4e7f-bee4-c2752e077ccc-768x1024.jpg","datePublished":"2022-03-24T09:53:25+00:00","dateModified":"2026-03-22T13:57:30+00:00","breadcrumb":{"@id":"https:\/\/www.eren.ch\/joran\/solidarite\/terre-nouvelle\/#breadcrumb"},"inLanguage":"fr-FR","potentialAction":[{"@type":"ReadAction","target":["https:\/\/www.eren.ch\/joran\/solidarite\/terre-nouvelle\/"]}]},{"@type":"ImageObject","inLanguage":"fr-FR","@id":"https:\/\/www.eren.ch\/joran\/solidarite\/terre-nouvelle\/#primaryimage","url":"https:\/\/www.eren.ch\/joran\/wp-content\/uploads\/sites\/17\/2025\/11\/93461f20-7ae7-4e7f-bee4-c2752e077ccc.jpg","contentUrl":"https:\/\/www.eren.ch\/joran\/wp-content\/uploads\/sites\/17\/2025\/11\/93461f20-7ae7-4e7f-bee4-c2752e077ccc.jpg","width":1200,"height":1600},{"@type":"BreadcrumbList","@id":"https:\/\/www.eren.ch\/joran\/solidarite\/terre-nouvelle\/#breadcrumb","itemListElement":[{"@type":"ListItem","position":1,"name":"Accueil","item":"https:\/\/www.eren.ch\/joran\/"},{"@type":"ListItem","position":2,"name":"Solidarit\u00e9","item":"https:\/\/www.eren.ch\/joran\/solidarite\/"},{"@type":"ListItem","position":3,"name":"Terre Nouvelle"}]},{"@type":"WebSite","@id":"https:\/\/www.eren.ch\/joran\/#website","url":"https:\/\/www.eren.ch\/joran\/","name":"Paroisse du Joran","description":"Boudry, Cortaillod et La Grande B\u00e9roche","publisher":{"@id":"https:\/\/www.eren.ch\/joran\/#organization"},"potentialAction":[{"@type":"SearchAction","target":{"@type":"EntryPoint","urlTemplate":"https:\/\/www.eren.ch\/joran\/?s={search_term_string}"},"query-input":{"@type":"PropertyValueSpecification","valueRequired":true,"valueName":"search_term_string"}}],"inLanguage":"fr-FR"},{"@type":"Organization","@id":"https:\/\/www.eren.ch\/joran\/#organization","name":"Paroisse du Joran","url":"https:\/\/www.eren.ch\/joran\/","logo":{"@type":"ImageObject","inLanguage":"fr-FR","@id":"https:\/\/www.eren.ch\/joran\/#\/schema\/logo\/image\/","url":"https:\/\/www.eren.ch\/joran\/wp-content\/uploads\/sites\/17\/2022\/11\/logo-joran.png","contentUrl":"https:\/\/www.eren.ch\/joran\/wp-content\/uploads\/sites\/17\/2022\/11\/logo-joran.png","width":240,"height":117,"caption":"Paroisse du Joran"},"image":{"@id":"https:\/\/www.eren.ch\/joran\/#\/schema\/logo\/image\/"}}]}},"_links":{"self":[{"href":"https:\/\/www.eren.ch\/joran\/wp-json\/wp\/v2\/pages\/81","targetHints":{"allow":["GET"]}}],"collection":[{"href":"https:\/\/www.eren.ch\/joran\/wp-json\/wp\/v2\/pages"}],"about":[{"href":"https:\/\/www.eren.ch\/joran\/wp-json\/wp\/v2\/types\/page"}],"author":[{"embeddable":true,"href":"https:\/\/www.eren.ch\/joran\/wp-json\/wp\/v2\/users\/32"}],"replies":[{"embeddable":true,"href":"https:\/\/www.eren.ch\/joran\/wp-json\/wp\/v2\/comments?post=81"}],"version-history":[{"count":0,"href":"https:\/\/www.eren.ch\/joran\/wp-json\/wp\/v2\/pages\/81\/revisions"}],"up":[{"embeddable":true,"href":"https:\/\/www.eren.ch\/joran\/wp-json\/wp\/v2\/pages\/15"}],"wp:attachment":[{"href":"https:\/\/www.eren.ch\/joran\/wp-json\/wp\/v2\/media?parent=81"}],"curies":[{"name":"wp","href":"https:\/\/api.w.org\/{rel}","templated":true}]}}