{"id":985,"date":"2023-09-11T10:50:17","date_gmt":"2023-09-11T08:50:17","guid":{"rendered":"https:\/\/www.eren.ch\/joran\/?page_id=985"},"modified":"2026-03-29T21:01:53","modified_gmt":"2026-03-29T19:01:53","slug":"cultes","status":"publish","type":"page","link":"https:\/\/www.eren.ch\/joran\/cultes\/","title":{"rendered":"Cultes"},"content":{"rendered":"\n<p class=\"has-medium-font-size\">Le culte est un moment fort de la vie communautaire, de la vie paroissiale et de la vie locale. Il est un moment \u00e0 part o\u00f9 Dieu vient \u00e0 notre rencontre et o\u00f9 nous allons \u00e0 la rencontre de Dieu. Le culte et ouvert \u00e0 toutes et \u00e0 tous, ind\u00e9pendamment des croyances et du parcours de vie. Les cultes ont lieu une fois par mois dans chaque temple. <\/p>\n\n\n\n<p class=\"has-bright-red-color has-text-color has-link-color has-medium-font-size wp-elements-53192c860c980338ca787c0876d3018e\"><strong>Privil\u00e9giez le co-voiturage <\/strong>!<\/p>\n\n\n\n<h2 class=\"wp-block-heading has-bright-red-color has-text-color has-link-color wp-elements-bf0aafb7e0b5701da5c1fe5a10b2de5c\" id=\"h-agenda-des-cultes\">Agenda des Cultes<\/h2>\n\n\n\n<h3 class=\"wp-block-heading\" id=\"h-annonces-semaine-sainte\">Annonces Semaine sainte<\/h3>\n\n\n\n<figure class=\"wp-block-image size-large is-resized\"><img loading=\"lazy\" decoding=\"async\" width=\"724\" height=\"1024\" src=\"https:\/\/www.eren.ch\/joran\/wp-content\/uploads\/sites\/17\/2026\/03\/Semaine-sainte-26-2-724x1024.jpg\" alt=\"\" class=\"wp-image-9861\" style=\"aspect-ratio:0.707033510442422;width:404px;height:auto\" srcset=\"https:\/\/www.eren.ch\/joran\/wp-content\/uploads\/sites\/17\/2026\/03\/Semaine-sainte-26-2-724x1024.jpg 724w, https:\/\/www.eren.ch\/joran\/wp-content\/uploads\/sites\/17\/2026\/03\/Semaine-sainte-26-2-212x300.jpg 212w, https:\/\/www.eren.ch\/joran\/wp-content\/uploads\/sites\/17\/2026\/03\/Semaine-sainte-26-2-768x1086.jpg 768w, https:\/\/www.eren.ch\/joran\/wp-content\/uploads\/sites\/17\/2026\/03\/Semaine-sainte-26-2-1086x1536.jpg 1086w, https:\/\/www.eren.ch\/joran\/wp-content\/uploads\/sites\/17\/2026\/03\/Semaine-sainte-26-2-1200x1697.jpg 1200w, https:\/\/www.eren.ch\/joran\/wp-content\/uploads\/sites\/17\/2026\/03\/Semaine-sainte-26-2.jpg 1414w\" sizes=\"auto, (max-width: 724px) 85vw, 724px\" \/><\/figure>\n\n\n\n<h3 class=\"wp-block-heading\" id=\"h-infos-agneau-pascal\">Infos Agneau pascal<\/h3>\n\n\n\n<figure style=\"font-size:18px\" class=\"wp-block-table\"><table class=\"has-pale-ocean-gradient-background has-background has-fixed-layout\"><tbody><tr><td><strong>Jeudi 2 avril \u00e0 19h \u00e0 la Maison de Paroisse de Saint-Aubin.<\/strong><br><strong>La soir\u00e9e avant sa mort, J\u00e9sus a c\u00e9l\u00e9br\u00e9 la P\u00e2que avec ses disciples.&nbsp; Avec eux, il a comm\u00e9mor\u00e9 la sortie du peuple h\u00e9breu hors d&rsquo;Egypte.&nbsp; <\/strong><br><strong>Avec eux, nous comm\u00e9morerons ce passage de l&rsquo;esclavage&nbsp;\u00e0 la libert\u00e9.&nbsp; Le repas sera simple (mais bon !) et liturgique, conclu par&nbsp;une partie plus conviviale autour d&rsquo;un caf\u00e9. Inscriptions jusqu\u2019au 27 mars&nbsp;: fabienne.vuillermet@gmail.com <\/strong><br><strong>ou 079 796 87 19<\/strong><\/td><\/tr><\/tbody><\/table><\/figure>\n\n\n\n<figure class=\"wp-block-table aligncenter is-style-stripes\"><table class=\"has-yellow-background-color has-background has-fixed-layout\"><thead><tr><th>Date                               <\/th><th class=\"has-text-align-left\" data-align=\"left\">Heure<\/th><th>             Lieu<\/th><th>     C\u00e9l\u00e9brant<\/th><\/tr><\/thead><tbody><tr><td>Jeudi 2 avril<br><strong>Agneau pascal<\/strong><\/td><td class=\"has-text-align-left\" data-align=\"left\">19h<\/td><td>MP St-Aubin <\/td><td>Sylvane Auvinet<\/td><\/tr><tr><td>Vendredi 3 avril<br><strong>Vendredi Saint<\/strong><br>Josette Weber \u00e0 l&rsquo;orgue<br>Antoine Borel au violoncelle<\/td><td class=\"has-text-align-left\" data-align=\"left\">10h<\/td><td>Temple de Bevaix<\/td><td>Catherine  et Antoine Borel<\/td><\/tr><tr><td>Dimanche 5 avril<br>C\u00e8ne<br><strong>P\u00e2ques <\/strong><br><strong>Petit d\u00e9j pascal d\u00e8s 8h30 \u00e0 la Maison de paroisse<\/strong><\/td><td class=\"has-text-align-left\" data-align=\"left\">10h<\/td><td>Temple de Cortaillod <\/td><td>Catherine Borel<\/td><\/tr><tr><td>Dimanche 12 avril<br>C\u00e8ne<\/td><td class=\"has-text-align-left\" data-align=\"left\">10h<\/td><td>Temple de Boudry<\/td><td>Daniel Landry<\/td><\/tr><tr><td>Dimanche 19 avril<br>C\u00e8ne<\/td><td class=\"has-text-align-left\" data-align=\"left\">10h <\/td><td>Temple de Saint-Aubin<\/td><td>Zach\u00e9e Betch\u00e9 (NE)<\/td><\/tr><tr><td>Dimanche 26 avril<br>C\u00e8ne<\/td><td class=\"has-text-align-left\" data-align=\"left\">10h<\/td><td>Temple de Cortaillod<\/td><td>Sylvane Auvinet<\/td><\/tr><tr><td>Dimanche 3 mai<br>C\u00e8ne<br><strong>Echange de chaire<\/strong><\/td><td class=\"has-text-align-left\" data-align=\"left\">10h<\/td><td>Temple de Boudry<\/td><td>Catherine Borel<\/td><\/tr><tr><td>Dimanche 10 mai<br>C\u00e8ne<br><strong>Choeur d&rsquo;hommes de Montalchez<br>F\u00eate des M\u00e8res<\/strong><\/td><td class=\"has-text-align-left\" data-align=\"left\">10h<\/td><td>Temple de Saint-Aubin<\/td><td>Sylvane Auvinet<\/td><\/tr><\/tbody><\/table><\/figure>\n","protected":false},"excerpt":{"rendered":"<p>Le culte est un moment fort de la vie communautaire, de la vie paroissiale et de la vie locale. Il est un moment \u00e0 part o\u00f9 Dieu vient \u00e0 notre rencontre et o\u00f9 nous allons \u00e0 la rencontre de Dieu. Le culte et ouvert \u00e0 toutes et \u00e0 tous, ind\u00e9pendamment des croyances et du parcours &hellip; <a href=\"https:\/\/www.eren.ch\/joran\/cultes\/\" class=\"more-link\">Continuer la lecture<span class=\"screen-reader-text\"> de &laquo;&nbsp;Cultes&nbsp;&raquo;<\/span><\/a><\/p>\n","protected":false},"author":32,"featured_media":0,"parent":0,"menu_order":5,"comment_status":"closed","ping_status":"closed","template":"","meta":{"footnotes":""},"class_list":["post-985","page","type-page","status-publish","hentry"],"yoast_head":"<!-- This site is optimized with the Yoast SEO Premium plugin v27.3 (Yoast SEO v27.3) - https:\/\/yoast.com\/product\/yoast-seo-premium-wordpress\/ -->\n<title>Cultes - Paroisse du Joran<\/title>\n<meta name=\"description\" content=\"Site de la paroisse protestante du Joran (Boudry, Cortaillod et La Grande B\u00e9roche). Toutes les infos sur les c\u00e9l\u00e9brations, mariages, bapt\u00eames et autres activit\u00e9s. Bienvenue !\" \/>\n<meta name=\"robots\" content=\"index, follow, max-snippet:-1, max-image-preview:large, max-video-preview:-1\" \/>\n<link rel=\"canonical\" href=\"https:\/\/www.eren.ch\/joran\/cultes\/\" \/>\n<meta property=\"og:locale\" content=\"fr_FR\" \/>\n<meta property=\"og:type\" content=\"article\" \/>\n<meta property=\"og:title\" content=\"Cultes\" \/>\n<meta property=\"og:description\" content=\"Site de la paroisse protestante du Joran (Boudry, Cortaillod et La Grande B\u00e9roche). Toutes les infos sur les c\u00e9l\u00e9brations, mariages, bapt\u00eames et autres activit\u00e9s. Bienvenue !\" \/>\n<meta property=\"og:url\" content=\"https:\/\/www.eren.ch\/joran\/cultes\/\" \/>\n<meta property=\"og:site_name\" content=\"Paroisse du Joran\" \/>\n<meta property=\"article:modified_time\" content=\"2026-03-29T19:01:53+00:00\" \/>\n<meta property=\"og:image\" content=\"https:\/\/www.eren.ch\/joran\/wp-content\/uploads\/sites\/17\/2026\/03\/Semaine-sainte-26-2.jpg\" \/>\n\t<meta property=\"og:image:width\" content=\"1414\" \/>\n\t<meta property=\"og:image:height\" content=\"2000\" \/>\n\t<meta property=\"og:image:type\" content=\"image\/jpeg\" \/>\n<meta name=\"twitter:card\" content=\"summary_large_image\" \/>\n<meta name=\"twitter:label1\" content=\"Dur\u00e9e de lecture estim\u00e9e\" \/>\n\t<meta name=\"twitter:data1\" content=\"2 minutes\" \/>\n<script type=\"application\/ld+json\" class=\"yoast-schema-graph\">{\"@context\":\"https:\\\/\\\/schema.org\",\"@graph\":[{\"@type\":\"WebPage\",\"@id\":\"https:\\\/\\\/www.eren.ch\\\/joran\\\/cultes\\\/\",\"url\":\"https:\\\/\\\/www.eren.ch\\\/joran\\\/cultes\\\/\",\"name\":\"Cultes - Paroisse du Joran\",\"isPartOf\":{\"@id\":\"https:\\\/\\\/www.eren.ch\\\/joran\\\/#website\"},\"primaryImageOfPage\":{\"@id\":\"https:\\\/\\\/www.eren.ch\\\/joran\\\/cultes\\\/#primaryimage\"},\"image\":{\"@id\":\"https:\\\/\\\/www.eren.ch\\\/joran\\\/cultes\\\/#primaryimage\"},\"thumbnailUrl\":\"https:\\\/\\\/www.eren.ch\\\/joran\\\/wp-content\\\/uploads\\\/sites\\\/17\\\/2026\\\/03\\\/Semaine-sainte-26-2-724x1024.jpg\",\"datePublished\":\"2023-09-11T08:50:17+00:00\",\"dateModified\":\"2026-03-29T19:01:53+00:00\",\"description\":\"Site de la paroisse protestante du Joran (Boudry, Cortaillod et La Grande B\u00e9roche). Toutes les infos sur les c\u00e9l\u00e9brations, mariages, bapt\u00eames et autres activit\u00e9s. Bienvenue !\",\"breadcrumb\":{\"@id\":\"https:\\\/\\\/www.eren.ch\\\/joran\\\/cultes\\\/#breadcrumb\"},\"inLanguage\":\"fr-FR\",\"potentialAction\":[{\"@type\":\"ReadAction\",\"target\":[\"https:\\\/\\\/www.eren.ch\\\/joran\\\/cultes\\\/\"]}]},{\"@type\":\"ImageObject\",\"inLanguage\":\"fr-FR\",\"@id\":\"https:\\\/\\\/www.eren.ch\\\/joran\\\/cultes\\\/#primaryimage\",\"url\":\"https:\\\/\\\/www.eren.ch\\\/joran\\\/wp-content\\\/uploads\\\/sites\\\/17\\\/2026\\\/03\\\/Semaine-sainte-26-2.jpg\",\"contentUrl\":\"https:\\\/\\\/www.eren.ch\\\/joran\\\/wp-content\\\/uploads\\\/sites\\\/17\\\/2026\\\/03\\\/Semaine-sainte-26-2.jpg\",\"width\":1414,\"height\":2000},{\"@type\":\"BreadcrumbList\",\"@id\":\"https:\\\/\\\/www.eren.ch\\\/joran\\\/cultes\\\/#breadcrumb\",\"itemListElement\":[{\"@type\":\"ListItem\",\"position\":1,\"name\":\"Accueil\",\"item\":\"https:\\\/\\\/www.eren.ch\\\/joran\\\/\"},{\"@type\":\"ListItem\",\"position\":2,\"name\":\"Cultes\"}]},{\"@type\":\"WebSite\",\"@id\":\"https:\\\/\\\/www.eren.ch\\\/joran\\\/#website\",\"url\":\"https:\\\/\\\/www.eren.ch\\\/joran\\\/\",\"name\":\"Paroisse du Joran\",\"description\":\"Boudry, Cortaillod et La Grande B\u00e9roche\",\"publisher\":{\"@id\":\"https:\\\/\\\/www.eren.ch\\\/joran\\\/#organization\"},\"potentialAction\":[{\"@type\":\"SearchAction\",\"target\":{\"@type\":\"EntryPoint\",\"urlTemplate\":\"https:\\\/\\\/www.eren.ch\\\/joran\\\/?s={search_term_string}\"},\"query-input\":{\"@type\":\"PropertyValueSpecification\",\"valueRequired\":true,\"valueName\":\"search_term_string\"}}],\"inLanguage\":\"fr-FR\"},{\"@type\":\"Organization\",\"@id\":\"https:\\\/\\\/www.eren.ch\\\/joran\\\/#organization\",\"name\":\"Paroisse du Joran\",\"url\":\"https:\\\/\\\/www.eren.ch\\\/joran\\\/\",\"logo\":{\"@type\":\"ImageObject\",\"inLanguage\":\"fr-FR\",\"@id\":\"https:\\\/\\\/www.eren.ch\\\/joran\\\/#\\\/schema\\\/logo\\\/image\\\/\",\"url\":\"https:\\\/\\\/www.eren.ch\\\/joran\\\/wp-content\\\/uploads\\\/sites\\\/17\\\/2022\\\/11\\\/logo-joran.png\",\"contentUrl\":\"https:\\\/\\\/www.eren.ch\\\/joran\\\/wp-content\\\/uploads\\\/sites\\\/17\\\/2022\\\/11\\\/logo-joran.png\",\"width\":240,\"height\":117,\"caption\":\"Paroisse du Joran\"},\"image\":{\"@id\":\"https:\\\/\\\/www.eren.ch\\\/joran\\\/#\\\/schema\\\/logo\\\/image\\\/\"}}]}<\/script>\n<!-- \/ Yoast SEO Premium plugin. -->","yoast_head_json":{"title":"Cultes - Paroisse du Joran","description":"Site de la paroisse protestante du Joran (Boudry, Cortaillod et La Grande B\u00e9roche). Toutes les infos sur les c\u00e9l\u00e9brations, mariages, bapt\u00eames et autres activit\u00e9s. Bienvenue !","robots":{"index":"index","follow":"follow","max-snippet":"max-snippet:-1","max-image-preview":"max-image-preview:large","max-video-preview":"max-video-preview:-1"},"canonical":"https:\/\/www.eren.ch\/joran\/cultes\/","og_locale":"fr_FR","og_type":"article","og_title":"Cultes","og_description":"Site de la paroisse protestante du Joran (Boudry, Cortaillod et La Grande B\u00e9roche). Toutes les infos sur les c\u00e9l\u00e9brations, mariages, bapt\u00eames et autres activit\u00e9s. Bienvenue !","og_url":"https:\/\/www.eren.ch\/joran\/cultes\/","og_site_name":"Paroisse du Joran","article_modified_time":"2026-03-29T19:01:53+00:00","og_image":[{"width":1414,"height":2000,"url":"https:\/\/www.eren.ch\/joran\/wp-content\/uploads\/sites\/17\/2026\/03\/Semaine-sainte-26-2.jpg","type":"image\/jpeg"}],"twitter_card":"summary_large_image","twitter_misc":{"Dur\u00e9e de lecture estim\u00e9e":"2 minutes"},"schema":{"@context":"https:\/\/schema.org","@graph":[{"@type":"WebPage","@id":"https:\/\/www.eren.ch\/joran\/cultes\/","url":"https:\/\/www.eren.ch\/joran\/cultes\/","name":"Cultes - Paroisse du Joran","isPartOf":{"@id":"https:\/\/www.eren.ch\/joran\/#website"},"primaryImageOfPage":{"@id":"https:\/\/www.eren.ch\/joran\/cultes\/#primaryimage"},"image":{"@id":"https:\/\/www.eren.ch\/joran\/cultes\/#primaryimage"},"thumbnailUrl":"https:\/\/www.eren.ch\/joran\/wp-content\/uploads\/sites\/17\/2026\/03\/Semaine-sainte-26-2-724x1024.jpg","datePublished":"2023-09-11T08:50:17+00:00","dateModified":"2026-03-29T19:01:53+00:00","description":"Site de la paroisse protestante du Joran (Boudry, Cortaillod et La Grande B\u00e9roche). Toutes les infos sur les c\u00e9l\u00e9brations, mariages, bapt\u00eames et autres activit\u00e9s. Bienvenue !","breadcrumb":{"@id":"https:\/\/www.eren.ch\/joran\/cultes\/#breadcrumb"},"inLanguage":"fr-FR","potentialAction":[{"@type":"ReadAction","target":["https:\/\/www.eren.ch\/joran\/cultes\/"]}]},{"@type":"ImageObject","inLanguage":"fr-FR","@id":"https:\/\/www.eren.ch\/joran\/cultes\/#primaryimage","url":"https:\/\/www.eren.ch\/joran\/wp-content\/uploads\/sites\/17\/2026\/03\/Semaine-sainte-26-2.jpg","contentUrl":"https:\/\/www.eren.ch\/joran\/wp-content\/uploads\/sites\/17\/2026\/03\/Semaine-sainte-26-2.jpg","width":1414,"height":2000},{"@type":"BreadcrumbList","@id":"https:\/\/www.eren.ch\/joran\/cultes\/#breadcrumb","itemListElement":[{"@type":"ListItem","position":1,"name":"Accueil","item":"https:\/\/www.eren.ch\/joran\/"},{"@type":"ListItem","position":2,"name":"Cultes"}]},{"@type":"WebSite","@id":"https:\/\/www.eren.ch\/joran\/#website","url":"https:\/\/www.eren.ch\/joran\/","name":"Paroisse du Joran","description":"Boudry, Cortaillod et La Grande B\u00e9roche","publisher":{"@id":"https:\/\/www.eren.ch\/joran\/#organization"},"potentialAction":[{"@type":"SearchAction","target":{"@type":"EntryPoint","urlTemplate":"https:\/\/www.eren.ch\/joran\/?s={search_term_string}"},"query-input":{"@type":"PropertyValueSpecification","valueRequired":true,"valueName":"search_term_string"}}],"inLanguage":"fr-FR"},{"@type":"Organization","@id":"https:\/\/www.eren.ch\/joran\/#organization","name":"Paroisse du Joran","url":"https:\/\/www.eren.ch\/joran\/","logo":{"@type":"ImageObject","inLanguage":"fr-FR","@id":"https:\/\/www.eren.ch\/joran\/#\/schema\/logo\/image\/","url":"https:\/\/www.eren.ch\/joran\/wp-content\/uploads\/sites\/17\/2022\/11\/logo-joran.png","contentUrl":"https:\/\/www.eren.ch\/joran\/wp-content\/uploads\/sites\/17\/2022\/11\/logo-joran.png","width":240,"height":117,"caption":"Paroisse du Joran"},"image":{"@id":"https:\/\/www.eren.ch\/joran\/#\/schema\/logo\/image\/"}}]}},"_links":{"self":[{"href":"https:\/\/www.eren.ch\/joran\/wp-json\/wp\/v2\/pages\/985","targetHints":{"allow":["GET"]}}],"collection":[{"href":"https:\/\/www.eren.ch\/joran\/wp-json\/wp\/v2\/pages"}],"about":[{"href":"https:\/\/www.eren.ch\/joran\/wp-json\/wp\/v2\/types\/page"}],"author":[{"embeddable":true,"href":"https:\/\/www.eren.ch\/joran\/wp-json\/wp\/v2\/users\/32"}],"replies":[{"embeddable":true,"href":"https:\/\/www.eren.ch\/joran\/wp-json\/wp\/v2\/comments?post=985"}],"version-history":[{"count":0,"href":"https:\/\/www.eren.ch\/joran\/wp-json\/wp\/v2\/pages\/985\/revisions"}],"wp:attachment":[{"href":"https:\/\/www.eren.ch\/joran\/wp-json\/wp\/v2\/media?parent=985"}],"curies":[{"name":"wp","href":"https:\/\/api.w.org\/{rel}","templated":true}]}}