{"id":24,"date":"2015-12-31T10:24:24","date_gmt":"2015-12-31T09:24:24","guid":{"rendered":"https:\/\/www.eren.ch\/neuchatel\/?page_id=24"},"modified":"2023-08-17T10:42:08","modified_gmt":"2023-08-17T08:42:08","slug":"enfance-et-jeunesse","status":"publish","type":"page","link":"https:\/\/www.eren.ch\/neuchatel\/enfance-et-jeunesse\/","title":{"rendered":"Enfance et jeunesse"},"content":{"rendered":"<p><img decoding=\"async\" class=\"alignnone size-large wp-image-477\" src=\"https:\/\/www.eren.ch\/neuchatel\/wp-content\/uploads\/sites\/3\/2015\/12\/j\u00e9sus-foule-1024x389.jpg\" alt=\"j\u00e9sus-foule\" width=\"840\" height=\"319\" srcset=\"https:\/\/www.eren.ch\/neuchatel\/wp-content\/uploads\/sites\/3\/2015\/12\/j\u00e9sus-foule-1024x389.jpg 1024w, https:\/\/www.eren.ch\/neuchatel\/wp-content\/uploads\/sites\/3\/2015\/12\/j\u00e9sus-foule-300x114.jpg 300w, https:\/\/www.eren.ch\/neuchatel\/wp-content\/uploads\/sites\/3\/2015\/12\/j\u00e9sus-foule-768x291.jpg 768w, https:\/\/www.eren.ch\/neuchatel\/wp-content\/uploads\/sites\/3\/2015\/12\/j\u00e9sus-foule-1200x455.jpg 1200w, https:\/\/www.eren.ch\/neuchatel\/wp-content\/uploads\/sites\/3\/2015\/12\/j\u00e9sus-foule.jpg 1500w\" sizes=\"(max-width: 709px) 85vw, (max-width: 909px) 67vw, (max-width: 1362px) 62vw, 840px\" \/><\/p>\n<blockquote><p>Il faut croire pour comprendre et comprendre pour croire<br \/>\n(Saint Augustin)<\/p><\/blockquote>\n<p>La paroisse de Neuch\u00e2tel propose pour <strong>tous les \u00e2ges de la vie<\/strong> des activit\u00e9s o\u00f9 le comprendre se m\u00eale au croire dans un souci de <strong>r\u00e9flexion personnelle<\/strong> et d&rsquo;<strong>apprentissage des valeurs chr\u00e9tiennes<\/strong>.<\/p>\n<p><strong>Des activit\u00e9s<\/strong> pour l&rsquo;<strong>enfance<\/strong>, \u00e0 travers <a href=\"https:\/\/www.eren.ch\/neuchatel\/enfance-et-jeunesse\/enfance\/\">l&rsquo;\u00e9veil \u00e0 la foi<\/a>.<\/p>\n<p><strong>Accueil des \u00e9coliers<\/strong> aux <a href=\"https:\/\/www.eren.ch\/neuchatel\/enfance-et-jeunesse\/enfance\/\">cultes de l&rsquo;enfance et de la jeunesse<\/a><\/p>\n<p><strong>Formations pour les jeunes<\/strong>,\u00a0<a href=\"https:\/\/www.eren.ch\/neuchatel\/enfance-et-jeunesse\/catechisme\/\">cat\u00e9chisme<\/a> et formation\u00a0de <a href=\"https:\/\/www.eren.ch\/neuchatel\/enfance-et-jeunesse\/moniteurs-de-catechisme\/\">moniteurs<\/a>.<\/p>\n<p><strong>Rencontres<\/strong> entre <strong>jeunes adultes<\/strong> dans le cadre de <a href=\"https:\/\/www.eren.ch\/neuchatel\/enfance-et-jeunesse\/aumonerie-de-jeunesse\/\">l&rsquo;Aum\u00f4nerie de jeunesse<\/a>.<\/p>\n","protected":false},"excerpt":{"rendered":"<p>Il faut croire pour comprendre et comprendre pour croire (Saint Augustin) La paroisse de Neuch\u00e2tel propose pour tous les \u00e2ges de la vie des activit\u00e9s o\u00f9 le comprendre se m\u00eale au croire dans un souci de r\u00e9flexion personnelle et d&rsquo;apprentissage des valeurs chr\u00e9tiennes. Des activit\u00e9s pour l&rsquo;enfance, \u00e0 travers l&rsquo;\u00e9veil \u00e0 la foi. Accueil des &hellip; <a href=\"https:\/\/www.eren.ch\/neuchatel\/enfance-et-jeunesse\/\" class=\"more-link\">Continuer la lecture<span class=\"screen-reader-text\"> de &laquo;&nbsp;Enfance et jeunesse&nbsp;&raquo;<\/span><\/a><\/p>\n","protected":false},"author":31,"featured_media":0,"parent":0,"menu_order":30,"comment_status":"closed","ping_status":"closed","template":"","meta":{"footnotes":""},"class_list":["post-24","page","type-page","status-publish","hentry"],"yoast_head":"<!-- This site is optimized with the Yoast SEO Premium plugin v27.4 (Yoast SEO v27.5) - https:\/\/yoast.com\/product\/yoast-seo-premium-wordpress\/ -->\n<title>Enfance et jeunesse - Paroisse de Neuch\u00e2tel<\/title>\n<meta name=\"description\" content=\"Il faut croire pour comprendre et comprendre pour croire (Saint Augustin) La paroisse de Neuch\u00e2tel propose pour tous les \u00e2ges de la vie des activit\u00e9s o\u00f9\" \/>\n<meta name=\"robots\" content=\"index, follow, max-snippet:-1, max-image-preview:large, max-video-preview:-1\" \/>\n<link rel=\"canonical\" href=\"https:\/\/www.eren.ch\/neuchatel\/enfance-et-jeunesse\/\" \/>\n<meta property=\"og:locale\" content=\"fr_FR\" \/>\n<meta property=\"og:type\" content=\"article\" \/>\n<meta property=\"og:title\" content=\"Enfance et jeunesse\" \/>\n<meta property=\"og:description\" content=\"Il faut croire pour comprendre et comprendre pour croire (Saint Augustin) La paroisse de Neuch\u00e2tel propose pour tous les \u00e2ges de la vie des activit\u00e9s o\u00f9\" \/>\n<meta property=\"og:url\" content=\"https:\/\/www.eren.ch\/neuchatel\/enfance-et-jeunesse\/\" \/>\n<meta property=\"og:site_name\" content=\"Paroisse de Neuch\u00e2tel\" \/>\n<meta property=\"article:publisher\" content=\"https:\/\/www.facebook.com\/eglise.EREN\" \/>\n<meta property=\"article:modified_time\" content=\"2023-08-17T08:42:08+00:00\" \/>\n<meta name=\"twitter:card\" content=\"summary_large_image\" \/>\n<meta name=\"twitter:site\" content=\"@egliseeren\" \/>\n<script type=\"application\/ld+json\" class=\"yoast-schema-graph\">{\"@context\":\"https:\\\/\\\/schema.org\",\"@graph\":[{\"@type\":\"WebPage\",\"@id\":\"https:\\\/\\\/www.eren.ch\\\/neuchatel\\\/enfance-et-jeunesse\\\/\",\"url\":\"https:\\\/\\\/www.eren.ch\\\/neuchatel\\\/enfance-et-jeunesse\\\/\",\"name\":\"Enfance et jeunesse - Paroisse de Neuch\u00e2tel\",\"isPartOf\":{\"@id\":\"https:\\\/\\\/www.eren.ch\\\/neuchatel\\\/#website\"},\"datePublished\":\"2015-12-31T09:24:24+00:00\",\"dateModified\":\"2023-08-17T08:42:08+00:00\",\"description\":\"Il faut croire pour comprendre et comprendre pour croire (Saint Augustin) La paroisse de Neuch\u00e2tel propose pour tous les \u00e2ges de la vie des activit\u00e9s o\u00f9\",\"breadcrumb\":{\"@id\":\"https:\\\/\\\/www.eren.ch\\\/neuchatel\\\/enfance-et-jeunesse\\\/#breadcrumb\"},\"inLanguage\":\"fr-FR\",\"potentialAction\":[{\"@type\":\"ReadAction\",\"target\":[\"https:\\\/\\\/www.eren.ch\\\/neuchatel\\\/enfance-et-jeunesse\\\/\"]}]},{\"@type\":\"BreadcrumbList\",\"@id\":\"https:\\\/\\\/www.eren.ch\\\/neuchatel\\\/enfance-et-jeunesse\\\/#breadcrumb\",\"itemListElement\":[{\"@type\":\"ListItem\",\"position\":1,\"name\":\"Accueil\",\"item\":\"https:\\\/\\\/www.eren.ch\\\/neuchatel\\\/\"},{\"@type\":\"ListItem\",\"position\":2,\"name\":\"Enfance et jeunesse\"}]},{\"@type\":\"WebSite\",\"@id\":\"https:\\\/\\\/www.eren.ch\\\/neuchatel\\\/#website\",\"url\":\"https:\\\/\\\/www.eren.ch\\\/neuchatel\\\/\",\"name\":\"Paroisse de Neuch\u00e2tel\",\"description\":\"La pr\u00e9sence protestante reconnue en ville de Neuch\u00e2tel\",\"publisher\":{\"@id\":\"https:\\\/\\\/www.eren.ch\\\/neuchatel\\\/#organization\"},\"potentialAction\":[{\"@type\":\"SearchAction\",\"target\":{\"@type\":\"EntryPoint\",\"urlTemplate\":\"https:\\\/\\\/www.eren.ch\\\/neuchatel\\\/?s={search_term_string}\"},\"query-input\":{\"@type\":\"PropertyValueSpecification\",\"valueRequired\":true,\"valueName\":\"search_term_string\"}}],\"inLanguage\":\"fr-FR\"},{\"@type\":\"Organization\",\"@id\":\"https:\\\/\\\/www.eren.ch\\\/neuchatel\\\/#organization\",\"name\":\"Paroisse de Neuch\u00e2tel\",\"url\":\"https:\\\/\\\/www.eren.ch\\\/neuchatel\\\/\",\"logo\":{\"@type\":\"ImageObject\",\"inLanguage\":\"fr-FR\",\"@id\":\"https:\\\/\\\/www.eren.ch\\\/neuchatel\\\/#\\\/schema\\\/logo\\\/image\\\/\",\"url\":\"https:\\\/\\\/www.eren.ch\\\/neuchatel\\\/wp-content\\\/uploads\\\/sites\\\/3\\\/2020\\\/12\\\/logo-neuchatel.png\",\"contentUrl\":\"https:\\\/\\\/www.eren.ch\\\/neuchatel\\\/wp-content\\\/uploads\\\/sites\\\/3\\\/2020\\\/12\\\/logo-neuchatel.png\",\"width\":240,\"height\":117,\"caption\":\"Paroisse de Neuch\u00e2tel\"},\"image\":{\"@id\":\"https:\\\/\\\/www.eren.ch\\\/neuchatel\\\/#\\\/schema\\\/logo\\\/image\\\/\"},\"sameAs\":[\"https:\\\/\\\/www.facebook.com\\\/eglise.EREN\",\"https:\\\/\\\/x.com\\\/egliseeren\",\"https:\\\/\\\/fr.wikipedia.org\\\/wiki\\\/glise_rforme_vanglique_du_canton_de_Neuchtel\"]}]}<\/script>\n<!-- \/ Yoast SEO Premium plugin. -->","yoast_head_json":{"title":"Enfance et jeunesse - Paroisse de Neuch\u00e2tel","description":"Il faut croire pour comprendre et comprendre pour croire (Saint Augustin) La paroisse de Neuch\u00e2tel propose pour tous les \u00e2ges de la vie des activit\u00e9s o\u00f9","robots":{"index":"index","follow":"follow","max-snippet":"max-snippet:-1","max-image-preview":"max-image-preview:large","max-video-preview":"max-video-preview:-1"},"canonical":"https:\/\/www.eren.ch\/neuchatel\/enfance-et-jeunesse\/","og_locale":"fr_FR","og_type":"article","og_title":"Enfance et jeunesse","og_description":"Il faut croire pour comprendre et comprendre pour croire (Saint Augustin) La paroisse de Neuch\u00e2tel propose pour tous les \u00e2ges de la vie des activit\u00e9s o\u00f9","og_url":"https:\/\/www.eren.ch\/neuchatel\/enfance-et-jeunesse\/","og_site_name":"Paroisse de Neuch\u00e2tel","article_publisher":"https:\/\/www.facebook.com\/eglise.EREN","article_modified_time":"2023-08-17T08:42:08+00:00","twitter_card":"summary_large_image","twitter_site":"@egliseeren","schema":{"@context":"https:\/\/schema.org","@graph":[{"@type":"WebPage","@id":"https:\/\/www.eren.ch\/neuchatel\/enfance-et-jeunesse\/","url":"https:\/\/www.eren.ch\/neuchatel\/enfance-et-jeunesse\/","name":"Enfance et jeunesse - Paroisse de Neuch\u00e2tel","isPartOf":{"@id":"https:\/\/www.eren.ch\/neuchatel\/#website"},"datePublished":"2015-12-31T09:24:24+00:00","dateModified":"2023-08-17T08:42:08+00:00","description":"Il faut croire pour comprendre et comprendre pour croire (Saint Augustin) La paroisse de Neuch\u00e2tel propose pour tous les \u00e2ges de la vie des activit\u00e9s o\u00f9","breadcrumb":{"@id":"https:\/\/www.eren.ch\/neuchatel\/enfance-et-jeunesse\/#breadcrumb"},"inLanguage":"fr-FR","potentialAction":[{"@type":"ReadAction","target":["https:\/\/www.eren.ch\/neuchatel\/enfance-et-jeunesse\/"]}]},{"@type":"BreadcrumbList","@id":"https:\/\/www.eren.ch\/neuchatel\/enfance-et-jeunesse\/#breadcrumb","itemListElement":[{"@type":"ListItem","position":1,"name":"Accueil","item":"https:\/\/www.eren.ch\/neuchatel\/"},{"@type":"ListItem","position":2,"name":"Enfance et jeunesse"}]},{"@type":"WebSite","@id":"https:\/\/www.eren.ch\/neuchatel\/#website","url":"https:\/\/www.eren.ch\/neuchatel\/","name":"Paroisse de Neuch\u00e2tel","description":"La pr\u00e9sence protestante reconnue en ville de Neuch\u00e2tel","publisher":{"@id":"https:\/\/www.eren.ch\/neuchatel\/#organization"},"potentialAction":[{"@type":"SearchAction","target":{"@type":"EntryPoint","urlTemplate":"https:\/\/www.eren.ch\/neuchatel\/?s={search_term_string}"},"query-input":{"@type":"PropertyValueSpecification","valueRequired":true,"valueName":"search_term_string"}}],"inLanguage":"fr-FR"},{"@type":"Organization","@id":"https:\/\/www.eren.ch\/neuchatel\/#organization","name":"Paroisse de Neuch\u00e2tel","url":"https:\/\/www.eren.ch\/neuchatel\/","logo":{"@type":"ImageObject","inLanguage":"fr-FR","@id":"https:\/\/www.eren.ch\/neuchatel\/#\/schema\/logo\/image\/","url":"https:\/\/www.eren.ch\/neuchatel\/wp-content\/uploads\/sites\/3\/2020\/12\/logo-neuchatel.png","contentUrl":"https:\/\/www.eren.ch\/neuchatel\/wp-content\/uploads\/sites\/3\/2020\/12\/logo-neuchatel.png","width":240,"height":117,"caption":"Paroisse de Neuch\u00e2tel"},"image":{"@id":"https:\/\/www.eren.ch\/neuchatel\/#\/schema\/logo\/image\/"},"sameAs":["https:\/\/www.facebook.com\/eglise.EREN","https:\/\/x.com\/egliseeren","https:\/\/fr.wikipedia.org\/wiki\/glise_rforme_vanglique_du_canton_de_Neuchtel"]}]}},"_links":{"self":[{"href":"https:\/\/www.eren.ch\/neuchatel\/wp-json\/wp\/v2\/pages\/24","targetHints":{"allow":["GET"]}}],"collection":[{"href":"https:\/\/www.eren.ch\/neuchatel\/wp-json\/wp\/v2\/pages"}],"about":[{"href":"https:\/\/www.eren.ch\/neuchatel\/wp-json\/wp\/v2\/types\/page"}],"author":[{"embeddable":true,"href":"https:\/\/www.eren.ch\/neuchatel\/wp-json\/wp\/v2\/users\/31"}],"replies":[{"embeddable":true,"href":"https:\/\/www.eren.ch\/neuchatel\/wp-json\/wp\/v2\/comments?post=24"}],"version-history":[{"count":5,"href":"https:\/\/www.eren.ch\/neuchatel\/wp-json\/wp\/v2\/pages\/24\/revisions"}],"predecessor-version":[{"id":3843,"href":"https:\/\/www.eren.ch\/neuchatel\/wp-json\/wp\/v2\/pages\/24\/revisions\/3843"}],"wp:attachment":[{"href":"https:\/\/www.eren.ch\/neuchatel\/wp-json\/wp\/v2\/media?parent=24"}],"curies":[{"name":"wp","href":"https:\/\/api.w.org\/{rel}","templated":true}]}}

<p><img decoding="async" class="alignnone size-large wp-image-477" src="https://www.eren.ch/neuchatel/wp-content/uploads/sites/3/2015/12/jésus-foule-1024x389.jpg" alt="jésus-foule" width="840" height="319" srcset="https://www.eren.ch/neuchatel/wp-content/uploads/sites/3/2015/12/jésus-foule-1024x389.jpg 1024w, https://www.eren.ch/neuchatel/wp-content/uploads/sites/3/2015/12/jésus-foule-300x114.jpg 300w, https://www.eren.ch/neuchatel/wp-content/uploads/sites/3/2015/12/jésus-foule-768x291.jpg 768w, https://www.eren.ch/neuchatel/wp-content/uploads/sites/3/2015/12/jésus-foule-1200x455.jpg 1200w, https://www.eren.ch/neuchatel/wp-content/uploads/sites/3/2015/12/jésus-foule.jpg 1500w" sizes="(max-width: 709px) 85vw, (max-width: 909px) 67vw, (max-width: 1362px) 62vw, 840px" /></p>
<blockquote><p>Il faut croire pour comprendre et comprendre pour croire<br />
(Saint Augustin)</p></blockquote>
<p>La paroisse de Neuchâtel propose pour <strong>tous les âges de la vie</strong> des activités où le comprendre se mêle au croire dans un souci de <strong>réflexion personnelle</strong> et d&rsquo;<strong>apprentissage des valeurs chrétiennes</strong>.</p>
<p><strong>Des activités</strong> pour l&rsquo;<strong>enfance</strong>, à travers <a href="https://www.eren.ch/neuchatel/enfance-et-jeunesse/enfance/">l&rsquo;éveil à la foi</a>.</p>
<p><strong>Accueil des écoliers</strong> aux <a href="https://www.eren.ch/neuchatel/enfance-et-jeunesse/enfance/">cultes de l&rsquo;enfance et de la jeunesse</a></p>
<p><strong>Formations pour les jeunes</strong>, <a href="https://www.eren.ch/neuchatel/enfance-et-jeunesse/catechisme/">catéchisme</a> et formation de <a href="https://www.eren.ch/neuchatel/enfance-et-jeunesse/moniteurs-de-catechisme/">moniteurs</a>.</p>
<p><strong>Rencontres</strong> entre <strong>jeunes adultes</strong> dans le cadre de <a href="https://www.eren.ch/neuchatel/enfance-et-jeunesse/aumonerie-de-jeunesse/">l&rsquo;Aumônerie de jeunesse</a>.</p>

<p>Il faut croire pour comprendre et comprendre pour croire (Saint Augustin) La paroisse de Neuchâtel propose pour tous les âges de la vie des activités où le comprendre se mêle au croire dans un souci de réflexion personnelle et d&rsquo;apprentissage des valeurs chrétiennes. Des activités pour l&rsquo;enfance, à travers l&rsquo;éveil à la foi. Accueil des &hellip; <a href="https://www.eren.ch/neuchatel/enfance-et-jeunesse/" class="more-link">Continuer la lecture<span class="screen-reader-text"> de &laquo;&nbsp;Enfance et jeunesse&nbsp;&raquo;</span></a></p>

<!-- This site is optimized with the Yoast SEO Premium plugin v27.4 (Yoast SEO v27.5) - https://yoast.com/product/yoast-seo-premium-wordpress/ -->
<title>Enfance et jeunesse - Paroisse de Neuchâtel</title>
<meta name="description" content="Il faut croire pour comprendre et comprendre pour croire (Saint Augustin) La paroisse de Neuchâtel propose pour tous les âges de la vie des activités où" />
<meta name="robots" content="index, follow, max-snippet:-1, max-image-preview:large, max-video-preview:-1" />
<link rel="canonical" href="https://www.eren.ch/neuchatel/enfance-et-jeunesse/" />
<meta property="og:locale" content="fr_FR" />
<meta property="og:type" content="article" />
<meta property="og:title" content="Enfance et jeunesse" />
<meta property="og:description" content="Il faut croire pour comprendre et comprendre pour croire (Saint Augustin) La paroisse de Neuchâtel propose pour tous les âges de la vie des activités où" />
<meta property="og:url" content="https://www.eren.ch/neuchatel/enfance-et-jeunesse/" />
<meta property="og:site_name" content="Paroisse de Neuchâtel" />
<meta property="article:publisher" content="https://www.facebook.com/eglise.EREN" />
<meta property="article:modified_time" content="2023-08-17T08:42:08+00:00" />
<meta name="twitter:card" content="summary_large_image" />
<meta name="twitter:site" content="@egliseeren" />
<script type="application/ld+json" class="yoast-schema-graph">{"@context":"https:\/\/schema.org","@graph":[{"@type":"WebPage","@id":"https:\/\/www.eren.ch\/neuchatel\/enfance-et-jeunesse\/","url":"https:\/\/www.eren.ch\/neuchatel\/enfance-et-jeunesse\/","name":"Enfance et jeunesse - Paroisse de Neuchâtel","isPartOf":{"@id":"https:\/\/www.eren.ch\/neuchatel\/#website"},"datePublished":"2015-12-31T09:24:24+00:00","dateModified":"2023-08-17T08:42:08+00:00","description":"Il faut croire pour comprendre et comprendre pour croire (Saint Augustin) La paroisse de Neuchâtel propose pour tous les âges de la vie des activités où","breadcrumb":{"@id":"https:\/\/www.eren.ch\/neuchatel\/enfance-et-jeunesse\/#breadcrumb"},"inLanguage":"fr-FR","potentialAction":[{"@type":"ReadAction","target":["https:\/\/www.eren.ch\/neuchatel\/enfance-et-jeunesse\/"]}]},{"@type":"BreadcrumbList","@id":"https:\/\/www.eren.ch\/neuchatel\/enfance-et-jeunesse\/#breadcrumb","itemListElement":[{"@type":"ListItem","position":1,"name":"Accueil","item":"https:\/\/www.eren.ch\/neuchatel\/"},{"@type":"ListItem","position":2,"name":"Enfance et jeunesse"}]},{"@type":"WebSite","@id":"https:\/\/www.eren.ch\/neuchatel\/#website","url":"https:\/\/www.eren.ch\/neuchatel\/","name":"Paroisse de Neuchâtel","description":"La présence protestante reconnue en ville de Neuchâtel","publisher":{"@id":"https:\/\/www.eren.ch\/neuchatel\/#organization"},"potentialAction":[{"@type":"SearchAction","target":{"@type":"EntryPoint","urlTemplate":"https:\/\/www.eren.ch\/neuchatel\/?s={search_term_string}"},"query-input":{"@type":"PropertyValueSpecification","valueRequired":true,"valueName":"search_term_string"}}],"inLanguage":"fr-FR"},{"@type":"Organization","@id":"https:\/\/www.eren.ch\/neuchatel\/#organization","name":"Paroisse de Neuchâtel","url":"https:\/\/www.eren.ch\/neuchatel\/","logo":{"@type":"ImageObject","inLanguage":"fr-FR","@id":"https:\/\/www.eren.ch\/neuchatel\/#\/schema\/logo\/image\/","url":"https:\/\/www.eren.ch\/neuchatel\/wp-content\/uploads\/sites\/3\/2020\/12\/logo-neuchatel.png","contentUrl":"https:\/\/www.eren.ch\/neuchatel\/wp-content\/uploads\/sites\/3\/2020\/12\/logo-neuchatel.png","width":240,"height":117,"caption":"Paroisse de Neuchâtel"},"image":{"@id":"https:\/\/www.eren.ch\/neuchatel\/#\/schema\/logo\/image\/"},"sameAs":["https:\/\/www.facebook.com\/eglise.EREN","https:\/\/x.com\/egliseeren","https:\/\/fr.wikipedia.org\/wiki\/glise_rforme_vanglique_du_canton_de_Neuchtel"]}]}</script>
<!-- / Yoast SEO Premium plugin. -->

Enfance et jeunesse - Paroisse de Neuchâtel

Il faut croire pour comprendre et comprendre pour croire (Saint Augustin) La paroisse de Neuchâtel propose pour tous les âges de la vie des activités où

Paroisse de Neuchâtel

La présence protestante reconnue en ville de Neuchâtel
