{"id":6080,"date":"2023-08-17T10:33:27","date_gmt":"2023-08-17T08:33:27","guid":{"rendered":"https:\/\/www.eren.ch\/neuchatel\/?page_id=6080"},"modified":"2024-12-27T10:01:38","modified_gmt":"2024-12-27T09:01:38","slug":"culture","status":"publish","type":"page","link":"https:\/\/www.eren.ch\/neuchatel\/culture\/","title":{"rendered":"Culture"},"content":{"rendered":"\n<figure class=\"wp-block-embed is-type-wp-embed is-provider-paroisse-de-neuch-tel wp-block-embed-paroisse-de-neuch-tel\"><div class=\"wp-block-embed__wrapper\">\n<blockquote class=\"wp-embedded-content\" data-secret=\"qOLNqob2hJ\"><a href=\"https:\/\/www.eren.ch\/neuchatel\/culture\/ecouter\/\">Concerts: jazz, classique, orgue<\/a><\/blockquote><iframe class=\"wp-embedded-content\" sandbox=\"allow-scripts\" security=\"restricted\" style=\"position: absolute; visibility: hidden;\" title=\"\u00ab\u00a0Concerts: jazz, classique, orgue\u00a0\u00bb &#8212; Paroisse de Neuch\u00e2tel\" src=\"https:\/\/www.eren.ch\/neuchatel\/culture\/ecouter\/embed\/#?secret=2snsYXQclO#?secret=qOLNqob2hJ\" data-secret=\"qOLNqob2hJ\" width=\"600\" height=\"338\" frameborder=\"0\" marginwidth=\"0\" marginheight=\"0\" scrolling=\"no\"><\/iframe>\n<\/div><\/figure>\n\n\n\n<figure class=\"wp-block-embed is-type-wp-embed is-provider-paroisse-de-neuch-tel wp-block-embed-paroisse-de-neuch-tel\"><div class=\"wp-block-embed__wrapper\">\n<blockquote class=\"wp-embedded-content\" data-secret=\"MY6QcKoDIY\"><a href=\"https:\/\/www.eren.ch\/neuchatel\/culture\/patrimoine-architectural\/\">Patrimoine architectural<\/a><\/blockquote><iframe class=\"wp-embedded-content\" sandbox=\"allow-scripts\" security=\"restricted\" style=\"position: absolute; visibility: hidden;\" title=\"\u00ab\u00a0Patrimoine architectural\u00a0\u00bb &#8212; Paroisse de Neuch\u00e2tel\" src=\"https:\/\/www.eren.ch\/neuchatel\/culture\/patrimoine-architectural\/embed\/#?secret=151xMBAhFh#?secret=MY6QcKoDIY\" data-secret=\"MY6QcKoDIY\" width=\"600\" height=\"338\" frameborder=\"0\" marginwidth=\"0\" marginheight=\"0\" scrolling=\"no\"><\/iframe>\n<\/div><\/figure>\n","protected":false},"excerpt":{"rendered":"","protected":false},"author":31,"featured_media":0,"parent":0,"menu_order":110,"comment_status":"closed","ping_status":"closed","template":"","meta":{"footnotes":""},"class_list":["post-6080","page","type-page","status-publish","hentry"],"yoast_head":"<!-- This site is optimized with the Yoast SEO Premium plugin v27.5 (Yoast SEO v27.5) - https:\/\/yoast.com\/product\/yoast-seo-premium-wordpress\/ -->\n<title>Culture - Paroisse de Neuch\u00e2tel<\/title>\n<meta name=\"description\" content=\"https:\/\/www.eren.ch\/neuchatel\/culture\/ecouter\/   https:\/\/www.eren.ch\/neuchatel\/culture\/patrimoine-architectural\/\" \/>\n<meta name=\"robots\" content=\"index, follow, max-snippet:-1, max-image-preview:large, max-video-preview:-1\" \/>\n<link rel=\"canonical\" href=\"https:\/\/www.eren.ch\/neuchatel\/culture\/\" \/>\n<meta property=\"og:locale\" content=\"fr_FR\" \/>\n<meta property=\"og:type\" content=\"article\" \/>\n<meta property=\"og:title\" content=\"Culture\" \/>\n<meta property=\"og:description\" content=\"https:\/\/www.eren.ch\/neuchatel\/culture\/ecouter\/   https:\/\/www.eren.ch\/neuchatel\/culture\/patrimoine-architectural\/\" \/>\n<meta property=\"og:url\" content=\"https:\/\/www.eren.ch\/neuchatel\/culture\/\" \/>\n<meta property=\"og:site_name\" content=\"Paroisse de Neuch\u00e2tel\" \/>\n<meta property=\"article:publisher\" content=\"https:\/\/www.facebook.com\/eglise.EREN\" \/>\n<meta property=\"article:modified_time\" content=\"2024-12-27T09:01:38+00:00\" \/>\n<meta name=\"twitter:card\" content=\"summary_large_image\" \/>\n<meta name=\"twitter:site\" content=\"@egliseeren\" \/>\n<meta name=\"twitter:label1\" content=\"Dur\u00e9e de lecture estim\u00e9e\" \/>\n\t<meta name=\"twitter:data1\" content=\"1 minute\" \/>\n<script type=\"application\/ld+json\" class=\"yoast-schema-graph\">{\"@context\":\"https:\\\/\\\/schema.org\",\"@graph\":[{\"@type\":\"WebPage\",\"@id\":\"https:\\\/\\\/www.eren.ch\\\/neuchatel\\\/culture\\\/\",\"url\":\"https:\\\/\\\/www.eren.ch\\\/neuchatel\\\/culture\\\/\",\"name\":\"Culture - Paroisse de Neuch\u00e2tel\",\"isPartOf\":{\"@id\":\"https:\\\/\\\/www.eren.ch\\\/neuchatel\\\/#website\"},\"datePublished\":\"2023-08-17T08:33:27+00:00\",\"dateModified\":\"2024-12-27T09:01:38+00:00\",\"description\":\"https:\\\/\\\/www.eren.ch\\\/neuchatel\\\/culture\\\/ecouter\\\/ https:\\\/\\\/www.eren.ch\\\/neuchatel\\\/culture\\\/patrimoine-architectural\\\/\",\"breadcrumb\":{\"@id\":\"https:\\\/\\\/www.eren.ch\\\/neuchatel\\\/culture\\\/#breadcrumb\"},\"inLanguage\":\"fr-FR\",\"potentialAction\":[{\"@type\":\"ReadAction\",\"target\":[\"https:\\\/\\\/www.eren.ch\\\/neuchatel\\\/culture\\\/\"]}]},{\"@type\":\"BreadcrumbList\",\"@id\":\"https:\\\/\\\/www.eren.ch\\\/neuchatel\\\/culture\\\/#breadcrumb\",\"itemListElement\":[{\"@type\":\"ListItem\",\"position\":1,\"name\":\"Accueil\",\"item\":\"https:\\\/\\\/www.eren.ch\\\/neuchatel\\\/\"},{\"@type\":\"ListItem\",\"position\":2,\"name\":\"Culture\"}]},{\"@type\":\"WebSite\",\"@id\":\"https:\\\/\\\/www.eren.ch\\\/neuchatel\\\/#website\",\"url\":\"https:\\\/\\\/www.eren.ch\\\/neuchatel\\\/\",\"name\":\"Paroisse de Neuch\u00e2tel\",\"description\":\"La pr\u00e9sence protestante reconnue en ville de Neuch\u00e2tel\",\"publisher\":{\"@id\":\"https:\\\/\\\/www.eren.ch\\\/neuchatel\\\/#organization\"},\"potentialAction\":[{\"@type\":\"SearchAction\",\"target\":{\"@type\":\"EntryPoint\",\"urlTemplate\":\"https:\\\/\\\/www.eren.ch\\\/neuchatel\\\/?s={search_term_string}\"},\"query-input\":{\"@type\":\"PropertyValueSpecification\",\"valueRequired\":true,\"valueName\":\"search_term_string\"}}],\"inLanguage\":\"fr-FR\"},{\"@type\":\"Organization\",\"@id\":\"https:\\\/\\\/www.eren.ch\\\/neuchatel\\\/#organization\",\"name\":\"Paroisse de Neuch\u00e2tel\",\"url\":\"https:\\\/\\\/www.eren.ch\\\/neuchatel\\\/\",\"logo\":{\"@type\":\"ImageObject\",\"inLanguage\":\"fr-FR\",\"@id\":\"https:\\\/\\\/www.eren.ch\\\/neuchatel\\\/#\\\/schema\\\/logo\\\/image\\\/\",\"url\":\"https:\\\/\\\/www.eren.ch\\\/neuchatel\\\/wp-content\\\/uploads\\\/sites\\\/3\\\/2020\\\/12\\\/logo-neuchatel.png\",\"contentUrl\":\"https:\\\/\\\/www.eren.ch\\\/neuchatel\\\/wp-content\\\/uploads\\\/sites\\\/3\\\/2020\\\/12\\\/logo-neuchatel.png\",\"width\":240,\"height\":117,\"caption\":\"Paroisse de Neuch\u00e2tel\"},\"image\":{\"@id\":\"https:\\\/\\\/www.eren.ch\\\/neuchatel\\\/#\\\/schema\\\/logo\\\/image\\\/\"},\"sameAs\":[\"https:\\\/\\\/www.facebook.com\\\/eglise.EREN\",\"https:\\\/\\\/x.com\\\/egliseeren\",\"https:\\\/\\\/fr.wikipedia.org\\\/wiki\\\/glise_rforme_vanglique_du_canton_de_Neuchtel\"]}]}<\/script>\n<!-- \/ Yoast SEO Premium plugin. -->","yoast_head_json":{"title":"Culture - Paroisse de Neuch\u00e2tel","description":"https:\/\/www.eren.ch\/neuchatel\/culture\/ecouter\/   https:\/\/www.eren.ch\/neuchatel\/culture\/patrimoine-architectural\/","robots":{"index":"index","follow":"follow","max-snippet":"max-snippet:-1","max-image-preview":"max-image-preview:large","max-video-preview":"max-video-preview:-1"},"canonical":"https:\/\/www.eren.ch\/neuchatel\/culture\/","og_locale":"fr_FR","og_type":"article","og_title":"Culture","og_description":"https:\/\/www.eren.ch\/neuchatel\/culture\/ecouter\/   https:\/\/www.eren.ch\/neuchatel\/culture\/patrimoine-architectural\/","og_url":"https:\/\/www.eren.ch\/neuchatel\/culture\/","og_site_name":"Paroisse de Neuch\u00e2tel","article_publisher":"https:\/\/www.facebook.com\/eglise.EREN","article_modified_time":"2024-12-27T09:01:38+00:00","twitter_card":"summary_large_image","twitter_site":"@egliseeren","twitter_misc":{"Dur\u00e9e de lecture estim\u00e9e":"1 minute"},"schema":{"@context":"https:\/\/schema.org","@graph":[{"@type":"WebPage","@id":"https:\/\/www.eren.ch\/neuchatel\/culture\/","url":"https:\/\/www.eren.ch\/neuchatel\/culture\/","name":"Culture - Paroisse de Neuch\u00e2tel","isPartOf":{"@id":"https:\/\/www.eren.ch\/neuchatel\/#website"},"datePublished":"2023-08-17T08:33:27+00:00","dateModified":"2024-12-27T09:01:38+00:00","description":"https:\/\/www.eren.ch\/neuchatel\/culture\/ecouter\/ https:\/\/www.eren.ch\/neuchatel\/culture\/patrimoine-architectural\/","breadcrumb":{"@id":"https:\/\/www.eren.ch\/neuchatel\/culture\/#breadcrumb"},"inLanguage":"fr-FR","potentialAction":[{"@type":"ReadAction","target":["https:\/\/www.eren.ch\/neuchatel\/culture\/"]}]},{"@type":"BreadcrumbList","@id":"https:\/\/www.eren.ch\/neuchatel\/culture\/#breadcrumb","itemListElement":[{"@type":"ListItem","position":1,"name":"Accueil","item":"https:\/\/www.eren.ch\/neuchatel\/"},{"@type":"ListItem","position":2,"name":"Culture"}]},{"@type":"WebSite","@id":"https:\/\/www.eren.ch\/neuchatel\/#website","url":"https:\/\/www.eren.ch\/neuchatel\/","name":"Paroisse de Neuch\u00e2tel","description":"La pr\u00e9sence protestante reconnue en ville de Neuch\u00e2tel","publisher":{"@id":"https:\/\/www.eren.ch\/neuchatel\/#organization"},"potentialAction":[{"@type":"SearchAction","target":{"@type":"EntryPoint","urlTemplate":"https:\/\/www.eren.ch\/neuchatel\/?s={search_term_string}"},"query-input":{"@type":"PropertyValueSpecification","valueRequired":true,"valueName":"search_term_string"}}],"inLanguage":"fr-FR"},{"@type":"Organization","@id":"https:\/\/www.eren.ch\/neuchatel\/#organization","name":"Paroisse de Neuch\u00e2tel","url":"https:\/\/www.eren.ch\/neuchatel\/","logo":{"@type":"ImageObject","inLanguage":"fr-FR","@id":"https:\/\/www.eren.ch\/neuchatel\/#\/schema\/logo\/image\/","url":"https:\/\/www.eren.ch\/neuchatel\/wp-content\/uploads\/sites\/3\/2020\/12\/logo-neuchatel.png","contentUrl":"https:\/\/www.eren.ch\/neuchatel\/wp-content\/uploads\/sites\/3\/2020\/12\/logo-neuchatel.png","width":240,"height":117,"caption":"Paroisse de Neuch\u00e2tel"},"image":{"@id":"https:\/\/www.eren.ch\/neuchatel\/#\/schema\/logo\/image\/"},"sameAs":["https:\/\/www.facebook.com\/eglise.EREN","https:\/\/x.com\/egliseeren","https:\/\/fr.wikipedia.org\/wiki\/glise_rforme_vanglique_du_canton_de_Neuchtel"]}]}},"_links":{"self":[{"href":"https:\/\/www.eren.ch\/neuchatel\/wp-json\/wp\/v2\/pages\/6080","targetHints":{"allow":["GET"]}}],"collection":[{"href":"https:\/\/www.eren.ch\/neuchatel\/wp-json\/wp\/v2\/pages"}],"about":[{"href":"https:\/\/www.eren.ch\/neuchatel\/wp-json\/wp\/v2\/types\/page"}],"author":[{"embeddable":true,"href":"https:\/\/www.eren.ch\/neuchatel\/wp-json\/wp\/v2\/users\/31"}],"replies":[{"embeddable":true,"href":"https:\/\/www.eren.ch\/neuchatel\/wp-json\/wp\/v2\/comments?post=6080"}],"version-history":[{"count":2,"href":"https:\/\/www.eren.ch\/neuchatel\/wp-json\/wp\/v2\/pages\/6080\/revisions"}],"predecessor-version":[{"id":7083,"href":"https:\/\/www.eren.ch\/neuchatel\/wp-json\/wp\/v2\/pages\/6080\/revisions\/7083"}],"wp:attachment":[{"href":"https:\/\/www.eren.ch\/neuchatel\/wp-json\/wp\/v2\/media?parent=6080"}],"curies":[{"name":"wp","href":"https:\/\/api.w.org\/{rel}","templated":true}]}}

<figure class="wp-block-embed is-type-wp-embed is-provider-paroisse-de-neuch-tel wp-block-embed-paroisse-de-neuch-tel"><div class="wp-block-embed__wrapper">
<blockquote class="wp-embedded-content" data-secret="qOLNqob2hJ"><a href="https://www.eren.ch/neuchatel/culture/ecouter/">Concerts: jazz, classique, orgue</a></blockquote><iframe class="wp-embedded-content" sandbox="allow-scripts" security="restricted" style="position: absolute; visibility: hidden;" title="« Concerts: jazz, classique, orgue » &#8212; Paroisse de Neuchâtel" src="https://www.eren.ch/neuchatel/culture/ecouter/embed/#?secret=2snsYXQclO#?secret=qOLNqob2hJ" data-secret="qOLNqob2hJ" width="600" height="338" frameborder="0" marginwidth="0" marginheight="0" scrolling="no"></iframe>
</div></figure>



<figure class="wp-block-embed is-type-wp-embed is-provider-paroisse-de-neuch-tel wp-block-embed-paroisse-de-neuch-tel"><div class="wp-block-embed__wrapper">
<blockquote class="wp-embedded-content" data-secret="MY6QcKoDIY"><a href="https://www.eren.ch/neuchatel/culture/patrimoine-architectural/">Patrimoine architectural</a></blockquote><iframe class="wp-embedded-content" sandbox="allow-scripts" security="restricted" style="position: absolute; visibility: hidden;" title="« Patrimoine architectural » &#8212; Paroisse de Neuchâtel" src="https://www.eren.ch/neuchatel/culture/patrimoine-architectural/embed/#?secret=151xMBAhFh#?secret=MY6QcKoDIY" data-secret="MY6QcKoDIY" width="600" height="338" frameborder="0" marginwidth="0" marginheight="0" scrolling="no"></iframe>
</div></figure>

<!-- This site is optimized with the Yoast SEO Premium plugin v27.5 (Yoast SEO v27.5) - https://yoast.com/product/yoast-seo-premium-wordpress/ -->
<title>Culture - Paroisse de Neuchâtel</title>
<meta name="description" content="https://www.eren.ch/neuchatel/culture/ecouter/   https://www.eren.ch/neuchatel/culture/patrimoine-architectural/" />
<meta name="robots" content="index, follow, max-snippet:-1, max-image-preview:large, max-video-preview:-1" />
<link rel="canonical" href="https://www.eren.ch/neuchatel/culture/" />
<meta property="og:locale" content="fr_FR" />
<meta property="og:type" content="article" />
<meta property="og:title" content="Culture" />
<meta property="og:description" content="https://www.eren.ch/neuchatel/culture/ecouter/   https://www.eren.ch/neuchatel/culture/patrimoine-architectural/" />
<meta property="og:url" content="https://www.eren.ch/neuchatel/culture/" />
<meta property="og:site_name" content="Paroisse de Neuchâtel" />
<meta property="article:publisher" content="https://www.facebook.com/eglise.EREN" />
<meta property="article:modified_time" content="2024-12-27T09:01:38+00:00" />
<meta name="twitter:card" content="summary_large_image" />
<meta name="twitter:site" content="@egliseeren" />
<meta name="twitter:label1" content="Durée de lecture estimée" />
	<meta name="twitter:data1" content="1 minute" />
<script type="application/ld+json" class="yoast-schema-graph">{"@context":"https:\/\/schema.org","@graph":[{"@type":"WebPage","@id":"https:\/\/www.eren.ch\/neuchatel\/culture\/","url":"https:\/\/www.eren.ch\/neuchatel\/culture\/","name":"Culture - Paroisse de Neuchâtel","isPartOf":{"@id":"https:\/\/www.eren.ch\/neuchatel\/#website"},"datePublished":"2023-08-17T08:33:27+00:00","dateModified":"2024-12-27T09:01:38+00:00","description":"https:\/\/www.eren.ch\/neuchatel\/culture\/ecouter\/ https:\/\/www.eren.ch\/neuchatel\/culture\/patrimoine-architectural\/","breadcrumb":{"@id":"https:\/\/www.eren.ch\/neuchatel\/culture\/#breadcrumb"},"inLanguage":"fr-FR","potentialAction":[{"@type":"ReadAction","target":["https:\/\/www.eren.ch\/neuchatel\/culture\/"]}]},{"@type":"BreadcrumbList","@id":"https:\/\/www.eren.ch\/neuchatel\/culture\/#breadcrumb","itemListElement":[{"@type":"ListItem","position":1,"name":"Accueil","item":"https:\/\/www.eren.ch\/neuchatel\/"},{"@type":"ListItem","position":2,"name":"Culture"}]},{"@type":"WebSite","@id":"https:\/\/www.eren.ch\/neuchatel\/#website","url":"https:\/\/www.eren.ch\/neuchatel\/","name":"Paroisse de Neuchâtel","description":"La présence protestante reconnue en ville de Neuchâtel","publisher":{"@id":"https:\/\/www.eren.ch\/neuchatel\/#organization"},"potentialAction":[{"@type":"SearchAction","target":{"@type":"EntryPoint","urlTemplate":"https:\/\/www.eren.ch\/neuchatel\/?s={search_term_string}"},"query-input":{"@type":"PropertyValueSpecification","valueRequired":true,"valueName":"search_term_string"}}],"inLanguage":"fr-FR"},{"@type":"Organization","@id":"https:\/\/www.eren.ch\/neuchatel\/#organization","name":"Paroisse de Neuchâtel","url":"https:\/\/www.eren.ch\/neuchatel\/","logo":{"@type":"ImageObject","inLanguage":"fr-FR","@id":"https:\/\/www.eren.ch\/neuchatel\/#\/schema\/logo\/image\/","url":"https:\/\/www.eren.ch\/neuchatel\/wp-content\/uploads\/sites\/3\/2020\/12\/logo-neuchatel.png","contentUrl":"https:\/\/www.eren.ch\/neuchatel\/wp-content\/uploads\/sites\/3\/2020\/12\/logo-neuchatel.png","width":240,"height":117,"caption":"Paroisse de Neuchâtel"},"image":{"@id":"https:\/\/www.eren.ch\/neuchatel\/#\/schema\/logo\/image\/"},"sameAs":["https:\/\/www.facebook.com\/eglise.EREN","https:\/\/x.com\/egliseeren","https:\/\/fr.wikipedia.org\/wiki\/glise_rforme_vanglique_du_canton_de_Neuchtel"]}]}</script>
<!-- / Yoast SEO Premium plugin. -->

Culture - Paroisse de Neuchâtel

Paroisse de Neuchâtel

La présence protestante reconnue en ville de Neuchâtel
