{"id":2611,"date":"2025-04-04T10:56:38","date_gmt":"2025-04-04T08:56:38","guid":{"rendered":"https:\/\/www.eren.ch\/vdr\/?page_id=2611"},"modified":"2026-01-13T12:23:16","modified_gmt":"2026-01-13T11:23:16","slug":"celebrer-autrement","status":"publish","type":"page","link":"https:\/\/www.eren.ch\/vdr\/celebrations\/celebrer-autrement\/","title":{"rendered":"C\u00e9l\u00e9brer autrement"},"content":{"rendered":"\n<figure class=\"wp-block-image size-large\"><img loading=\"lazy\" decoding=\"async\" width=\"683\" height=\"1024\" src=\"https:\/\/www.eren.ch\/vdr\/wp-content\/uploads\/sites\/7\/2026\/01\/Culte-Autrement-musique-683x1024.jpg\" alt=\"\" class=\"wp-image-2973\" srcset=\"https:\/\/www.eren.ch\/vdr\/wp-content\/uploads\/sites\/7\/2026\/01\/Culte-Autrement-musique-683x1024.jpg 683w, https:\/\/www.eren.ch\/vdr\/wp-content\/uploads\/sites\/7\/2026\/01\/Culte-Autrement-musique-200x300.jpg 200w, https:\/\/www.eren.ch\/vdr\/wp-content\/uploads\/sites\/7\/2026\/01\/Culte-Autrement-musique.jpg 696w\" sizes=\"auto, (max-width: 683px) 85vw, 683px\" \/><\/figure>\n\n\n\n<h2 class=\"wp-block-heading\" id=\"h-celebration-de-fevrier-2025\">C\u00e9l\u00e9bration de f\u00e9vrier 2025<\/h2>\n\n\n\n<figure class=\"wp-block-gallery has-nested-images columns-3 is-cropped wp-block-gallery-1 is-layout-flex wp-block-gallery-is-layout-flex\">\n<figure class=\"wp-block-image size-large\"><img loading=\"lazy\" decoding=\"async\" width=\"972\" height=\"1024\" data-id=\"2527\" src=\"https:\/\/www.eren.ch\/vdr\/wp-content\/uploads\/sites\/7\/2025\/01\/Chapeau-3-972x1024.jpg\" alt=\"\" class=\"wp-image-2527\" style=\"aspect-ratio:1\" srcset=\"https:\/\/www.eren.ch\/vdr\/wp-content\/uploads\/sites\/7\/2025\/01\/Chapeau-3-972x1024.jpg 972w, https:\/\/www.eren.ch\/vdr\/wp-content\/uploads\/sites\/7\/2025\/01\/Chapeau-3-285x300.jpg 285w, https:\/\/www.eren.ch\/vdr\/wp-content\/uploads\/sites\/7\/2025\/01\/Chapeau-3-768x809.jpg 768w, https:\/\/www.eren.ch\/vdr\/wp-content\/uploads\/sites\/7\/2025\/01\/Chapeau-3-1200x1264.jpg 1200w, https:\/\/www.eren.ch\/vdr\/wp-content\/uploads\/sites\/7\/2025\/01\/Chapeau-3.jpg 1256w\" sizes=\"auto, (max-width: 709px) 85vw, (max-width: 909px) 67vw, (max-width: 1362px) 62vw, 840px\" \/><\/figure>\n\n\n\n<figure class=\"wp-block-image size-large\"><img loading=\"lazy\" decoding=\"async\" width=\"1005\" height=\"1024\" data-id=\"2529\" src=\"https:\/\/www.eren.ch\/vdr\/wp-content\/uploads\/sites\/7\/2025\/01\/Chapeau-5-1005x1024.jpg\" alt=\"\" class=\"wp-image-2529\" style=\"aspect-ratio:1\" srcset=\"https:\/\/www.eren.ch\/vdr\/wp-content\/uploads\/sites\/7\/2025\/01\/Chapeau-5-1005x1024.jpg 1005w, https:\/\/www.eren.ch\/vdr\/wp-content\/uploads\/sites\/7\/2025\/01\/Chapeau-5-294x300.jpg 294w, https:\/\/www.eren.ch\/vdr\/wp-content\/uploads\/sites\/7\/2025\/01\/Chapeau-5-768x783.jpg 768w, https:\/\/www.eren.ch\/vdr\/wp-content\/uploads\/sites\/7\/2025\/01\/Chapeau-5-1200x1223.jpg 1200w, https:\/\/www.eren.ch\/vdr\/wp-content\/uploads\/sites\/7\/2025\/01\/Chapeau-5.jpg 1261w\" sizes=\"auto, (max-width: 709px) 85vw, (max-width: 909px) 67vw, (max-width: 1362px) 62vw, 840px\" \/><\/figure>\n\n\n\n<figure class=\"wp-block-image size-large\"><img loading=\"lazy\" decoding=\"async\" width=\"1024\" height=\"768\" data-id=\"2526\" src=\"https:\/\/www.eren.ch\/vdr\/wp-content\/uploads\/sites\/7\/2025\/01\/Chapeau-10-1024x768.jpg\" alt=\"\" class=\"wp-image-2526\" style=\"aspect-ratio:1\" srcset=\"https:\/\/www.eren.ch\/vdr\/wp-content\/uploads\/sites\/7\/2025\/01\/Chapeau-10-1024x768.jpg 1024w, https:\/\/www.eren.ch\/vdr\/wp-content\/uploads\/sites\/7\/2025\/01\/Chapeau-10-300x225.jpg 300w, https:\/\/www.eren.ch\/vdr\/wp-content\/uploads\/sites\/7\/2025\/01\/Chapeau-10-768x576.jpg 768w, https:\/\/www.eren.ch\/vdr\/wp-content\/uploads\/sites\/7\/2025\/01\/Chapeau-10-1536x1152.jpg 1536w, https:\/\/www.eren.ch\/vdr\/wp-content\/uploads\/sites\/7\/2025\/01\/Chapeau-10-1200x900.jpg 1200w, https:\/\/www.eren.ch\/vdr\/wp-content\/uploads\/sites\/7\/2025\/01\/Chapeau-10.jpg 1600w\" sizes=\"auto, (max-width: 709px) 85vw, (max-width: 909px) 67vw, (max-width: 1362px) 62vw, 840px\" \/><\/figure>\n\n\n\n<figure class=\"wp-block-image size-large\"><img loading=\"lazy\" decoding=\"async\" width=\"768\" height=\"1024\" data-id=\"2522\" src=\"https:\/\/www.eren.ch\/vdr\/wp-content\/uploads\/sites\/7\/2025\/01\/Chapeau-6-768x1024.jpg\" alt=\"\" class=\"wp-image-2522\" style=\"aspect-ratio:1\" srcset=\"https:\/\/www.eren.ch\/vdr\/wp-content\/uploads\/sites\/7\/2025\/01\/Chapeau-6-768x1024.jpg 768w, https:\/\/www.eren.ch\/vdr\/wp-content\/uploads\/sites\/7\/2025\/01\/Chapeau-6-225x300.jpg 225w, https:\/\/www.eren.ch\/vdr\/wp-content\/uploads\/sites\/7\/2025\/01\/Chapeau-6-1152x1536.jpg 1152w, https:\/\/www.eren.ch\/vdr\/wp-content\/uploads\/sites\/7\/2025\/01\/Chapeau-6.jpg 1200w\" sizes=\"auto, (max-width: 768px) 85vw, 768px\" \/><\/figure>\n\n\n\n<figure class=\"wp-block-image size-large\"><img loading=\"lazy\" decoding=\"async\" width=\"1024\" height=\"600\" data-id=\"2525\" src=\"https:\/\/www.eren.ch\/vdr\/wp-content\/uploads\/sites\/7\/2025\/01\/Chapeau-9-1024x600.jpg\" alt=\"\" class=\"wp-image-2525\" style=\"aspect-ratio:1\" srcset=\"https:\/\/www.eren.ch\/vdr\/wp-content\/uploads\/sites\/7\/2025\/01\/Chapeau-9-1024x600.jpg 1024w, https:\/\/www.eren.ch\/vdr\/wp-content\/uploads\/sites\/7\/2025\/01\/Chapeau-9-300x176.jpg 300w, https:\/\/www.eren.ch\/vdr\/wp-content\/uploads\/sites\/7\/2025\/01\/Chapeau-9-768x450.jpg 768w, https:\/\/www.eren.ch\/vdr\/wp-content\/uploads\/sites\/7\/2025\/01\/Chapeau-9-1536x901.jpg 1536w, https:\/\/www.eren.ch\/vdr\/wp-content\/uploads\/sites\/7\/2025\/01\/Chapeau-9-1200x704.jpg 1200w, https:\/\/www.eren.ch\/vdr\/wp-content\/uploads\/sites\/7\/2025\/01\/Chapeau-9.jpg 1692w\" sizes=\"auto, (max-width: 709px) 85vw, (max-width: 909px) 67vw, (max-width: 1362px) 62vw, 840px\" \/><\/figure>\n\n\n\n<figure class=\"wp-block-image size-large\"><img loading=\"lazy\" decoding=\"async\" width=\"1024\" height=\"798\" data-id=\"2528\" src=\"https:\/\/www.eren.ch\/vdr\/wp-content\/uploads\/sites\/7\/2025\/01\/Chapeau-4-1024x798.jpg\" alt=\"\" class=\"wp-image-2528\" style=\"aspect-ratio:1\" srcset=\"https:\/\/www.eren.ch\/vdr\/wp-content\/uploads\/sites\/7\/2025\/01\/Chapeau-4-1024x798.jpg 1024w, https:\/\/www.eren.ch\/vdr\/wp-content\/uploads\/sites\/7\/2025\/01\/Chapeau-4-300x234.jpg 300w, https:\/\/www.eren.ch\/vdr\/wp-content\/uploads\/sites\/7\/2025\/01\/Chapeau-4-768x599.jpg 768w, https:\/\/www.eren.ch\/vdr\/wp-content\/uploads\/sites\/7\/2025\/01\/Chapeau-4-1536x1198.jpg 1536w, https:\/\/www.eren.ch\/vdr\/wp-content\/uploads\/sites\/7\/2025\/01\/Chapeau-4-1200x936.jpg 1200w, https:\/\/www.eren.ch\/vdr\/wp-content\/uploads\/sites\/7\/2025\/01\/Chapeau-4.jpg 1662w\" sizes=\"auto, (max-width: 709px) 85vw, (max-width: 909px) 67vw, (max-width: 1362px) 62vw, 840px\" \/><\/figure>\n<\/figure>\n\n\n\n<p><\/p>\n\n\n\n<p><\/p>\n","protected":false},"excerpt":{"rendered":"<p>C\u00e9l\u00e9bration de f\u00e9vrier 2025<\/p>\n","protected":false},"author":39,"featured_media":0,"parent":243,"menu_order":0,"comment_status":"closed","ping_status":"closed","template":"","meta":{"footnotes":""},"class_list":["post-2611","page","type-page","status-publish","hentry"],"yoast_head":"<!-- This site is optimized with the Yoast SEO Premium plugin v27.3 (Yoast SEO v27.3) - https:\/\/yoast.com\/product\/yoast-seo-premium-wordpress\/ -->\n<title>C\u00e9l\u00e9brer autrement - Paroisse Val-de-Ruz<\/title>\n<meta name=\"description\" content=\"C\u00e9l\u00e9bration de f\u00e9vrier 2025\" \/>\n<meta name=\"robots\" content=\"index, follow, max-snippet:-1, max-image-preview:large, max-video-preview:-1\" \/>\n<link rel=\"canonical\" href=\"https:\/\/www.eren.ch\/vdr\/celebrations\/celebrer-autrement\/\" \/>\n<meta property=\"og:locale\" content=\"fr_FR\" \/>\n<meta property=\"og:type\" content=\"article\" \/>\n<meta property=\"og:title\" content=\"C\u00e9l\u00e9brer autrement\" \/>\n<meta property=\"og:description\" content=\"C\u00e9l\u00e9bration de f\u00e9vrier 2025\" \/>\n<meta property=\"og:url\" content=\"https:\/\/www.eren.ch\/vdr\/celebrations\/celebrer-autrement\/\" \/>\n<meta property=\"og:site_name\" content=\"Paroisse Val-de-Ruz\" \/>\n<meta property=\"article:publisher\" content=\"https:\/\/www.facebook.com\/eglise.EREN\/\" \/>\n<meta property=\"article:modified_time\" content=\"2026-01-13T11:23:16+00:00\" \/>\n<meta property=\"og:image\" content=\"https:\/\/www.eren.ch\/vdr\/wp-content\/uploads\/sites\/7\/2026\/01\/Culte-Autrement-musique.jpg\" \/>\n\t<meta property=\"og:image:width\" content=\"696\" \/>\n\t<meta property=\"og:image:height\" content=\"1044\" \/>\n\t<meta property=\"og:image:type\" content=\"image\/jpeg\" \/>\n<meta name=\"twitter:card\" content=\"summary_large_image\" \/>\n<meta name=\"twitter:site\" content=\"@EgliseEREN\" \/>\n<meta name=\"twitter:label1\" content=\"Dur\u00e9e de lecture estim\u00e9e\" \/>\n\t<meta name=\"twitter:data1\" content=\"2 minutes\" \/>\n<script type=\"application\/ld+json\" class=\"yoast-schema-graph\">{\"@context\":\"https:\\\/\\\/schema.org\",\"@graph\":[{\"@type\":\"WebPage\",\"@id\":\"https:\\\/\\\/www.eren.ch\\\/vdr\\\/celebrations\\\/celebrer-autrement\\\/\",\"url\":\"https:\\\/\\\/www.eren.ch\\\/vdr\\\/celebrations\\\/celebrer-autrement\\\/\",\"name\":\"C\u00e9l\u00e9brer autrement - Paroisse Val-de-Ruz\",\"isPartOf\":{\"@id\":\"https:\\\/\\\/www.eren.ch\\\/vdr\\\/#website\"},\"primaryImageOfPage\":{\"@id\":\"https:\\\/\\\/www.eren.ch\\\/vdr\\\/celebrations\\\/celebrer-autrement\\\/#primaryimage\"},\"image\":{\"@id\":\"https:\\\/\\\/www.eren.ch\\\/vdr\\\/celebrations\\\/celebrer-autrement\\\/#primaryimage\"},\"thumbnailUrl\":\"https:\\\/\\\/www.eren.ch\\\/vdr\\\/wp-content\\\/uploads\\\/sites\\\/7\\\/2026\\\/01\\\/Culte-Autrement-musique-683x1024.jpg\",\"datePublished\":\"2025-04-04T08:56:38+00:00\",\"dateModified\":\"2026-01-13T11:23:16+00:00\",\"description\":\"C\u00e9l\u00e9bration de f\u00e9vrier 2025\",\"breadcrumb\":{\"@id\":\"https:\\\/\\\/www.eren.ch\\\/vdr\\\/celebrations\\\/celebrer-autrement\\\/#breadcrumb\"},\"inLanguage\":\"fr-FR\",\"potentialAction\":[{\"@type\":\"ReadAction\",\"target\":[\"https:\\\/\\\/www.eren.ch\\\/vdr\\\/celebrations\\\/celebrer-autrement\\\/\"]}]},{\"@type\":\"ImageObject\",\"inLanguage\":\"fr-FR\",\"@id\":\"https:\\\/\\\/www.eren.ch\\\/vdr\\\/celebrations\\\/celebrer-autrement\\\/#primaryimage\",\"url\":\"https:\\\/\\\/www.eren.ch\\\/vdr\\\/wp-content\\\/uploads\\\/sites\\\/7\\\/2026\\\/01\\\/Culte-Autrement-musique.jpg\",\"contentUrl\":\"https:\\\/\\\/www.eren.ch\\\/vdr\\\/wp-content\\\/uploads\\\/sites\\\/7\\\/2026\\\/01\\\/Culte-Autrement-musique.jpg\",\"width\":696,\"height\":1044},{\"@type\":\"BreadcrumbList\",\"@id\":\"https:\\\/\\\/www.eren.ch\\\/vdr\\\/celebrations\\\/celebrer-autrement\\\/#breadcrumb\",\"itemListElement\":[{\"@type\":\"ListItem\",\"position\":1,\"name\":\"Accueil\",\"item\":\"https:\\\/\\\/www.eren.ch\\\/vdr\\\/\"},{\"@type\":\"ListItem\",\"position\":2,\"name\":\"C\u00e9l\u00e9brations\",\"item\":\"https:\\\/\\\/www.eren.ch\\\/vdr\\\/celebrations\\\/\"},{\"@type\":\"ListItem\",\"position\":3,\"name\":\"C\u00e9l\u00e9brer autrement\"}]},{\"@type\":\"WebSite\",\"@id\":\"https:\\\/\\\/www.eren.ch\\\/vdr\\\/#website\",\"url\":\"https:\\\/\\\/www.eren.ch\\\/vdr\\\/\",\"name\":\"Paroisse Val-de-Ruz\",\"description\":\"La pr\u00e9sence protestante reconnue\",\"publisher\":{\"@id\":\"https:\\\/\\\/www.eren.ch\\\/vdr\\\/#organization\"},\"potentialAction\":[{\"@type\":\"SearchAction\",\"target\":{\"@type\":\"EntryPoint\",\"urlTemplate\":\"https:\\\/\\\/www.eren.ch\\\/vdr\\\/?s={search_term_string}\"},\"query-input\":{\"@type\":\"PropertyValueSpecification\",\"valueRequired\":true,\"valueName\":\"search_term_string\"}}],\"inLanguage\":\"fr-FR\"},{\"@type\":\"Organization\",\"@id\":\"https:\\\/\\\/www.eren.ch\\\/vdr\\\/#organization\",\"name\":\"Paroisse Val-de-Ruz\",\"url\":\"https:\\\/\\\/www.eren.ch\\\/vdr\\\/\",\"logo\":{\"@type\":\"ImageObject\",\"inLanguage\":\"fr-FR\",\"@id\":\"https:\\\/\\\/www.eren.ch\\\/vdr\\\/#\\\/schema\\\/logo\\\/image\\\/\",\"url\":\"https:\\\/\\\/www.eren.ch\\\/vdr\\\/wp-content\\\/uploads\\\/sites\\\/7\\\/2020\\\/12\\\/logo-vdr.png\",\"contentUrl\":\"https:\\\/\\\/www.eren.ch\\\/vdr\\\/wp-content\\\/uploads\\\/sites\\\/7\\\/2020\\\/12\\\/logo-vdr.png\",\"width\":240,\"height\":117,\"caption\":\"Paroisse Val-de-Ruz\"},\"image\":{\"@id\":\"https:\\\/\\\/www.eren.ch\\\/vdr\\\/#\\\/schema\\\/logo\\\/image\\\/\"},\"sameAs\":[\"https:\\\/\\\/www.facebook.com\\\/eglise.EREN\\\/\",\"https:\\\/\\\/x.com\\\/EgliseEREN\",\"https:\\\/\\\/fr.wikipedia.org\\\/wiki\\\/glise_rforme_vanglique_du_canton_de_Neuchtel\"]}]}<\/script>\n<!-- \/ Yoast SEO Premium plugin. -->","yoast_head_json":{"title":"C\u00e9l\u00e9brer autrement - Paroisse Val-de-Ruz","description":"C\u00e9l\u00e9bration de f\u00e9vrier 2025","robots":{"index":"index","follow":"follow","max-snippet":"max-snippet:-1","max-image-preview":"max-image-preview:large","max-video-preview":"max-video-preview:-1"},"canonical":"https:\/\/www.eren.ch\/vdr\/celebrations\/celebrer-autrement\/","og_locale":"fr_FR","og_type":"article","og_title":"C\u00e9l\u00e9brer autrement","og_description":"C\u00e9l\u00e9bration de f\u00e9vrier 2025","og_url":"https:\/\/www.eren.ch\/vdr\/celebrations\/celebrer-autrement\/","og_site_name":"Paroisse Val-de-Ruz","article_publisher":"https:\/\/www.facebook.com\/eglise.EREN\/","article_modified_time":"2026-01-13T11:23:16+00:00","og_image":[{"width":696,"height":1044,"url":"https:\/\/www.eren.ch\/vdr\/wp-content\/uploads\/sites\/7\/2026\/01\/Culte-Autrement-musique.jpg","type":"image\/jpeg"}],"twitter_card":"summary_large_image","twitter_site":"@EgliseEREN","twitter_misc":{"Dur\u00e9e de lecture estim\u00e9e":"2 minutes"},"schema":{"@context":"https:\/\/schema.org","@graph":[{"@type":"WebPage","@id":"https:\/\/www.eren.ch\/vdr\/celebrations\/celebrer-autrement\/","url":"https:\/\/www.eren.ch\/vdr\/celebrations\/celebrer-autrement\/","name":"C\u00e9l\u00e9brer autrement - Paroisse Val-de-Ruz","isPartOf":{"@id":"https:\/\/www.eren.ch\/vdr\/#website"},"primaryImageOfPage":{"@id":"https:\/\/www.eren.ch\/vdr\/celebrations\/celebrer-autrement\/#primaryimage"},"image":{"@id":"https:\/\/www.eren.ch\/vdr\/celebrations\/celebrer-autrement\/#primaryimage"},"thumbnailUrl":"https:\/\/www.eren.ch\/vdr\/wp-content\/uploads\/sites\/7\/2026\/01\/Culte-Autrement-musique-683x1024.jpg","datePublished":"2025-04-04T08:56:38+00:00","dateModified":"2026-01-13T11:23:16+00:00","description":"C\u00e9l\u00e9bration de f\u00e9vrier 2025","breadcrumb":{"@id":"https:\/\/www.eren.ch\/vdr\/celebrations\/celebrer-autrement\/#breadcrumb"},"inLanguage":"fr-FR","potentialAction":[{"@type":"ReadAction","target":["https:\/\/www.eren.ch\/vdr\/celebrations\/celebrer-autrement\/"]}]},{"@type":"ImageObject","inLanguage":"fr-FR","@id":"https:\/\/www.eren.ch\/vdr\/celebrations\/celebrer-autrement\/#primaryimage","url":"https:\/\/www.eren.ch\/vdr\/wp-content\/uploads\/sites\/7\/2026\/01\/Culte-Autrement-musique.jpg","contentUrl":"https:\/\/www.eren.ch\/vdr\/wp-content\/uploads\/sites\/7\/2026\/01\/Culte-Autrement-musique.jpg","width":696,"height":1044},{"@type":"BreadcrumbList","@id":"https:\/\/www.eren.ch\/vdr\/celebrations\/celebrer-autrement\/#breadcrumb","itemListElement":[{"@type":"ListItem","position":1,"name":"Accueil","item":"https:\/\/www.eren.ch\/vdr\/"},{"@type":"ListItem","position":2,"name":"C\u00e9l\u00e9brations","item":"https:\/\/www.eren.ch\/vdr\/celebrations\/"},{"@type":"ListItem","position":3,"name":"C\u00e9l\u00e9brer autrement"}]},{"@type":"WebSite","@id":"https:\/\/www.eren.ch\/vdr\/#website","url":"https:\/\/www.eren.ch\/vdr\/","name":"Paroisse Val-de-Ruz","description":"La pr\u00e9sence protestante reconnue","publisher":{"@id":"https:\/\/www.eren.ch\/vdr\/#organization"},"potentialAction":[{"@type":"SearchAction","target":{"@type":"EntryPoint","urlTemplate":"https:\/\/www.eren.ch\/vdr\/?s={search_term_string}"},"query-input":{"@type":"PropertyValueSpecification","valueRequired":true,"valueName":"search_term_string"}}],"inLanguage":"fr-FR"},{"@type":"Organization","@id":"https:\/\/www.eren.ch\/vdr\/#organization","name":"Paroisse Val-de-Ruz","url":"https:\/\/www.eren.ch\/vdr\/","logo":{"@type":"ImageObject","inLanguage":"fr-FR","@id":"https:\/\/www.eren.ch\/vdr\/#\/schema\/logo\/image\/","url":"https:\/\/www.eren.ch\/vdr\/wp-content\/uploads\/sites\/7\/2020\/12\/logo-vdr.png","contentUrl":"https:\/\/www.eren.ch\/vdr\/wp-content\/uploads\/sites\/7\/2020\/12\/logo-vdr.png","width":240,"height":117,"caption":"Paroisse Val-de-Ruz"},"image":{"@id":"https:\/\/www.eren.ch\/vdr\/#\/schema\/logo\/image\/"},"sameAs":["https:\/\/www.facebook.com\/eglise.EREN\/","https:\/\/x.com\/EgliseEREN","https:\/\/fr.wikipedia.org\/wiki\/glise_rforme_vanglique_du_canton_de_Neuchtel"]}]}},"_links":{"self":[{"href":"https:\/\/www.eren.ch\/vdr\/wp-json\/wp\/v2\/pages\/2611","targetHints":{"allow":["GET"]}}],"collection":[{"href":"https:\/\/www.eren.ch\/vdr\/wp-json\/wp\/v2\/pages"}],"about":[{"href":"https:\/\/www.eren.ch\/vdr\/wp-json\/wp\/v2\/types\/page"}],"author":[{"embeddable":true,"href":"https:\/\/www.eren.ch\/vdr\/wp-json\/wp\/v2\/users\/39"}],"replies":[{"embeddable":true,"href":"https:\/\/www.eren.ch\/vdr\/wp-json\/wp\/v2\/comments?post=2611"}],"version-history":[{"count":9,"href":"https:\/\/www.eren.ch\/vdr\/wp-json\/wp\/v2\/pages\/2611\/revisions"}],"predecessor-version":[{"id":2980,"href":"https:\/\/www.eren.ch\/vdr\/wp-json\/wp\/v2\/pages\/2611\/revisions\/2980"}],"up":[{"embeddable":true,"href":"https:\/\/www.eren.ch\/vdr\/wp-json\/wp\/v2\/pages\/243"}],"wp:attachment":[{"href":"https:\/\/www.eren.ch\/vdr\/wp-json\/wp\/v2\/media?parent=2611"}],"curies":[{"name":"wp","href":"https:\/\/api.w.org\/{rel}","templated":true}]}}